{"id":340,"date":"2023-11-22T15:16:11","date_gmt":"2023-11-22T14:16:11","guid":{"rendered":"https:\/\/wp.unil.ch\/pep\/?page_id=340"},"modified":"2023-11-22T15:16:12","modified_gmt":"2023-11-22T14:16:12","slug":"language-dominance","status":"publish","type":"page","link":"https:\/\/wp.unil.ch\/pep\/home\/resources\/guide-on-language-interference-for-multilingual-university-students\/language-dominance\/","title":{"rendered":"Language dominance"},"content":{"rendered":"\n<p>In sociolinguistics, interference is investigated in terms of language dominance and as part of language contact (Nelde, 1995). The dominant language can be either the mother tongue or any other foreign language often learned poorly (Odlin, 1997).<\/p>\n\n\n\n<p>Kroll (2008) considers interference to be the result of foreign language immersion (Kroll et al, 2018). The explanation can be psychological, the language we are exposed to is perceived as the most important (Hoffmann, 2001, p. 4) so we subconsciously rely on it when learning or using the target language.<\/p>\n\n\n\n<p><strong>What can you do about it?<\/strong><\/p>\n\n\n\n<p><strong>How to immerse in a foreign language<\/strong>:<\/p>\n\n\n\n<ul class=\"wp-block-list\">\n<li><em><a href=\"https:\/\/www.babbel.com\/en\/magazine\/ways-to-immerse-yourself-in-a-language\">23 Ways to Immerse Yourself In a Language Without Going Anywhere<\/a><\/em><\/li>\n\n\n\n<li><em><a href=\"https:\/\/www.goabroad.com\/articles\/language-study-abroad\/tips-for-language-immersion-at-home\">9 Tips for Language Immersion at Home<\/a><\/em><\/li>\n\n\n\n<li><em><a href=\"https:\/\/www.magneticmemorymethod.com\/how-to-immerse-yourself-in-a-language\/\">How to Immerse Yourself in a Language (Even at Home)<\/a><\/em><\/li>\n\n\n\n<li><em><a href=\"https:\/\/www.memrise.com\/blog\/immersion-language-learning-the-best-way-to-learn-a-new-language-top-5-language-immersion-tips\">Immersion language learning: The best way to learn a new language<\/a><\/em><\/li>\n\n\n\n<li><em><a href=\"https:\/\/www.linguasorb.com\/blog\/language-immersion\">52 Effective Language Immersion Hacks (You Can Do at Home)<\/a><\/em><\/li>\n<\/ul>\n\n\n\n<p><strong>Tandem learning:<\/strong><\/p>\n\n\n\n<ul class=\"wp-block-list\">\n<li><em><a href=\"https:\/\/www.unil.ch\/tandem\/fr\/home.html\">Facult\u00e9 des lettres. Programme Tandem &#8211; Pratiquer une langue \u00e9trang\u00e8re en interaction<\/a><\/em><\/li>\n\n\n\n<li><em><a href=\"https:\/\/www.frs.uni-freiburg.de\/en\/iga-en\/beratung-en\/infoblatt-sprachtandem-english\">Advice and Tips on Organizing a Tandem Partnership<\/a><\/em><\/li>\n<\/ul>\n\n\n\n<p><strong>References for further reading<\/strong><em>:<\/em><\/p>\n\n\n\n<ol class=\"wp-block-list\">\n<li>Hoffmann, Ch. (2001). Towards a description of trilingual competence. <em>International Journal of Bilingualism<\/em>. 5. 10.1177\/13670069010050010101.<\/li>\n\n\n\n<li>Kroll, J.F., Bobb, S.C., Misra, M., Guo, T. (2008). Language selection in bilingual speech: evidence for inhibitory processes. <em>Acta Psychol<\/em> (Amst), 416-30. doi: 10.1016\/j.actpsy.2008.02.001. Epub 2008 Mar 20. PMID: 18358449; PMCID: PMC2585366.<\/li>\n\n\n\n<li>Kroll, J., Dussias, P., Bajo, M. (2018). Language use across international contexts: shaping the minds of L2 speakers. <em>Annual Review of Applied Linguistics<\/em>, 38, 60-79. doi:10.1017\/S0267190518000119.<\/li>\n\n\n\n<li>Nelde, P. H. (1995). Language contact. <em>Annual Review of Applied Linguistics<\/em>, 15, 81-90.<\/li>\n\n\n\n<li>Odlin T. (1997). Bilingualism and substrate influence: A look at clefts and reflexives. In J. Kallen (Ed.), <em>Focus on Ireland<\/em> (pp. 35\u2013 50). Amsterdam: John Benjamins.<\/li>\n<\/ol>\n\n\n\n<hr class=\"wp-block-separator has-alpha-channel-opacity\" \/>\n\n\n\n<p><a id=\"_msocom_1\"><\/a><\/p>\n\n\n\n<p><\/p>\n","protected":false},"excerpt":{"rendered":"<p>In sociolinguistics, interference is investigated in terms of language dominance and as part of language contact (Nelde, 1995). The dominant language can be either the mother tongue or any other &hellip; <\/p>\n","protected":false},"author":1001230,"featured_media":0,"parent":320,"menu_order":5,"comment_status":"closed","ping_status":"closed","template":"","meta":{"_seopress_robots_primary_cat":"","_seopress_titles_title":"","_seopress_titles_desc":"","_seopress_robots_index":"","footnotes":""},"class_list":["post-340","page","type-page","status-publish"],"_links":{"self":[{"href":"https:\/\/wp.unil.ch\/pep\/wp-json\/wp\/v2\/pages\/340","targetHints":{"allow":["GET"]}}],"collection":[{"href":"https:\/\/wp.unil.ch\/pep\/wp-json\/wp\/v2\/pages"}],"about":[{"href":"https:\/\/wp.unil.ch\/pep\/wp-json\/wp\/v2\/types\/page"}],"author":[{"embeddable":true,"href":"https:\/\/wp.unil.ch\/pep\/wp-json\/wp\/v2\/users\/1001230"}],"replies":[{"embeddable":true,"href":"https:\/\/wp.unil.ch\/pep\/wp-json\/wp\/v2\/comments?post=340"}],"version-history":[{"count":1,"href":"https:\/\/wp.unil.ch\/pep\/wp-json\/wp\/v2\/pages\/340\/revisions"}],"predecessor-version":[{"id":341,"href":"https:\/\/wp.unil.ch\/pep\/wp-json\/wp\/v2\/pages\/340\/revisions\/341"}],"up":[{"embeddable":true,"href":"https:\/\/wp.unil.ch\/pep\/wp-json\/wp\/v2\/pages\/320"}],"wp:attachment":[{"href":"https:\/\/wp.unil.ch\/pep\/wp-json\/wp\/v2\/media?parent=340"}],"curies":[{"name":"wp","href":"https:\/\/api.w.org\/{rel}","templated":true}]}}