{"id":348,"date":"2019-02-26T13:48:19","date_gmt":"2019-02-26T12:48:19","guid":{"rendered":"http:\/\/wp.unil.ch\/party\/?page_id=348"},"modified":"2025-06-06T15:16:06","modified_gmt":"2025-06-06T13:16:06","slug":"prix-de-la-meilleure-presentation","status":"publish","type":"page","link":"https:\/\/wp.unil.ch\/party\/prix-de-la-meilleure-presentation\/?lang=fr","title":{"rendered":"Prix de la meilleure pr\u00e9sentation"},"content":{"rendered":"<p>Les meilleures pr\u00e9sentations ont \u00e9t\u00e9 s\u00e9lectionn\u00e9es par les comit\u00e9s d\u2019organisation et scientifique. F\u00e9licitations aux deux pr\u00e9sentateurs pour leurs performances.<\/p>\n<p><strong>Meilleure pr\u00e9sentation en assurance-vie\/retraite: <\/strong>Veronica Merlone, University of Turin &amp; Collegio Carlo Alberto<\/p>\n<p><strong>Meilleure pr\u00e9sentation en assurance non-vie:<\/strong> Manuel Hasenbichler, Graz University of Technology.<\/p>\n\n\n<p><\/p>\n","protected":false},"excerpt":{"rendered":"<p>Les meilleures pr\u00e9sentations ont \u00e9t\u00e9 s\u00e9lectionn\u00e9es par les comit\u00e9s d\u2019organisation et scientifique. F\u00e9licitations aux deux pr\u00e9sentateurs pour leurs performances. Meilleure pr\u00e9sentation en assurance-vie\/retraite: Veronica Merlone, University of Turin &amp; Collegio Carlo Alberto Meilleure pr\u00e9sentation en assurance non-vie: Manuel Hasenbichler, Graz University of Technology.<\/p>\n","protected":false},"author":864,"featured_media":0,"parent":0,"menu_order":0,"comment_status":"closed","ping_status":"closed","template":"","meta":{"_seopress_robots_primary_cat":"","_seopress_titles_title":"","_seopress_titles_desc":"","_seopress_robots_index":"","footnotes":""},"class_list":["post-348","page","type-page","status-publish"],"_links":{"self":[{"href":"https:\/\/wp.unil.ch\/party\/wp-json\/wp\/v2\/pages\/348","targetHints":{"allow":["GET"]}}],"collection":[{"href":"https:\/\/wp.unil.ch\/party\/wp-json\/wp\/v2\/pages"}],"about":[{"href":"https:\/\/wp.unil.ch\/party\/wp-json\/wp\/v2\/types\/page"}],"author":[{"embeddable":true,"href":"https:\/\/wp.unil.ch\/party\/wp-json\/wp\/v2\/users\/864"}],"replies":[{"embeddable":true,"href":"https:\/\/wp.unil.ch\/party\/wp-json\/wp\/v2\/comments?post=348"}],"version-history":[{"count":2,"href":"https:\/\/wp.unil.ch\/party\/wp-json\/wp\/v2\/pages\/348\/revisions"}],"predecessor-version":[{"id":1124,"href":"https:\/\/wp.unil.ch\/party\/wp-json\/wp\/v2\/pages\/348\/revisions\/1124"}],"wp:attachment":[{"href":"https:\/\/wp.unil.ch\/party\/wp-json\/wp\/v2\/media?parent=348"}],"curies":[{"name":"wp","href":"https:\/\/api.w.org\/{rel}","templated":true}]}}