{"id":162,"date":"2018-08-22T09:31:38","date_gmt":"2018-08-22T07:31:38","guid":{"rendered":"http:\/\/wp.unil.ch\/party\/?page_id=162"},"modified":"2025-03-19T15:10:36","modified_gmt":"2025-03-19T14:10:36","slug":"intervenants","status":"publish","type":"page","link":"https:\/\/wp.unil.ch\/party\/intervenants\/?lang=fr","title":{"rendered":"Intervenants"},"content":{"rendered":"<p><strong>Andr\u00e9s Villegas<\/strong> est professeur associ\u00e9 \u00e0 l&#8217;\u00c9cole des risques et des \u00e9tudes actuarielles de l&#8217;UNSW Sydney. (<span style=\"color: #3366ff\"><a style=\"color: #3366ff\" href=\"https:\/\/wp.unil.ch\/party\/biography\/\">Biographie en anglais<\/a><\/span>)<\/p>\n<p><strong>Chris Green<\/strong> -. (<span style=\"color: #3366ff\"><a style=\"color: #3366ff\" href=\"https:\/\/wp.unil.ch\/party\/biography\/\">Biographie en anglais<\/a><\/span>)<\/p>\n<p><strong>Elena Vigna <\/strong>est professeur titulaire de m\u00e9thodes math\u00e9matiques pour l&#8217;\u00e9conomie et les sciences actuarielles et financi\u00e8res \u00e0 l&#8217;Universit\u00e9 de Turin, en Italie, et affili\u00e9e au Collegio Carlo Alberto. (<span style=\"color: #3366ff\"><a style=\"color: #3366ff\" href=\"https:\/\/wp.unil.ch\/party\/biography\/\">Biographie en anglais<\/a><\/span>)<\/p>\n<p><span data-olk-copy-source=\"MessageBody\"><strong>James Auty<\/strong> a travaill\u00e9 tout au long de sa carri\u00e8re dans le secteur des retraites et a \u00e9t\u00e9 actuaire de r\u00e9gime pendant plus de 23 ans, les 21 derni\u00e8res ann\u00e9es ayant \u00e9t\u00e9 continues avec son r\u00f4le actuel chez Mercer. (<span style=\"color: #3366ff\"><a style=\"color: #3366ff\" href=\"https:\/\/wp.unil.ch\/party\/biography\/\">Biographie en anglais<\/a><\/span>)<\/span><\/p>\n<p><span data-olk-copy-source=\"MessageBody\"><strong>Jos\u00e9 Garrido<\/strong> est professeur \u00e9m\u00e9rite distingu\u00e9 au D\u00e9partement de math\u00e9matiques et de statistique de l\u2019Universit\u00e9 Concordia, \u00e0 Montr\u00e9al. (<span style=\"color: #3366ff\"><a style=\"color: #3366ff\" href=\"https:\/\/wp.unil.ch\/party\/biography\/\">Biographie en anglais<\/a><\/span>)<\/span><\/p>\n<p><strong>Manuel Morales<\/strong> est professeur \u00e0 l&#8217;Universit\u00e9 de Montr\u00e9al travaillant dans le domaine de la finance quantitative et de l&#8217;investissement, et consultant senior en risques d&#8217;IA pour Ernst &amp; Young, o\u00f9 il travaille avec les banques et les institutions financi\u00e8res dans leurs initiatives de transformation de l&#8217;IA. (<span style=\"color: #3366ff\"><a style=\"color: #3366ff\" href=\"https:\/\/wp.unil.ch\/party\/biography\/\">Biographie en anglais<\/a><\/span>)<\/p>\n<p><strong>Maria Merc\u00e9 Claramunt Bielsa <\/strong>est accr\u00e9dit\u00e9e comme professeure titulaire au D\u00e9partement de math\u00e9matiques \u00e9conomiques, financi\u00e8res et actuarielles de l&#8217;Universit\u00e9 de Barcelone. (<span style=\"color: #3366ff\"><a style=\"color: #3366ff\" href=\"https:\/\/wp.unil.ch\/party\/biography\/\">Biographie en anglais<\/a><\/span>)<\/p>\n<p><strong>Peter Hieber<\/strong> est professeur associ\u00e9 au D\u00e9partement des sciences actuarielles de l&#8217;Universit\u00e9 de Lausanne (HEC Lausanne). (<span style=\"color: #3366ff\"><a style=\"color: #3366ff\" href=\"https:\/\/wp.unil.ch\/party\/biography\/\">Biographie en anglais<\/a><\/span>)<\/p>\n","protected":false},"excerpt":{"rendered":"<p>Andr\u00e9s Villegas est professeur associ\u00e9 \u00e0 l&#8217;\u00c9cole des risques et des \u00e9tudes actuarielles de l&#8217;UNSW Sydney. (Biographie en anglais) Chris Green -. (Biographie en anglais) Elena Vigna est professeur titulaire de m\u00e9thodes math\u00e9matiques pour l&#8217;\u00e9conomie et les sciences actuarielles et financi\u00e8res \u00e0 l&#8217;Universit\u00e9 de Turin, en Italie, et affili\u00e9e au Collegio Carlo Alberto. (Biographie en &hellip; <\/p>\n<p class=\"link-more\"><a href=\"https:\/\/wp.unil.ch\/party\/intervenants\/?lang=fr\" class=\"more-link\">Continue reading<span class=\"screen-reader-text\"> &#8220;Intervenants&#8221;<\/span><\/a><\/p>\n","protected":false},"author":864,"featured_media":0,"parent":0,"menu_order":0,"comment_status":"closed","ping_status":"closed","template":"","meta":{"_seopress_robots_primary_cat":"","_seopress_titles_title":"","_seopress_titles_desc":"","_seopress_robots_index":"","footnotes":""},"class_list":["post-162","page","type-page","status-publish"],"_links":{"self":[{"href":"https:\/\/wp.unil.ch\/party\/wp-json\/wp\/v2\/pages\/162","targetHints":{"allow":["GET"]}}],"collection":[{"href":"https:\/\/wp.unil.ch\/party\/wp-json\/wp\/v2\/pages"}],"about":[{"href":"https:\/\/wp.unil.ch\/party\/wp-json\/wp\/v2\/types\/page"}],"author":[{"embeddable":true,"href":"https:\/\/wp.unil.ch\/party\/wp-json\/wp\/v2\/users\/864"}],"replies":[{"embeddable":true,"href":"https:\/\/wp.unil.ch\/party\/wp-json\/wp\/v2\/comments?post=162"}],"version-history":[{"count":5,"href":"https:\/\/wp.unil.ch\/party\/wp-json\/wp\/v2\/pages\/162\/revisions"}],"predecessor-version":[{"id":1055,"href":"https:\/\/wp.unil.ch\/party\/wp-json\/wp\/v2\/pages\/162\/revisions\/1055"}],"wp:attachment":[{"href":"https:\/\/wp.unil.ch\/party\/wp-json\/wp\/v2\/media?parent=162"}],"curies":[{"name":"wp","href":"https:\/\/api.w.org\/{rel}","templated":true}]}}