{"id":169,"date":"2021-09-29T12:32:01","date_gmt":"2021-09-29T10:32:01","guid":{"rendered":"https:\/\/wp.unil.ch\/overtourism\/?page_id=169"},"modified":"2025-02-24T14:20:23","modified_gmt":"2025-02-24T13:20:23","slug":"equipe","status":"publish","type":"page","link":"https:\/\/wp.unil.ch\/overtourism\/equipe\/","title":{"rendered":"\u00c9quipe"},"content":{"rendered":"\n<p><\/p>\n\n\n\n<h3 class=\"wp-block-heading\"><strong>Mathis Stock<\/strong><\/h3>\n\n\n\n<p><em>Professeur, Universit\u00e9 de Lausanne<\/em><br>Mathis est g\u00e9ographe, a dirig\u00e9 le groupe de recherche \u00abCultures et natures du tourisme \u00bb de l\u2019Institut de G\u00e9ographie et Durabilit\u00e9 (IGD) de l\u2019Universit\u00e9 de Lausanne et le master en \u00e9tudes du tourisme de l\u2019Universit\u00e9 de Lausanne. Ses travaux sur le tourisme font r\u00e9f\u00e9rence, y compris dans les manuels de l\u2019enseignement sup\u00e9rieur. Ses travaux sur la mobilit\u00e9 marquent \u00e9galement le domaine. Il publie depuis de nombreuses ann\u00e9es sur la question de l\u2019urbanit\u00e9 du tourisme en g\u00e9n\u00e9ral et le tourisme dans les villes europ\u00e9ennes en particulier . Il comprend la touristification massive des villes comme un \u00ab recreational turn \u00bb qui r\u00e9pondrait \u00e0 la d\u00e9sindustrialisation en Europe, tournant issu de strat\u00e9gies et de politiques d\u2019attractivit\u00e9 touristique. Aujourd\u2019hui, se pose la question de la co-habitation et du droit \u00e0 la ville, notamment en lien avec le \u00ab new urban tourism \u00bb, c\u2019est-\u00e0-dire la diffusion des pratiques touristiques dans les quartiers d\u2019habitation autrefois peu touch\u00e9s par le tourisme. Il s\u2019agit de \u00ab visitor economies \u00bb au sens large o\u00f9 le tourisme joue un r\u00f4le important, mais aussi de toutes sortes de consommations urbaines : \u00ab \u00e9conomies pr\u00e9sentielles \u00bb.<\/p>\n\n\n\n<p><a href=\"https:\/\/igd.unil.ch\/MStock\/\">Page personnelle<\/a><\/p>\n\n\n\n<p>Stock, M. (2019). <a href=\"https:\/\/serval.unil.ch\/notice\/serval:BIB_4C0C454CD5B6\">Inhabiting the City as Tourists\u202f: Issues for Urban and Tourism Theory<\/a>. In T. Frisch, C. Sommer, L. Stoltenberg, &amp; N. Stors (\u00c9ds.), <em>Tourism and Everyday Life in the Contemporary City<\/em> (p. 42\u201166). Routledge.<br>Stock, M., Co\u00ebff\u00e9, V., &amp; Violier, P. (2017). <em><a href=\"https:\/\/www.pur-editions.fr\/product\/ean\/9782753559240\/les-enjeux-contemporains-du-tourisme\">Les enjeux contemporains du tourisme\u202f: Une approche g\u00e9ographique<\/a><\/em>. Presses Universitaires de Rennes.<\/p>\n\n\n\n<p><\/p>\n\n\n\n<h3 class=\"wp-block-heading\"><strong>Fabrice Bardet<\/strong><\/h3>\n\n\n\n<p><em>Directeur de recherches, ENTPE<\/em><br>Fabrice est sp\u00e9cialis\u00e9 dans la sociologie de la quantification et des politiques m\u00e9tropolitaines. Il s\u2019est d\u2019abord consacr\u00e9 \u00e0 la sociologie de la statistique dans le champ de laquelle il a publi\u00e9 diff\u00e9rents articles consacr\u00e9s \u00e0 diverses politiques urbaines (am\u00e9nagement, transports, s\u00e9curit\u00e9 routi\u00e8re, logement). Puis il s\u2019est int\u00e9ress\u00e9 aux politiques de quantification comptable, leur consacrant un ouvrage (2014) o\u00f9 il avance qu&rsquo;\u00e0 la \u00ab r\u00e9volution probabiliste \u00bb a succ\u00e9d\u00e9, dans la seconde moiti\u00e9 du XX<sup>e<\/sup> si\u00e8cle, l&rsquo;essor des quantifications comptables financi\u00e8res et manag\u00e9riales. Il est aujourd&rsquo;hui engag\u00e9 dans deux programmes internationaux de recherche en parall\u00e8le. Le premier est consacr\u00e9 aux formes de quantification financi\u00e8re, en partenariat avec l\u2019Universit\u00e9 de S\u00e3o Paulo, sur le th\u00e8me de la \u00ab Valorisation des territoires urbains \u00e0 l\u2019heure anthropoc\u00e8ne \u00bb. Le second programme de recherche porte sur la \u00ab smart city \u00bb, dans le cadre d\u2019un partenariat avec l\u2019Universit\u00e9 Diponegoro de Semarang en Indon\u00e9sie et d&rsquo;une offre d&rsquo;expertise au gouvernement indon\u00e9sien qui envisage le d\u00e9placement de la capitale nationale historique Jakarta sur l\u2019\u00eele de Born\u00e9o (<a href=\"https:\/\/www.theses.fr\/2019LYSE2076\">Wahyuddin, 2019<\/a>).<\/p>\n\n\n\n<p><a href=\"https:\/\/umr5600.cnrs.fr\/fr\/lequipe\/name\/fabrice-bardet\/\">Page personnelle<\/a><\/p>\n\n\n\n<p>Bardet, F., Coulondre, A., &amp; Shimbo, L. (2020). <a href=\"https:\/\/doi.org\/10.1177\/1024529420920234\">Financial natives\u202f: Real estate developers at work<\/a>. <em>Competition &amp; Change<\/em>, <em>24<\/em>(3\u20114), 203\u2011224.<br>Bardet, F. (2014). <em><a href=\"https:\/\/www.lesbelleslettres.com\/livre\/1190-la-contre-revolution-comptable-ces-chiffres-qui-nous-gouvernent\">La Contre-r\u00e9volution comptable. Ces chiffres qui (nous) gouvernent<\/a><\/em>. Les Belles Lettres.<\/p>\n\n\n\n<p><\/p>\n\n\n\n<h3 class=\"wp-block-heading\"><strong>Giovanni Favero<\/strong><\/h3>\n\n\n\n<p><em>Professeur, Universit\u00e9 Ca&rsquo;Foscari de Venise<\/em><br>Giovanni est professeur d\u2019histoire de l\u2019\u00e9conomie \u00e0 l\u2019Universit\u00e9 Ca\u2019 Foscari et a \u00e9t\u00e9 chercheur invit\u00e9 en histoire des entreprises \u00e9tatsuniennes \u00e0 la Harvard Business School en 2018\/2019. Il a travaill\u00e9 sur la ville de Venise et sa r\u00e9gion \u00e0 l\u2019\u00e2ge contemporain dans une perspective qui connecte la d\u00e9mographie, la g\u00e9ographie des transports et l\u2019\u00e9conomie du tourisme . La plupart de ses recherches portent sur les processus de quantification aussi bien statistiques que relatifs \u00e0 la comptabilit\u00e9. En particulier, il s\u2019est int\u00e9ress\u00e9 \u00e0 la l\u00e9gitimation r\u00e9ciproque entre approches statistiques et r\u00e9gimes politiques, aux m\u00e9canismes de la manipulation des donn\u00e9es comptables et statistiques, et \u00e0 l&rsquo;application des m\u00e9thodes de l&rsquo;historien \u00e0 la recherche en gestion et entreprise. Il s\u2019int\u00e9resse \u00e0 la construction de nouveaux dispositifs pour la collecte de donn\u00e9es massives (ou big data) dans une perspective historique.<\/p>\n\n\n\n<p><a href=\"https:\/\/www.unive.it\/data\/persone\/5591677\/\">Page personnelle<\/a><\/p>\n\n\n\n<p>Favero, G., Serruys, M.-W., &amp; Sugiura, M. (\u00c9ds.). (2019). <em><a href=\"https:\/\/doi.org\/10.1007\/978-3-030-27599-0\">The Urban Logistic Network\u202f: Cities, Transport and Distribution in Europe from the Middle Ages to Modern Times<\/a><\/em>. Palgrave Macmillan.<br>Stoycheva, S., &amp; Favero, G. (2020). <a href=\"https:\/\/doi.org\/10.1108\/JOE-03-2019-0016\">Research methodology for ethnostatistics in organization studies\u202f: Towards a historical ethnostatistics<\/a>. <em>Journal of Organizational Ethnography<\/em>, <em>9<\/em>(3), 327\u2011342. (Open Access)<\/p>\n\n\n\n<p><\/p>\n\n\n\n<h3 class=\"wp-block-heading\"><strong>Roser Cuss\u00f3<\/strong><\/h3>\n\n\n\n<p><em>Professeure, Universit\u00e9 Paris I Panth\u00e9on-Sorbonne<\/em><br>Roser travaille sur la quantification internationale (UNESCO, Banque mondiale, UE, etc.) et sur l\u2019origine des statistiques des OI, notamment dans le cas de la Soci\u00e9t\u00e9 des Nations (Mandats, statistiques \u00e9conomiques, minorit\u00e9s). Elle a publi\u00e9 une cinquantaine d\u2019articles et de chapitres sur ces questions. Professeure \u00e0 l\u2019universit\u00e9 Paris 1 Panth\u00e9on-Sorbonne depuis 2014, elle a auparavant travaill\u00e9 une dizaine d\u2019ann\u00e9es comme praticienne \u00e0 l\u2019UNESCO, notamment dans ses Services statistiques. Elle conna\u00eet donc de premi\u00e8re main le processus de production de donn\u00e9es internationales, d\u00e8s la m\u00e9thodologie et la cat\u00e9gorisation \u00e0 la publication, en passant par le traitement et le calcul d\u2019indicateurs. Elle a d\u00e9velopp\u00e9 une recherche originale sur la quantification internationale, sur sa sp\u00e9cificit\u00e9 politique et technique, notamment par le levier de la coop\u00e9ration intergouvernementale. Elle a d\u00e9fendu une th\u00e8se doctorale sur les politiques d\u00e9mographiques de la Banque mondiale (2001) et r\u00e9alis\u00e9 un postdoc sur l\u2019Union europ\u00e9enne (2003-2005).<\/p>\n\n\n\n<p><a href=\"https:\/\/www.pantheonsorbonne.fr\/page-perso\/rcusso\">Page personnelle<\/a><\/p>\n\n\n\n<p>Cuss\u00f3, R. (2020a). <a href=\"https:\/\/doi.org\/10.1080\/07075332.2019.1619611\">Building a Global Representation of Trade Through International Quantification\u202f: The League of Nations\u2019 Unification of Methods in Economic Statistics. <\/a><em>The International History Review<\/em>, <em>42<\/em>(4), 714\u2011736.<br>Cuss\u00f3, R. (2020b). <a href=\"https:\/\/books.openedition.org\/pressesinalco\/38398\">Aux origines de l\u2019\u00e9valuation statistique internationale\u202f: La supervision des mandats par la Soci\u00e9t\u00e9 des Nations<\/a>. In P. Bourmaud, N. Neveu, &amp; C. Verdeil (\u00c9ds.), <em>Experts et expertise dans les mandats de la soci\u00e9t\u00e9 des nations\u202f: Figures, champs, outils<\/em> (p. 161\u2011188). Presses de l\u2019Inalco.<\/p>\n\n\n\n<p><\/p>\n\n\n\n<h3 class=\"wp-block-heading\"><strong>Paulo Fernando Meliani<\/strong><\/h3>\n\n\n\n<p><em>Post-doctorant<\/em>, <em>Universit\u00e9 de Lyon<\/em> <br>Paulo est g\u00e9ographe, titulaire d\u2019une licence, d\u2019un dipl\u00f4me d\u2019enseignement et d\u2019un master en g\u00e9ographie de l\u2019Universit\u00e9 F\u00e9d\u00e9rale de Santa Catarina (UFSC), ainsi que d\u2019un doctorat en g\u00e9ographie de l\u2019Universit\u00e9 F\u00e9d\u00e9rale de Pernambuco (UFPE), au Br\u00e9sil, incluant un s\u00e9jour de recherche doctorale \u00e0 l\u2019Universit\u00e0 Ca\u2019 Foscari di Venezia (UNIVE), en Italie. Il s\u2019est \u00e9galement sp\u00e9cialis\u00e9 en syst\u00e8mes d\u2019information g\u00e9ographique (SIG) \u00e0 l\u2019Universit\u00e9 de l\u2019Algarve (UAlg), \u00e0 Faro, au Portugal.<\/p>\n\n\n\n<p>Au Br\u00e9sil, il a occup\u00e9 les postes de professeur adjoint \u00e0 l\u2019Universit\u00e9 d\u2019\u00c9tat de Santa Cruz (UESC), de professeur adjoint invit\u00e9 \u00e0 l\u2019Universit\u00e9 F\u00e9d\u00e9rale de l\u2019Int\u00e9gration Latino-Am\u00e9ricaine (UNILA) et de professeur adjoint collaborateur \u00e0 l\u2019Universit\u00e9 d\u2019\u00c9tat de Santa Catarina (UDESC).<\/p>\n\n\n\n<p>Ses recherches portent sur les processus de touristification et les transformations socio-spatiales dans les villes et r\u00e9gions touristiques. Il a publi\u00e9 plusieurs articles acad\u00e9miques contribuant aux d\u00e9bats sur la production de l\u2019espace par le tourisme, notamment au Br\u00e9sil.<\/p>\n\n\n\n<p><a href=\"https:\/\/independent.academia.edu\/PauloFernandoMeliani\">Page personnelle<\/a><\/p>\n\n\n\n<h3 class=\"wp-block-heading\">V<strong>al\u00e9rian Geffroy<\/strong><\/h3>\n\n\n\n<p><em>Post-doctorant, Universit\u00e9 de Lausanne<\/em><br>Val\u00e9rian a soutenu en 2020 une <a href=\"https:\/\/serval.unil.ch\/fr\/notice\/serval:BIB_FAF2B91FC2F6\">th\u00e8se <\/a>de g\u00e9ographie portant sur les spatialit\u00e9s du tourisme sportif de nature, et abordant le ph\u00e9nom\u00e8ne sous diverses perspectives : comme communaut\u00e9 de pratiques, comme engagement corporel et mat\u00e9riel avec la \u00ab\u00a0nature\u00a0\u00bb, comme ensemble de savoirs g\u00e9ographiques sp\u00e9cialis\u00e9s, comme mobilit\u00e9 de loisir \u00e0 fort investissement personnel voire comme mode de vie. Au sein du projet, il est charg\u00e9 de l&rsquo;analyse des dispositifs statistiques nationaux. Dans ce cadre, il interrogera, notamment, la construction diff\u00e9renci\u00e9e du tourisme comme cat\u00e9gorie \u00e9conomique et politique; la dimension territoriale de la mesure du ph\u00e9nom\u00e8ne touristique; et la concurrence potentielle entre les statistiques publiques et les nouveaux acteurs du num\u00e9rique qui promettent la r\u00e9volution par les <em>big data<\/em>.<\/p>\n\n\n\n<p><a href=\"https:\/\/igd.unil.ch\/valeriangeffroy\/\">Page personnelle<\/a><\/p>\n\n\n\n<p><br>Geffroy, V. (2020). <a href=\"https:\/\/www.springer.com\/gp\/book\/9783030521356#aboutBook\">Help or hindrance\u202f? Media uses and discourses on media in outdoor sport tourism<\/a>. In M. Stock (\u00c9d.), <em>Progress in French Tourism Geographies\u202f: Inhabiting Touristic Worlds<\/em> (Springer).<br>Geffroy, V. (2017). <a href=\"https:\/\/doi.org\/10.1080\/14775085.2016.1271349\">\u2018Playing with space\u2019\u202f: A conceptual basis for investigating active sport tourism practices<\/a>. <em>Journal of Sport &amp; Tourism<\/em>, <em>21<\/em>(2), 95\u2011113.<\/p>\n\n\n\n<p><\/p>\n\n\n\n<h3 class=\"wp-block-heading\"><strong>Victor Anduze<\/strong><\/h3>\n\n\n\n<p><em>Doctorant, ENTPE<\/em><br>Victor a r\u00e9alis\u00e9 des \u00e9tudes en D\u00e9veloppement, Mobilit\u00e9s et Territoires \u00e0 l\u2019IEDES \u2013 Paris 1 et \u00e0 l\u2019Universit\u00e9 Nationale Autonome du Mexique (UNAM). Ses enqu\u00eates se sont focalis\u00e9es sur la ville de M\u00e9rida, capitale de l\u2019Etat du Yucat\u00e1n, au Mexique. D\u2019abord, il s\u2019est int\u00e9ress\u00e9 aux ph\u00e9nom\u00e8nes de s\u00e9gr\u00e9gation et aux usages des espaces \u00e0 fonction publique dans les quartiers populaires de sa ville. Puis, il a \u00e9tudi\u00e9 les f\u00eates de ces quartiers en tant que ph\u00e9nom\u00e8nes capables de modifier les rapports sociaux et spatiaux \u00e0 l\u2019\u00e9chelle micro et m\u00e9so-sociale. Ces travaux lui ont valu le \u00ab&nbsp;Prix du Master&nbsp;\u00bb de la Chaire UNESCO ainsi que la m\u00e9daille \u00ab\u00a0Gustavo Baz Prada\u00a0\u00bb de l\u2019UNAM. Il a \u00e9galement travaill\u00e9 pour le Minist\u00e8re du D\u00e9veloppement Social du Mexique, dans la Direction de D\u00e9veloppement Local. Inscrit pleinement dans l\u2019interdisciplinarit\u00e9, il mobilise des m\u00e9thodes g\u00e9ographiques et sociologiques et travaille principalement, au sein du projet, sur les cas de Paris et Lyon.<\/p>\n\n\n\n<p><a href=\"https:\/\/umr5600.cnrs.fr\/fr\/lequipe\/name\/victor-anduze-rivero\/\">Page personnelle<\/a><\/p>\n\n\n\n<p>Anduze Rivero, V. (2020). <a href=\"https:\/\/journals.openedition.org\/echogeo\/19562\">Observer l\u2019usage de l\u2019espace (dans des espaces vides). Un s\u00e9jour de terrain au Mexique en temps de coronavirus<\/a>. <em>EchoG\u00e9o<\/em>, <em>52<\/em>, Article 52.<br>Anduze Rivero, V. R. (2019). <a href=\"https:\/\/www.revistas.unam.mx\/index.php\/peninsula\/article\/view\/68814\">La participaci\u00f3n y la apropiaci\u00f3n del espacio p\u00fablico como fundamentos del derecho a la ciudad\u202f: Dos estudios de caso al sur de M\u00e9rida, Yucat\u00e1n<\/a>. <em>Pen\u00ednsula<\/em>, <em>14<\/em>(1), 29\u201150.<\/p>\n\n\n\n<p><\/p>\n\n\n\n<h3 class=\"wp-block-heading\"><strong>Davide Ceccato<\/strong><\/h3>\n\n\n\n<p><em>Doctorant, Universit\u00e9 de Lausanne<\/em><br>Davide a obtenu un Bachelor en histoire et philosophie (ethnolinguistique) \u00e0 l&rsquo;Universit\u00e9 Ca&rsquo; Foscari de Venise. Il a ensuite poursuivi avec un Master en relations internationales dans la m\u00eame universit\u00e9 et, apr\u00e8s un stage dans la <em>Italian-South African Chamber of Trade and Industries <\/em>\u00e0 Johannesburg, il a obtenu son dipl\u00f4me avec un m\u00e9moire sur l&rsquo;essor de l&rsquo;industrie mini\u00e8re aurif\u00e8re sud-africaine. Par la suite, en tant que boursier<strong> <\/strong>de la fondation Rotary, il a obtenu une Ma\u00eetrise en \u00e9tudes du d\u00e9veloppement \u00e0 l&rsquo;<em>Institute of Development Studies<\/em> (Universit\u00e9 du Sussex) avec un th\u00e8se sur facteurs socio-\u00e9conomiques de la pr\u00e9valence de l&rsquo;ob\u00e9sit\u00e9 en Afrique du Sud. Une fois ce Master termin\u00e9, il a pris part \u00e0 un programme WASH avec une ONG dans l&rsquo;est du Congo.\u00a0Au sein du projet FNS, Davide travaille principalement sur l&rsquo;histoire de la quantification du tourisme dans la ville de Venise, les questions politiques li\u00e9es \u00e0 la production, \u00e0 l&rsquo;utilisation et \u00e0 la diffusion des statistiques sur le tourisme et le fonctionnement et criticit\u00e9s le syst\u00e8mes num\u00e9riques de gestion et contr\u00f4le des mobilit\u00e9 touristiques.<\/p>\n\n\n\n<p><a href=\"https:\/\/igd.unil.ch\/dceccato\">Page personnelle<\/a><\/p>\n\n\n\n<p><\/p>\n\n\n\n<h3 class=\"wp-block-heading\">Partenaire : CISET<\/h3>\n\n\n\n<p>Le CISET &#8212; International Centre of Studies on Tourist Economics est un organisme de recherche \u00e0 but non lucratif fond\u00e9 il y a plus de 30 ans &#8211; en 1991 &#8211; par l&rsquo;universit\u00e9 Ca&rsquo; Foscari de Venise et le Gouvernement R\u00e9gional du Veneto. \u00c0 travers ses activit\u00e9s de conseil, d&rsquo;\u00e9ducation et de recherche, le CISET fournit des outils \u00e0 l&rsquo;industrie touristique, aux administrations locales et aux op\u00e9rateurs futurs du tourisme, afin d&rsquo;approcher le march\u00e9 de mani\u00e8re innovante, et soutient \u00e9galement les \u00e9tudes touristiques en coop\u00e9ration avec l&rsquo;universit\u00e9.<\/p>\n\n\n\n<p><a href=\"https:\/\/www.unive.it\/pag\/20563\/\">Site web<\/a><\/p>\n","protected":false},"excerpt":{"rendered":"<p>Mathis Stock Professeur, Universit\u00e9 de LausanneMathis est g\u00e9ographe, a dirig\u00e9 le groupe de recherche \u00abCultures et natures du tourisme \u00bb de l\u2019Institut de G\u00e9ographie et Durabilit\u00e9 (IGD) de l\u2019Universit\u00e9 de Lausanne et le master en \u00e9tudes du tourisme de l\u2019Universit\u00e9 de Lausanne. Ses travaux sur le tourisme font r\u00e9f\u00e9rence, y compris dans les manuels de [&hellip;]<\/p>\n","protected":false},"author":1002301,"featured_media":0,"parent":0,"menu_order":0,"comment_status":"closed","ping_status":"closed","template":"","meta":{"_seopress_robots_primary_cat":"","_seopress_titles_title":"","_seopress_titles_desc":"","_seopress_robots_index":"","footnotes":""},"class_list":["post-169","page","type-page","status-publish"],"_links":{"self":[{"href":"https:\/\/wp.unil.ch\/overtourism\/wp-json\/wp\/v2\/pages\/169","targetHints":{"allow":["GET"]}}],"collection":[{"href":"https:\/\/wp.unil.ch\/overtourism\/wp-json\/wp\/v2\/pages"}],"about":[{"href":"https:\/\/wp.unil.ch\/overtourism\/wp-json\/wp\/v2\/types\/page"}],"author":[{"embeddable":true,"href":"https:\/\/wp.unil.ch\/overtourism\/wp-json\/wp\/v2\/users\/1002301"}],"replies":[{"embeddable":true,"href":"https:\/\/wp.unil.ch\/overtourism\/wp-json\/wp\/v2\/comments?post=169"}],"version-history":[{"count":4,"href":"https:\/\/wp.unil.ch\/overtourism\/wp-json\/wp\/v2\/pages\/169\/revisions"}],"predecessor-version":[{"id":466,"href":"https:\/\/wp.unil.ch\/overtourism\/wp-json\/wp\/v2\/pages\/169\/revisions\/466"}],"wp:attachment":[{"href":"https:\/\/wp.unil.ch\/overtourism\/wp-json\/wp\/v2\/media?parent=169"}],"curies":[{"name":"wp","href":"https:\/\/api.w.org\/{rel}","templated":true}]}}