{"id":385,"date":"2023-09-07T14:50:31","date_gmt":"2023-09-07T12:50:31","guid":{"rendered":"https:\/\/wp.unil.ch\/outofthebox\/?page_id=385"},"modified":"2023-10-03T17:38:05","modified_gmt":"2023-10-03T15:38:05","slug":"protection-des-donnees","status":"publish","type":"page","link":"https:\/\/wp.unil.ch\/outofthebox\/protection-des-donnees\/","title":{"rendered":"Confidentialit\u00e9 et protection des donn\u00e9es"},"content":{"rendered":"\n<div class=\"wp-block-group alignwide\"><div class=\"wp-block-group__inner-container is-layout-constrained wp-block-group-is-layout-constrained\">\n<div class=\"wp-block-columns is-layout-flex wp-container-core-columns-is-layout-9d6595d7 wp-block-columns-is-layout-flex\">\n<div class=\"wp-block-column is-layout-flow wp-block-column-is-layout-flow\" style=\"flex-basis:66.66%\">\n<p>Les donn\u00e9es personnelles sont trait\u00e9es par l\u2019Universit\u00e9 de Lausanne, b\u00e2timent Unicentre, CH-1015 Lausanne, dans le but d\u2019\u00eatre int\u00e9gr\u00e9es \u00e0 un outil de sensibilisation, c.\u00e0.d. une carte des campus de l\u2019UNIL en r\u00e9alit\u00e9 augment\u00e9e permettant d\u2019\u00e9couter les r\u00e9cits anonymis\u00e9s. Des donn\u00e9es pourront \u00eatre communiqu\u00e9es \u00e0 nos prestataires de service. Dans ce cadre, les donn\u00e9es seront conserv\u00e9es en Suisse. L\u2019ensemble des donn\u00e9es personnelles seront d\u00e9truites au plus tard le 17 mai 2024 et ne seront utilis\u00e9es que de fa\u00e7on anonymis\u00e9es. Pour faire valoir vos droits, le Conseiller \u00e0 la Protection des Donn\u00e9es peut \u00eatre contact\u00e9 \u00e0 l\u2019adresse\u00a0<a href=\"mailto:privacy@unil.ch\">privacy@unil.ch<\/a>\u00a0ou Universit\u00e9 de Lausanne, DPO, B\u00e2timent Unicentre, CH-1015 Lausanne.<\/p>\n\n\n\n<p>Les t\u00e9moignages seront collect\u00e9s gr\u00e2ce \u00e0 l\u2019application, au r\u00e9pondeur, \u00e0 la messagerie \u00e9lectronique ou de vive voix en fonction de votre choix. Ils seront trait\u00e9s&nbsp;<strong>de mani\u00e8re confidentielle<\/strong>&nbsp;au sein du&nbsp;Dicast\u00e8re \u00ab&nbsp;\u00c9galit\u00e9, Diversit\u00e9 et Carri\u00e8res&nbsp;\u00bb de la Direction de l\u2019UNIL.&nbsp;De fa\u00e7on \u00e0 pr\u00e9server l\u2019anonymat et pour qu\u2019aucun lien ne soit fait entre les v\u00e9cus et l\u2019identit\u00e9 des personnes, ils seront adapt\u00e9s et r\u00e9interpr\u00e9t\u00e9s par des com\u00e9dien\u00b7ne\u00b7s professionnel\u00b7le\u00b7s. Ces r\u00e9cits seront ensuite int\u00e9gr\u00e9s \u00e0 la carte interactive<strong>&nbsp;<\/strong>des campus de l\u2019UNIL, qui sera rendue publique en 2024.&nbsp;Cette carte interactive pr\u00e9sentera uniquement les histoires dites par les&nbsp;com\u00e9dien\u00b7ne\u00b7s professionnel\u00b7le\u00b7s et fera appara\u00eetre le lieu, la facult\u00e9 ou le b\u00e2timent des personnes qui auront fourni cette information. Tout indice ou contenu narratif qui permettrait de remonter \u00e0 la source des r\u00e9cits et de reconna\u00eetre l\u2019identit\u00e9 de quiconque sera effac\u00e9.&nbsp;<\/p>\n\n\n\n<p>Les r\u00e9cits ne seront pas stock\u00e9s sur la machine ayant permis l&rsquo;enregistrement, mais envoy\u00e9s vers un serveur s\u00e9curis\u00e9. Les donn\u00e9es seront supprim\u00e9es du serveur d\u00e8s le pr\u00e9l\u00e8vement effectu\u00e9 par le Dicast\u00e8re. L\u2019ensemble du mat\u00e9riel audio original sera d\u00e9truit&nbsp;au plus tard le 17 mai 2024.<\/p>\n<\/div>\n\n\n\n<div class=\"wp-block-column is-vertically-aligned-center is-layout-flow wp-block-column-is-layout-flow\" style=\"flex-basis:33.33%\"><div class=\"wp-block-image\">\n<figure class=\"aligncenter size-large is-resized\"><img alt=\"\" loading=\"lazy\" decoding=\"async\" src=\"https:\/\/wp.unil.ch\/outofthebox\/files\/2023\/10\/Placards_Web_Megaphone-1024x1024.png\" alt=\"\" class=\"wp-image-868\" style=\"width:425px;height:425px\" width=\"425\" height=\"425\" srcset=\"https:\/\/wp.unil.ch\/outofthebox\/files\/2023\/10\/Placards_Web_Megaphone-1024x1024.png 1024w, https:\/\/wp.unil.ch\/outofthebox\/files\/2023\/10\/Placards_Web_Megaphone-300x300.png 300w, https:\/\/wp.unil.ch\/outofthebox\/files\/2023\/10\/Placards_Web_Megaphone-150x150.png 150w, https:\/\/wp.unil.ch\/outofthebox\/files\/2023\/10\/Placards_Web_Megaphone-768x768.png 768w, https:\/\/wp.unil.ch\/outofthebox\/files\/2023\/10\/Placards_Web_Megaphone-540x540.png 540w, https:\/\/wp.unil.ch\/outofthebox\/files\/2023\/10\/Placards_Web_Megaphone-1080x1080.png 1080w, https:\/\/wp.unil.ch\/outofthebox\/files\/2023\/10\/Placards_Web_Megaphone.png 1500w\" sizes=\"auto, (max-width: 425px) 100vw, 425px\" \/><\/figure>\n<\/div><\/div>\n<\/div>\n<\/div><\/div>\n","protected":false},"excerpt":{"rendered":"<p>Les donn\u00e9es personnelles sont trait\u00e9es par l\u2019Universit\u00e9 de Lausanne, b\u00e2timent Unicentre, CH-1015 Lausanne, dans le but d\u2019\u00eatre int\u00e9gr\u00e9es \u00e0 un outil de sensibilisation, c.\u00e0.d. une carte des campus&hellip;<\/p>\n","protected":false},"author":1002678,"featured_media":0,"parent":0,"menu_order":0,"comment_status":"closed","ping_status":"closed","template":"","meta":{"_seopress_robots_primary_cat":"","_seopress_titles_title":"","_seopress_titles_desc":"","_seopress_robots_index":"","footnotes":""},"class_list":["post-385","page","type-page","status-publish","has-post-thumbnail"],"publishpress_future_action":{"enabled":false,"date":"2026-04-16 09:43:21","action":"change-status","newStatus":"draft","terms":[],"taxonomy":"","extraData":[]},"publishpress_future_workflow_manual_trigger":{"enabledWorkflows":[]},"_links":{"self":[{"href":"https:\/\/wp.unil.ch\/outofthebox\/wp-json\/wp\/v2\/pages\/385","targetHints":{"allow":["GET"]}}],"collection":[{"href":"https:\/\/wp.unil.ch\/outofthebox\/wp-json\/wp\/v2\/pages"}],"about":[{"href":"https:\/\/wp.unil.ch\/outofthebox\/wp-json\/wp\/v2\/types\/page"}],"author":[{"embeddable":true,"href":"https:\/\/wp.unil.ch\/outofthebox\/wp-json\/wp\/v2\/users\/1002678"}],"replies":[{"embeddable":true,"href":"https:\/\/wp.unil.ch\/outofthebox\/wp-json\/wp\/v2\/comments?post=385"}],"version-history":[{"count":0,"href":"https:\/\/wp.unil.ch\/outofthebox\/wp-json\/wp\/v2\/pages\/385\/revisions"}],"wp:attachment":[{"href":"https:\/\/wp.unil.ch\/outofthebox\/wp-json\/wp\/v2\/media?parent=385"}],"curies":[{"name":"wp","href":"https:\/\/api.w.org\/{rel}","templated":true}]}}