{"id":350,"date":"2023-09-07T14:15:01","date_gmt":"2023-09-07T12:15:01","guid":{"rendered":"https:\/\/wp.unil.ch\/outofthebox\/?page_id=350"},"modified":"2025-04-17T09:37:43","modified_gmt":"2025-04-17T07:37:43","slug":"ressources","status":"publish","type":"page","link":"https:\/\/wp.unil.ch\/outofthebox\/ressources\/","title":{"rendered":"Ressources"},"content":{"rendered":"\n<div class=\"wp-block-columns is-layout-flex wp-container-core-columns-is-layout-9d6595d7 wp-block-columns-is-layout-flex\">\n<div class=\"wp-block-column is-layout-flow wp-block-column-is-layout-flow\" style=\"flex-basis:66.66%\">\n<p class=\"has-large-font-size\"><strong>Ressources internes<\/strong><\/p>\n<\/div>\n<\/div>\n\n\n\n<div class=\"wp-block-group alignwide\"><div class=\"wp-block-group__inner-container is-layout-constrained wp-block-group-is-layout-constrained\">\n<p>Si vous avez besoin de plus d\u2019informations, ou si vous vivez des discriminations \u00e0 l\u2019UNIL en raison de votre orientation affective et sexuelle ou de votre identit\u00e9 de genre, vous pouvez vous tourner vers les ressources internes suivantes.<\/p>\n<\/div><\/div>\n\n\n\n<div class=\"wp-block-group alignwide\"><div class=\"wp-block-group__inner-container is-layout-constrained wp-block-group-is-layout-constrained\">\n<div class=\"wp-block-cover alignwide is-light is-repeated\" style=\"min-height:225px;aspect-ratio:unset;\"><span aria-hidden=\"true\" class=\"wp-block-cover__background has-background-dim-0 has-background-dim\"><\/span><div role=\"img\" class=\"wp-block-cover__image-background wp-image-410 is-repeated\" style=\"background-position:36% 100%;background-image:url(https:\/\/wp.unil.ch\/outofthebox\/files\/2023\/09\/AideUNIL.jpg)\"><\/div><div class=\"wp-block-cover__inner-container is-layout-constrained wp-block-cover-is-layout-constrained\">\n<p class=\"has-text-align-center has-buttons-text-color has-text-color\" style=\"font-size:42px\"><strong><a href=\"https:\/\/www.unil.ch\/aide-help\/fr\/home\/menuinst\/trouver-de-l-aide\/ressources-internes-unil.html\" data-type=\"link\" data-id=\"https:\/\/www.unil.ch\/aide-help\/home.html\" target=\"_blank\" rel=\"noreferrer noopener\">Aide | UNIL<\/a><\/strong><\/p>\n<\/div><\/div>\n<\/div><\/div>\n\n\n\n<div class=\"wp-block-group alignwide\"><div class=\"wp-block-group__inner-container is-layout-constrained wp-block-group-is-layout-constrained\">\n<div class=\"wp-block-columns is-layout-flex wp-container-core-columns-is-layout-9d6595d7 wp-block-columns-is-layout-flex\">\n<div class=\"wp-block-column is-layout-flow wp-block-column-is-layout-flow\">\n<div class=\"wp-block-cover is-light\" style=\"min-height:300px;aspect-ratio:unset;\"><span aria-hidden=\"true\" class=\"wp-block-cover__background has-background-background-color has-background-dim-70 has-background-dim\"><\/span><img alt=\"\" loading=\"lazy\" decoding=\"async\" width=\"1600\" height=\"1200\" class=\"wp-block-cover__image-background wp-image-743\" alt=\"\" src=\"https:\/\/wp.unil.ch\/outofthebox\/files\/2023\/09\/clay-banks-LjqARJaJotc-unsplash.jpg\" data-object-fit=\"cover\" srcset=\"https:\/\/wp.unil.ch\/outofthebox\/files\/2023\/09\/clay-banks-LjqARJaJotc-unsplash.jpg 1600w, https:\/\/wp.unil.ch\/outofthebox\/files\/2023\/09\/clay-banks-LjqARJaJotc-unsplash-300x225.jpg 300w, https:\/\/wp.unil.ch\/outofthebox\/files\/2023\/09\/clay-banks-LjqARJaJotc-unsplash-1024x768.jpg 1024w, https:\/\/wp.unil.ch\/outofthebox\/files\/2023\/09\/clay-banks-LjqARJaJotc-unsplash-768x576.jpg 768w, https:\/\/wp.unil.ch\/outofthebox\/files\/2023\/09\/clay-banks-LjqARJaJotc-unsplash-1536x1152.jpg 1536w, https:\/\/wp.unil.ch\/outofthebox\/files\/2023\/09\/clay-banks-LjqARJaJotc-unsplash-540x405.jpg 540w, https:\/\/wp.unil.ch\/outofthebox\/files\/2023\/09\/clay-banks-LjqARJaJotc-unsplash-1080x810.jpg 1080w\" sizes=\"auto, (max-width: 1600px) 100vw, 1600px\" \/><div class=\"wp-block-cover__inner-container is-layout-constrained wp-block-cover-is-layout-constrained\">\n<p class=\"has-text-align-center has-text-color has-large-font-size\" style=\"color:#6e368c\"><strong><a href=\"https:\/\/www.unil.ch\/egalite\/home\/menuinst\/notre-engagement\/actrices-et-acteurs\/bureau-de-legalite\/lequipe.html\" data-type=\"link\" data-id=\"https:\/\/www.unil.ch\/egalite\/home\/menuinst\/notre-engagement\/actrices-et-acteurs\/bureau-de-legalite\/lequipe.html\" target=\"_blank\" rel=\"noreferrer noopener\">Bureau de l&rsquo;\u00e9galit\u00e9<\/a><\/strong><\/p>\n<\/div><\/div>\n<\/div>\n\n\n\n<div class=\"wp-block-column is-layout-flow wp-block-column-is-layout-flow\">\n<div class=\"wp-block-cover is-light\" style=\"min-height:300px;aspect-ratio:unset;\"><span aria-hidden=\"true\" class=\"wp-block-cover__background has-buttons-text-background-color has-background-dim-70 has-background-dim\"><\/span><img alt=\"\" loading=\"lazy\" decoding=\"async\" width=\"580\" height=\"251\" class=\"wp-block-cover__image-background wp-image-712\" alt=\"\" src=\"https:\/\/wp.unil.ch\/outofthebox\/files\/2023\/09\/aumonerie.jpg\" data-object-fit=\"cover\" srcset=\"https:\/\/wp.unil.ch\/outofthebox\/files\/2023\/09\/aumonerie.jpg 580w, https:\/\/wp.unil.ch\/outofthebox\/files\/2023\/09\/aumonerie-300x130.jpg 300w, https:\/\/wp.unil.ch\/outofthebox\/files\/2023\/09\/aumonerie-540x234.jpg 540w\" sizes=\"auto, (max-width: 580px) 100vw, 580px\" \/><div class=\"wp-block-cover__inner-container is-layout-constrained wp-block-cover-is-layout-constrained\">\n<p class=\"has-text-align-center has-text-color has-large-font-size\" style=\"color:#6e368c\"><strong><a href=\"https:\/\/www.unil.ch\/aum\/home\/menuguid\/contact-1.html\" data-type=\"link\" data-id=\"https:\/\/www.unil.ch\/aum\/home\/menuguid\/contact-1.html\" target=\"_blank\" rel=\"noreferrer noopener\">Aum\u00f4nerie UNIL-EPFL<\/a><\/strong><\/p>\n<\/div><\/div>\n<\/div>\n<\/div>\n<\/div><\/div>\n\n\n\n<div class=\"wp-block-group alignwide\"><div class=\"wp-block-group__inner-container is-layout-constrained wp-block-group-is-layout-constrained\">\n<div class=\"wp-block-columns is-layout-flex wp-container-core-columns-is-layout-9d6595d7 wp-block-columns-is-layout-flex\">\n<div class=\"wp-block-column is-layout-flow wp-block-column-is-layout-flow\">\n<div class=\"wp-block-cover is-light\" style=\"min-height:300px;aspect-ratio:unset;\"><span aria-hidden=\"true\" class=\"wp-block-cover__background has-background-background-color has-background-dim-70 has-background-dim\"><\/span><img alt=\"\" loading=\"lazy\" decoding=\"async\" width=\"565\" height=\"354\" class=\"wp-block-cover__image-background wp-image-716\" alt=\"\" src=\"https:\/\/wp.unil.ch\/outofthebox\/files\/2023\/09\/Fotolia_10702068_Subscription_565.jpg\" data-object-fit=\"cover\" srcset=\"https:\/\/wp.unil.ch\/outofthebox\/files\/2023\/09\/Fotolia_10702068_Subscription_565.jpg 565w, https:\/\/wp.unil.ch\/outofthebox\/files\/2023\/09\/Fotolia_10702068_Subscription_565-300x188.jpg 300w, https:\/\/wp.unil.ch\/outofthebox\/files\/2023\/09\/Fotolia_10702068_Subscription_565-540x338.jpg 540w\" sizes=\"auto, (max-width: 565px) 100vw, 565px\" \/><div class=\"wp-block-cover__inner-container is-layout-constrained wp-block-cover-is-layout-constrained\">\n<p class=\"has-text-align-center has-text-color has-large-font-size\" style=\"color:#6e368c\"><strong><a href=\"https:\/\/www.unil.ch\/accueilsante\/home\/menuinst\/bienvenue\/contact-et-localisation.html\" data-type=\"link\" data-id=\"https:\/\/www.unil.ch\/accueilsante\/home\/menuinst\/bienvenue\/contact-et-localisation.html\" target=\"_blank\" rel=\"noreferrer noopener\">Accueil sant\u00e9<\/a><\/strong><\/p>\n<\/div><\/div>\n<\/div>\n\n\n\n<div class=\"wp-block-column is-layout-flow wp-block-column-is-layout-flow\">\n<div class=\"wp-block-cover is-light\" style=\"min-height:300px;aspect-ratio:unset;\"><span aria-hidden=\"true\" class=\"wp-block-cover__background has-background-background-color has-background-dim-70 has-background-dim\"><\/span><img alt=\"\" loading=\"lazy\" decoding=\"async\" width=\"1797\" height=\"1200\" class=\"wp-block-cover__image-background wp-image-719\" alt=\"\" src=\"https:\/\/wp.unil.ch\/outofthebox\/files\/2023\/09\/zhen-h-Xruf17OrkwM-unsplash.jpg\" data-object-fit=\"cover\" srcset=\"https:\/\/wp.unil.ch\/outofthebox\/files\/2023\/09\/zhen-h-Xruf17OrkwM-unsplash.jpg 1797w, https:\/\/wp.unil.ch\/outofthebox\/files\/2023\/09\/zhen-h-Xruf17OrkwM-unsplash-300x200.jpg 300w, https:\/\/wp.unil.ch\/outofthebox\/files\/2023\/09\/zhen-h-Xruf17OrkwM-unsplash-1024x684.jpg 1024w, https:\/\/wp.unil.ch\/outofthebox\/files\/2023\/09\/zhen-h-Xruf17OrkwM-unsplash-768x513.jpg 768w, https:\/\/wp.unil.ch\/outofthebox\/files\/2023\/09\/zhen-h-Xruf17OrkwM-unsplash-1536x1026.jpg 1536w, https:\/\/wp.unil.ch\/outofthebox\/files\/2023\/09\/zhen-h-Xruf17OrkwM-unsplash-540x361.jpg 540w, https:\/\/wp.unil.ch\/outofthebox\/files\/2023\/09\/zhen-h-Xruf17OrkwM-unsplash-1080x721.jpg 1080w\" sizes=\"auto, (max-width: 1797px) 100vw, 1797px\" \/><div class=\"wp-block-cover__inner-container is-layout-constrained wp-block-cover-is-layout-constrained\">\n<p class=\"has-text-align-center has-text-color has-large-font-size\" style=\"color:#6e368c\"><a href=\"https:\/\/www.unil.ch\/unisep\/fr\/home\/menuinst\/le-service-unisep\/urgences-unil\/n-dappels-importants.html\" data-type=\"link\" data-id=\"https:\/\/www.unil.ch\/unisep\/fr\/home\/menuinst\/le-service-unisep\/urgences-unil\/n-dappels-importants.html\" target=\"_blank\" rel=\"noreferrer noopener\"><strong>UNISEP<\/strong><\/a><\/p>\n<\/div><\/div>\n<\/div>\n<\/div>\n<\/div><\/div>\n\n\n\n<div style=\"height:10px\" aria-hidden=\"true\" class=\"wp-block-spacer\"><\/div>\n\n\n\n<p class=\"has-large-font-size\"><strong>Ressources externes<\/strong><\/p>\n\n\n\n<div class=\"wp-block-group alignwide\"><div class=\"wp-block-group__inner-container is-layout-constrained wp-block-group-is-layout-constrained\">\n<p>Vous cherchez des espaces d\u2019\u00e9change&nbsp;? Les associations LGBTIQ sont aussi l\u00e0 pour vous, tant \u00e0 l\u2019UNIL que sur la sc\u00e8ne cantonale et f\u00e9d\u00e9rale. N\u2019h\u00e9sitez pas \u00e0 les approcher.<\/p>\n<\/div><\/div>\n\n\n\n<div class=\"wp-block-group alignwide\"><div class=\"wp-block-group__inner-container is-layout-constrained wp-block-group-is-layout-constrained\">\n<p><strong>Associations<\/strong><\/p>\n\n\n\n<div class=\"wp-block-columns alignwide is-layout-flex wp-container-core-columns-is-layout-9d6595d7 wp-block-columns-is-layout-flex\">\n<div class=\"wp-block-column is-layout-flow wp-block-column-is-layout-flow\">\n<p><a href=\"https:\/\/agnodice.ch\" data-type=\"link\" data-id=\"agnodice.ch\" target=\"_blank\" rel=\"noreferrer noopener\"><img alt=\"\" loading=\"lazy\" decoding=\"async\" width=\"366\" height=\"186\" class=\"wp-image-485\" style=\"width: 150px\" src=\"https:\/\/wp.unil.ch\/outofthebox\/files\/2023\/09\/Agnodice.png\" alt=\"\" srcset=\"https:\/\/wp.unil.ch\/outofthebox\/files\/2023\/09\/Agnodice.png 366w, https:\/\/wp.unil.ch\/outofthebox\/files\/2023\/09\/Agnodice-300x152.png 300w\" sizes=\"auto, (max-width: 366px) 100vw, 366px\" \/><\/a><\/p>\n\n\n\n<p><a rel=\"noreferrer noopener\" href=\"https:\/\/regenbogenfamilien.ch\/fr\/familles-arc-en-ciel\/\" data-type=\"link\" data-id=\"regenbogenfamilien.ch\/fr\/familles-arc-en-ciel\/\" target=\"_blank\"><\/a><a rel=\"noreferrer noopener\" href=\"https:\/\/stopsuicide.ch\/\" data-type=\"link\" data-id=\"https:\/\/stopsuicide.ch\/\" target=\"_blank\"><img alt=\"\" loading=\"lazy\" decoding=\"async\" width=\"326\" height=\"330\" class=\"wp-image-483\" style=\"width: 150px\" src=\"https:\/\/wp.unil.ch\/outofthebox\/files\/2023\/09\/StopSuicide.png\" alt=\"\" srcset=\"https:\/\/wp.unil.ch\/outofthebox\/files\/2023\/09\/StopSuicide.png 326w, https:\/\/wp.unil.ch\/outofthebox\/files\/2023\/09\/StopSuicide-296x300.png 296w\" sizes=\"auto, (max-width: 326px) 100vw, 326px\" \/><\/a><\/p>\n\n\n\n<p><a rel=\"noreferrer noopener\" href=\"https:\/\/klamydias.ch\/\" data-type=\"link\" data-id=\"klamydias.ch\/about-us\" target=\"_blank\"><img alt=\"\" loading=\"lazy\" decoding=\"async\" width=\"562\" height=\"201\" class=\"wp-image-486\" style=\"width: 160px\" src=\"https:\/\/wp.unil.ch\/outofthebox\/files\/2023\/09\/Klamydias.png\" alt=\"\" srcset=\"https:\/\/wp.unil.ch\/outofthebox\/files\/2023\/09\/Klamydias.png 562w, https:\/\/wp.unil.ch\/outofthebox\/files\/2023\/09\/Klamydias-300x107.png 300w, https:\/\/wp.unil.ch\/outofthebox\/files\/2023\/09\/Klamydias-540x193.png 540w\" sizes=\"auto, (max-width: 562px) 100vw, 562px\" \/><\/a><\/p>\n\n\n\n<p><a href=\"https:\/\/associationlilith.ch\" data-type=\"link\" data-id=\"associationlilith.ch\" target=\"_blank\" rel=\"noreferrer noopener\"><img alt=\"\" loading=\"lazy\" decoding=\"async\" width=\"348\" height=\"198\" class=\"wp-image-490\" style=\"width: 160px\" src=\"https:\/\/wp.unil.ch\/outofthebox\/files\/2023\/09\/lilith.png\" alt=\"\" srcset=\"https:\/\/wp.unil.ch\/outofthebox\/files\/2023\/09\/lilith.png 348w, https:\/\/wp.unil.ch\/outofthebox\/files\/2023\/09\/lilith-300x171.png 300w\" sizes=\"auto, (max-width: 348px) 100vw, 348px\" \/><\/a><\/p>\n\n\n\n<p><a rel=\"noreferrer noopener\" href=\"https:\/\/epfl.ch\/campus\/associations\/list\/planqueer\/\" data-type=\"link\" data-id=\"epfl.ch\/campus\/associations\/list\/planqueer\/\" target=\"_blank\"><\/a><\/p>\n<\/div>\n\n\n\n<div class=\"wp-block-column is-layout-flow wp-block-column-is-layout-flow\">\n<p><a rel=\"noreferrer noopener\" href=\"https:\/\/www.organisation-lesbienne.ch\/\" data-type=\"link\" data-id=\"https:\/\/www.organisation-lesbienne.ch\/\" target=\"_blank\"><\/a><a rel=\"noreferrer noopener\" href=\"https:\/\/www.organisation-lesbienne.ch\/\" data-type=\"link\" data-id=\"https:\/\/www.organisation-lesbienne.ch\/\" target=\"_blank\"><img alt=\"\" loading=\"lazy\" decoding=\"async\" width=\"311\" height=\"137\" class=\"wp-image-491\" style=\"width: 130px\" src=\"https:\/\/wp.unil.ch\/outofthebox\/files\/2023\/09\/LOS.png\" alt=\"\" srcset=\"https:\/\/wp.unil.ch\/outofthebox\/files\/2023\/09\/LOS.png 311w, https:\/\/wp.unil.ch\/outofthebox\/files\/2023\/09\/LOS-300x132.png 300w\" sizes=\"auto, (max-width: 311px) 100vw, 311px\" \/><\/a><\/p>\n\n\n\n<p><a rel=\"noreferrer noopener\" href=\"https:\/\/pinkcross.ch\/fr\/\" data-type=\"link\" data-id=\"pinkcross.ch\/fr\/qui-sommes-nous\" target=\"_blank\"><img alt=\"\" loading=\"lazy\" decoding=\"async\" width=\"916\" height=\"210\" class=\"wp-image-488\" style=\"width: 260px\" src=\"https:\/\/wp.unil.ch\/outofthebox\/files\/2023\/09\/Pink-Cross.png\" alt=\"\" srcset=\"https:\/\/wp.unil.ch\/outofthebox\/files\/2023\/09\/Pink-Cross.png 916w, https:\/\/wp.unil.ch\/outofthebox\/files\/2023\/09\/Pink-Cross-300x69.png 300w, https:\/\/wp.unil.ch\/outofthebox\/files\/2023\/09\/Pink-Cross-768x176.png 768w, https:\/\/wp.unil.ch\/outofthebox\/files\/2023\/09\/Pink-Cross-540x124.png 540w\" sizes=\"auto, (max-width: 916px) 100vw, 916px\" \/><\/a><\/p>\n\n\n\n<div style=\"height:14px\" aria-hidden=\"true\" class=\"wp-block-spacer\"><\/div>\n\n\n\n<p><img loading=\"lazy\" decoding=\"async\" width=\"1128\" height=\"191\" class=\"wp-image-2112\" style=\"width: 220px\" src=\"https:\/\/wp.unil.ch\/outofthebox\/files\/2025\/04\/voqueer_cover.jpg\" alt=\"voqueer cover\" srcset=\"https:\/\/wp.unil.ch\/outofthebox\/files\/2025\/04\/voqueer_cover.jpg 1128w, https:\/\/wp.unil.ch\/outofthebox\/files\/2025\/04\/voqueer_cover-300x51.jpg 300w, https:\/\/wp.unil.ch\/outofthebox\/files\/2025\/04\/voqueer_cover-1024x173.jpg 1024w, https:\/\/wp.unil.ch\/outofthebox\/files\/2025\/04\/voqueer_cover-768x130.jpg 768w, https:\/\/wp.unil.ch\/outofthebox\/files\/2025\/04\/voqueer_cover-540x91.jpg 540w, https:\/\/wp.unil.ch\/outofthebox\/files\/2025\/04\/voqueer_cover-1080x183.jpg 1080w\" sizes=\"auto, (max-width: 1128px) 100vw, 1128px\" \/><\/p>\n\n\n\n<div class=\"wp-block-group\"><div class=\"wp-block-group__inner-container is-layout-constrained wp-block-group-is-layout-constrained\">\n<p><a href=\"https:\/\/www.profa.ch\/lausannecheckpoint\" data-type=\"link\" data-id=\"https:\/\/www.profa.ch\/lausannecheckpoint\" target=\"_blank\" rel=\"noreferrer noopener\"><img alt=\"\" loading=\"lazy\" decoding=\"async\" width=\"788\" height=\"432\" class=\"wp-image-501\" style=\"width: 170px\" src=\"https:\/\/wp.unil.ch\/outofthebox\/files\/2023\/09\/Capture-de\u0301cran-2023-09-12-a\u0300-19.06.28.png\" alt=\"\" srcset=\"https:\/\/wp.unil.ch\/outofthebox\/files\/2023\/09\/Capture-de\u0301cran-2023-09-12-a\u0300-19.06.28.png 788w, https:\/\/wp.unil.ch\/outofthebox\/files\/2023\/09\/Capture-de\u0301cran-2023-09-12-a\u0300-19.06.28-300x164.png 300w, https:\/\/wp.unil.ch\/outofthebox\/files\/2023\/09\/Capture-de\u0301cran-2023-09-12-a\u0300-19.06.28-768x421.png 768w, https:\/\/wp.unil.ch\/outofthebox\/files\/2023\/09\/Capture-de\u0301cran-2023-09-12-a\u0300-19.06.28-540x296.png 540w\" sizes=\"auto, (max-width: 788px) 100vw, 788px\" \/><\/a><a rel=\"noreferrer noopener\" href=\"https:\/\/www.profa.ch\/l-check\" data-type=\"link\" data-id=\"https:\/\/www.profa.ch\/l-check\" target=\"_blank\"><img alt=\"\" loading=\"lazy\" decoding=\"async\" width=\"418\" height=\"238\" class=\"wp-image-478\" style=\"width: 150px\" src=\"https:\/\/wp.unil.ch\/outofthebox\/files\/2023\/09\/L-Check.png\" alt=\"\" srcset=\"https:\/\/wp.unil.ch\/outofthebox\/files\/2023\/09\/L-Check.png 418w, https:\/\/wp.unil.ch\/outofthebox\/files\/2023\/09\/L-Check-300x171.png 300w\" sizes=\"auto, (max-width: 418px) 100vw, 418px\" \/><\/a><\/p>\n<\/div><\/div>\n<\/div>\n\n\n\n<div class=\"wp-block-column is-layout-flow wp-block-column-is-layout-flow\">\n<p><a rel=\"noreferrer noopener\" href=\"https:\/\/instagram.com\/queermanence\/\" data-type=\"link\" data-id=\"instagram.com\/queermanence\/\" target=\"_blank\"><img alt=\"\" loading=\"lazy\" decoding=\"async\" width=\"242\" height=\"240\" class=\"wp-image-481\" style=\"width: 130px\" src=\"https:\/\/wp.unil.ch\/outofthebox\/files\/2023\/09\/Queermanence.png\" alt=\"\" srcset=\"https:\/\/wp.unil.ch\/outofthebox\/files\/2023\/09\/Queermanence.png 242w, https:\/\/wp.unil.ch\/outofthebox\/files\/2023\/09\/Queermanence-150x150.png 150w\" sizes=\"auto, (max-width: 242px) 100vw, 242px\" \/><\/a><\/p>\n\n\n\n<p><a rel=\"noreferrer noopener\" href=\"https:\/\/stopsuicide.ch\/\" data-type=\"link\" data-id=\"https:\/\/stopsuicide.ch\/\" target=\"_blank\"><\/a><\/p>\n\n\n\n<p><a rel=\"noreferrer noopener\" href=\"https:\/\/regenbogenfamilien.ch\/fr\/familles-arc-en-ciel\/\" data-type=\"link\" data-id=\"regenbogenfamilien.ch\/fr\/familles-arc-en-ciel\/\" target=\"_blank\"><img alt=\"\" loading=\"lazy\" decoding=\"async\" width=\"400\" height=\"216\" class=\"wp-image-484\" style=\"width: 140px\" src=\"https:\/\/wp.unil.ch\/outofthebox\/files\/2023\/09\/Famillearcenciel.png\" alt=\"\" srcset=\"https:\/\/wp.unil.ch\/outofthebox\/files\/2023\/09\/Famillearcenciel.png 400w, https:\/\/wp.unil.ch\/outofthebox\/files\/2023\/09\/Famillearcenciel-300x162.png 300w\" sizes=\"auto, (max-width: 400px) 100vw, 400px\" \/><\/a><\/p>\n\n\n\n<p><a rel=\"noreferrer noopener\" href=\"https:\/\/epfl.ch\/campus\/associations\/list\/planqueer\/\" data-type=\"link\" data-id=\"epfl.ch\/campus\/associations\/list\/planqueer\/\" target=\"_blank\"><img alt=\"\" loading=\"lazy\" decoding=\"async\" width=\"540\" height=\"207\" class=\"wp-image-496\" style=\"width: 150px\" src=\"https:\/\/wp.unil.ch\/outofthebox\/files\/2023\/09\/PlanQueer-1.png\" alt=\"\" srcset=\"https:\/\/wp.unil.ch\/outofthebox\/files\/2023\/09\/PlanQueer-1.png 540w, https:\/\/wp.unil.ch\/outofthebox\/files\/2023\/09\/PlanQueer-1-300x115.png 300w\" sizes=\"auto, (max-width: 540px) 100vw, 540px\" \/><\/a><\/p>\n\n\n\n<p><a rel=\"noreferrer noopener\" href=\"https:\/\/stopsuicide.ch\/\" data-type=\"link\" data-id=\"https:\/\/stopsuicide.ch\/\" target=\"_blank\"><\/a><a rel=\"noreferrer noopener\" href=\"https:\/\/tgns.ch\/fr\/tgns\/\" data-type=\"link\" data-id=\"tgns.ch\/fr\/tgns\/\" target=\"_blank\"><img alt=\"\" loading=\"lazy\" decoding=\"async\" width=\"326\" height=\"192\" class=\"wp-image-487\" style=\"width: 135px\" src=\"https:\/\/wp.unil.ch\/outofthebox\/files\/2023\/09\/TGNS.png\" alt=\"\" srcset=\"https:\/\/wp.unil.ch\/outofthebox\/files\/2023\/09\/TGNS.png 326w, https:\/\/wp.unil.ch\/outofthebox\/files\/2023\/09\/TGNS-300x177.png 300w\" sizes=\"auto, (max-width: 326px) 100vw, 326px\" \/><\/a><\/p>\n\n\n\n<p><a rel=\"noreferrer noopener\" href=\"https:\/\/epfl.ch\/campus\/associations\/list\/planqueer\/\" data-type=\"link\" data-id=\"epfl.ch\/campus\/associations\/list\/planqueer\/\" target=\"_blank\"><\/a><\/p>\n\n\n\n<p><a rel=\"noreferrer noopener\" href=\"https:\/\/vogay.ch\" data-type=\"link\" data-id=\"vogay.ch\" target=\"_blank\"><\/a><\/p>\n<\/div>\n<\/div>\n<\/div><\/div>\n\n\n\n<div style=\"height:10px\" aria-hidden=\"true\" class=\"wp-block-spacer\"><\/div>\n\n\n\n<p class=\"has-large-font-size\"><strong>Pour en savoir plus<\/strong><\/p>\n\n\n\n<div class=\"wp-block-group alignwide\"><div class=\"wp-block-group__inner-container is-layout-constrained wp-block-group-is-layout-constrained\">\n<p>Ces livres sont \u00e0 votre disposition dans le placard :<\/p>\n\n\n\n<div class=\"wp-block-columns alignwide is-layout-flex wp-container-core-columns-is-layout-9d6595d7 wp-block-columns-is-layout-flex\">\n<div class=\"wp-block-column is-layout-flow wp-block-column-is-layout-flow\">\n<ul class=\"wp-block-list\">\n<li>Bechdel Alison, <em>L\u2019essentiel des gouines \u00e0 suivre<\/em><\/li>\n\n\n\n<li>Belli\u00e8re Charlotte, <em>Et toi, ta famille&nbsp;?<\/em><\/li>\n\n\n\n<li>Bri\u00e8re-Haquet Alice, <em>La princesse qui n\u2019aimait pas les princes<\/em><\/li>\n\n\n\n<li>Chauvin S\u00e9bastien, <em>Sociologie de l\u2019homosexualit\u00e9<\/em><\/li>\n\n\n\n<li>Coffin Alice, <em>Le g\u00e9nie lesbien<\/em><\/li>\n\n\n\n<li>Dayer Caroline, <em>Le pouvoir de l\u2019injure<\/em><\/li>\n\n\n\n<li>Delessert Thierry, <em>Les homosexuels sont un danger absolu<\/em><\/li>\n\n\n\n<li>Despentes Virginie,&nbsp; <em>Apocalypse b\u00e9b\u00e9<\/em><\/li>\n\n\n\n<li>Eribon Didier, <em>Retour \u00e0 Reims<\/em><\/li>\n\n\n\n<li>Gengoro Tangame, <em>Le mari de mon fr\u00e8re<\/em><\/li>\n\n\n\n<li>Green Bernadette, <em>Mes deux mamans<\/em><\/li>\n\n\n\n<li>Hall Radclyffe, <em>The Well of Loneliness<\/em><\/li>\n\n\n\n<li>Highsmith Patricia, <em>The Price of Salt<\/em><\/li>\n\n\n\n<li>Kosofsky Sedwick Eve, <em>\u00c9pist\u00e9mologie du placard<\/em><\/li>\n\n\n\n<li>Kushner Tony, <em>Angels in America<\/em><\/li>\n<\/ul>\n\n\n\n<p><\/p>\n\n\n\n<p><\/p>\n\n\n\n<p>Vous y trouverez aussi les cartes de jass \u00ab&nbsp;respectueuses des genres&nbsp;\u00bb de l\u2019artiste bernoise&nbsp;<a href=\"https:\/\/www.jasskarten.net\/\">Anja<\/a>.<\/p>\n<\/div>\n\n\n\n<div class=\"wp-block-column is-layout-flow wp-block-column-is-layout-flow\">\n<ul class=\"wp-block-list\">\n<li>Lifshitz S\u00e9bastien, <em>Les invisibles<\/em><\/li>\n\n\n\n<li>Louis Edouard, <em>En finir avec Eddy Bellegueule<\/em><\/li>\n\n\n\n<li>Maroh Jul\u2019, <em>Le bleu en une couleur chaude<\/em><\/li>\n\n\n\n<li>Oseman Alice, <em>Hearstopper (roman graphique)<\/em><\/li>\n\n\n\n<li>Raz Michal, <em>Intersexes &#8211; Du pouvoir m\u00e9dical \u00e0 l&rsquo;autod\u00e9termination<\/em><\/li>\n\n\n\n<li>Richard Jo\u00eblle, <em>M\u00c5NGATA<\/em><\/li>\n\n\n\n<li>Roca Marta, <em>Le mariage pour toutes et tous<\/em><\/li>\n\n\n\n<li>Walden Tillie, <em>Spinning<\/em><\/li>\n\n\n\n<li>Wenker Mary, <em>Camille aux papillons<\/em><\/li>\n\n\n\n<li>Wilde Oscar, <em>Salome<\/em><\/li>\n\n\n\n<li>Wittig Monique, <em>Les gu\u00e9rilli\u00e8res<\/em><\/li>\n\n\n\n<li>Woolf Virginia, <em>Orlando<\/em><\/li>\n\n\n\n<li>Ziegler Andreas, <em>LGBT-Recht \/ Droit LGBT<\/em><\/li>\n<\/ul>\n\n\n<div class=\"wp-block-image\">\n<figure class=\"aligncenter size-large is-resized\"><img alt=\"\" loading=\"lazy\" decoding=\"async\" width=\"1024\" height=\"1024\" src=\"https:\/\/wp.unil.ch\/outofthebox\/files\/2023\/10\/Placards_Web_Fleur3-1024x1024.png\" alt=\"\" class=\"wp-image-865\" style=\"width:276px;height:276px\" srcset=\"https:\/\/wp.unil.ch\/outofthebox\/files\/2023\/10\/Placards_Web_Fleur3-1024x1024.png 1024w, https:\/\/wp.unil.ch\/outofthebox\/files\/2023\/10\/Placards_Web_Fleur3-300x300.png 300w, https:\/\/wp.unil.ch\/outofthebox\/files\/2023\/10\/Placards_Web_Fleur3-150x150.png 150w, https:\/\/wp.unil.ch\/outofthebox\/files\/2023\/10\/Placards_Web_Fleur3-768x768.png 768w, https:\/\/wp.unil.ch\/outofthebox\/files\/2023\/10\/Placards_Web_Fleur3-540x540.png 540w, https:\/\/wp.unil.ch\/outofthebox\/files\/2023\/10\/Placards_Web_Fleur3-1080x1080.png 1080w, https:\/\/wp.unil.ch\/outofthebox\/files\/2023\/10\/Placards_Web_Fleur3.png 1500w\" sizes=\"auto, (max-width: 1024px) 100vw, 1024px\" \/><\/figure>\n<\/div><\/div>\n<\/div>\n<\/div><\/div>\n","protected":false},"excerpt":{"rendered":"<p>Ressources internes Si vous avez besoin de plus d\u2019informations, ou si vous vivez des discriminations \u00e0 l\u2019UNIL en raison de votre orientation affective et sexuelle ou de votre&hellip;<\/p>\n","protected":false},"author":1002678,"featured_media":0,"parent":0,"menu_order":0,"comment_status":"closed","ping_status":"closed","template":"","meta":{"_seopress_robots_primary_cat":"","_seopress_titles_title":"","_seopress_titles_desc":"","_seopress_robots_index":"","footnotes":""},"class_list":["post-350","page","type-page","status-publish","has-post-thumbnail"],"publishpress_future_action":{"enabled":false,"date":"2026-04-16 09:43:07","action":"change-status","newStatus":"draft","terms":[],"taxonomy":"","extraData":[]},"publishpress_future_workflow_manual_trigger":{"enabledWorkflows":[]},"_links":{"self":[{"href":"https:\/\/wp.unil.ch\/outofthebox\/wp-json\/wp\/v2\/pages\/350","targetHints":{"allow":["GET"]}}],"collection":[{"href":"https:\/\/wp.unil.ch\/outofthebox\/wp-json\/wp\/v2\/pages"}],"about":[{"href":"https:\/\/wp.unil.ch\/outofthebox\/wp-json\/wp\/v2\/types\/page"}],"author":[{"embeddable":true,"href":"https:\/\/wp.unil.ch\/outofthebox\/wp-json\/wp\/v2\/users\/1002678"}],"replies":[{"embeddable":true,"href":"https:\/\/wp.unil.ch\/outofthebox\/wp-json\/wp\/v2\/comments?post=350"}],"version-history":[{"count":1,"href":"https:\/\/wp.unil.ch\/outofthebox\/wp-json\/wp\/v2\/pages\/350\/revisions"}],"predecessor-version":[{"id":2115,"href":"https:\/\/wp.unil.ch\/outofthebox\/wp-json\/wp\/v2\/pages\/350\/revisions\/2115"}],"wp:attachment":[{"href":"https:\/\/wp.unil.ch\/outofthebox\/wp-json\/wp\/v2\/media?parent=350"}],"curies":[{"name":"wp","href":"https:\/\/api.w.org\/{rel}","templated":true}]}}