{"id":2345,"date":"2026-04-23T17:52:11","date_gmt":"2026-04-23T15:52:11","guid":{"rendered":"https:\/\/wp.unil.ch\/outofthebox\/?page_id=2345"},"modified":"2026-04-23T17:52:11","modified_gmt":"2026-04-23T15:52:11","slug":"le-placard-a-luniversite-de-neuchatel","status":"publish","type":"page","link":"https:\/\/wp.unil.ch\/outofthebox\/le-placard-a-luniversite-de-neuchatel\/","title":{"rendered":"LE PLACARD \u00c0 L&rsquo;UNIVERSIT\u00c9 DE NEUCH\u00c2TEL"},"content":{"rendered":"\n<p><strong>Du 11 au 29 mai 2026<\/strong><\/p>\n\n\n\n<p><strong>O\u00f9 nous trouver ?<\/strong><\/p>\n\n\n\n<p><strong>Universit\u00e9 de Neuch\u00e2tel, Emile-Argand 11, Unimail \u2013 B\u00e2timent T<\/strong><\/p>\n\n\n\n<p>Le vernissage d\u2019OUT OF THE BOX \u00e0 l\u2019UNINE&nbsp;<strong>aura lieu le<\/strong><strong>&nbsp;19 mai \u00e0 18h<\/strong>.<\/p>\n\n\n\n<figure class=\"wp-block-image alignwide size-full\"><img alt=\"capture d\u2019e\u0301cran 2026 04 23 a\u0300 11.26.30\" loading=\"lazy\" decoding=\"async\" width=\"844\" height=\"1200\" src=\"https:\/\/wp.unil.ch\/outofthebox\/files\/2026\/04\/capture-decran-2026-04-23-a-11.26.30.png\" alt=\"\" class=\"wp-image-2376\" srcset=\"https:\/\/wp.unil.ch\/outofthebox\/files\/2026\/04\/capture-decran-2026-04-23-a-11.26.30.png 844w, https:\/\/wp.unil.ch\/outofthebox\/files\/2026\/04\/capture-decran-2026-04-23-a-11.26.30-211x300.png 211w, https:\/\/wp.unil.ch\/outofthebox\/files\/2026\/04\/capture-decran-2026-04-23-a-11.26.30-720x1024.png 720w, https:\/\/wp.unil.ch\/outofthebox\/files\/2026\/04\/capture-decran-2026-04-23-a-11.26.30-768x1092.png 768w, https:\/\/wp.unil.ch\/outofthebox\/files\/2026\/04\/capture-decran-2026-04-23-a-11.26.30-540x768.png 540w\" sizes=\"auto, (max-width: 844px) 100vw, 844px\" \/><\/figure>\n","protected":false},"excerpt":{"rendered":"<p>Du 11 au 29 mai 2026 O\u00f9 nous trouver ? Universit\u00e9 de Neuch\u00e2tel, Emile-Argand 11, Unimail \u2013 B\u00e2timent T Le vernissage d\u2019OUT OF THE BOX \u00e0 l\u2019UNINE&nbsp;aura lieu&hellip;<\/p>\n","protected":false},"author":1002678,"featured_media":0,"parent":0,"menu_order":0,"comment_status":"closed","ping_status":"closed","template":"","meta":{"_seopress_robots_primary_cat":"","_seopress_titles_title":"","_seopress_titles_desc":"","_seopress_robots_index":"","footnotes":""},"class_list":["post-2345","page","type-page","status-publish","has-post-thumbnail"],"publishpress_future_action":{"enabled":false,"date":"2026-05-07 01:14:53","action":"change-status","newStatus":"draft","terms":[],"taxonomy":"","extraData":[]},"publishpress_future_workflow_manual_trigger":{"enabledWorkflows":[]},"_links":{"self":[{"href":"https:\/\/wp.unil.ch\/outofthebox\/wp-json\/wp\/v2\/pages\/2345","targetHints":{"allow":["GET"]}}],"collection":[{"href":"https:\/\/wp.unil.ch\/outofthebox\/wp-json\/wp\/v2\/pages"}],"about":[{"href":"https:\/\/wp.unil.ch\/outofthebox\/wp-json\/wp\/v2\/types\/page"}],"author":[{"embeddable":true,"href":"https:\/\/wp.unil.ch\/outofthebox\/wp-json\/wp\/v2\/users\/1002678"}],"replies":[{"embeddable":true,"href":"https:\/\/wp.unil.ch\/outofthebox\/wp-json\/wp\/v2\/comments?post=2345"}],"version-history":[{"count":2,"href":"https:\/\/wp.unil.ch\/outofthebox\/wp-json\/wp\/v2\/pages\/2345\/revisions"}],"predecessor-version":[{"id":2377,"href":"https:\/\/wp.unil.ch\/outofthebox\/wp-json\/wp\/v2\/pages\/2345\/revisions\/2377"}],"wp:attachment":[{"href":"https:\/\/wp.unil.ch\/outofthebox\/wp-json\/wp\/v2\/media?parent=2345"}],"curies":[{"name":"wp","href":"https:\/\/api.w.org\/{rel}","templated":true}]}}

LE PLACARD À L&rsquo;UNIVERSITÉ DE NEUCHÂTEL

<p><strong>Du 11 au 29 mai 2026</strong></p>



<p><strong>Où nous trouver ?</strong></p>



<p><strong>Université de Neuchâtel, Emile-Argand 11, Unimail – Bâtiment T</strong></p>



<p>Le vernissage d’OUT OF THE BOX à l’UNINE&nbsp;<strong>aura lieu le</strong><strong>&nbsp;19 mai à 18h</strong>.</p>



<figure class="wp-block-image alignwide size-full"><img alt="capture d’écran 2026 04 23 à 11.26.30" loading="lazy" decoding="async" width="844" height="1200" src="https://wp.unil.ch/outofthebox/files/2026/04/capture-decran-2026-04-23-a-11.26.30.png" alt="" class="wp-image-2376" srcset="https://wp.unil.ch/outofthebox/files/2026/04/capture-decran-2026-04-23-a-11.26.30.png 844w, https://wp.unil.ch/outofthebox/files/2026/04/capture-decran-2026-04-23-a-11.26.30-211x300.png 211w, https://wp.unil.ch/outofthebox/files/2026/04/capture-decran-2026-04-23-a-11.26.30-720x1024.png 720w, https://wp.unil.ch/outofthebox/files/2026/04/capture-decran-2026-04-23-a-11.26.30-768x1092.png 768w, https://wp.unil.ch/outofthebox/files/2026/04/capture-decran-2026-04-23-a-11.26.30-540x768.png 540w" sizes="auto, (max-width: 844px) 100vw, 844px" /></figure>

<p>Du 11 au 29 mai 2026 Où nous trouver ? Université de Neuchâtel, Emile-Argand 11, Unimail – Bâtiment T Le vernissage d’OUT OF THE BOX à l’UNINE&nbsp;aura lieu&hellip;</p>
