{"id":2340,"date":"2026-03-24T09:40:36","date_gmt":"2026-03-24T08:40:36","guid":{"rendered":"https:\/\/wp.unil.ch\/outofthebox\/?page_id=2340"},"modified":"2026-04-23T17:55:18","modified_gmt":"2026-04-23T15:55:18","slug":"spectacles","status":"publish","type":"page","link":"https:\/\/wp.unil.ch\/outofthebox\/spectacles\/","title":{"rendered":"CLOSE(T)"},"content":{"rendered":"\n<div class=\"wp-block-group alignwide\"><div class=\"wp-block-group__inner-container is-layout-constrained wp-block-group-is-layout-constrained\">\n<p>Lecture-performance musicale des r\u00e9cits LGBTIQ collect\u00e9s par le dispositif OUT OF THE BOX de l&rsquo;UNIL en Suisse romande.&nbsp;<\/p>\n\n\n\n<div style=\"height:40px\" aria-hidden=\"true\" class=\"wp-block-spacer\"><\/div>\n\n\n\n<p><strong>Avec :&nbsp;<\/strong>Am\u00e9lie Ch\u00e9rubin Souli\u00e8res, Olivier Havran<\/p>\n\n\n\n<p><strong>Jeu et composition musicale :&nbsp;<\/strong>Billie Bird<\/p>\n\n\n\n<p><strong>Texte :<\/strong>&nbsp;Jo\u00eblle Richard<\/p>\n\n\n\n<p><strong>Coproduction :&nbsp;<\/strong>UNIL, Ville de Lausanne, Cie Roz &amp; Coz<\/p>\n\n\n\n<div style=\"height:40px\" aria-hidden=\"true\" class=\"wp-block-spacer\"><\/div>\n\n\n\n<p>Avec le soutien de l&rsquo;Etat de Vaud, du Fonds culturel de la Soci\u00e9t\u00e9 Suisse des Auteurs (SSA) et de la Fondation Jan Michalski pour l&rsquo;\u00e9criture et la litt\u00e9rature.&nbsp;<\/p>\n\n\n\n<div style=\"height:40px\" aria-hidden=\"true\" class=\"wp-block-spacer\"><\/div>\n\n\n\n<p class=\"has-large-font-size\"><strong>Dates&nbsp;:&nbsp;<\/strong><\/p>\n\n\n\n<p><strong>7 mai 2026, 18h30, Nucl\u00e9o (Vortex, UNIL-Sorge)<\/strong><\/p>\n\n\n\n<p>La repr\u00e9sentation sera pr\u00e9c\u00e9d\u00e9e par un discours de bienvenue de la Vice-Rectrice \u00ab\u00a0Egalit\u00e9, diversit\u00e9 et carri\u00e8res\u00a0\u00bb Prof. Liliane Michalik et sera suivie par un bord de sc\u00e8ne avec les artistes anim\u00e9 par la D\u00e9l\u00e9gu\u00e9e cantonale aux questions d&rsquo;homophobie et de transphobie dans les lieux de formation&nbsp;<strong>Dre Caroline Dayer.<\/strong>&nbsp;<\/p>\n\n\n\n<p>Inscription sur&nbsp;:&nbsp;<a href=\"https:\/\/events.unil.ch\/register\/646\">https:\/\/events.unil.ch\/register\/646<\/a><\/p>\n\n\n\n<div style=\"height:40px\" aria-hidden=\"true\" class=\"wp-block-spacer\"><\/div>\n\n\n\n<p><strong>15 mai 2026, 19h15, Temple des Eplatures (La Chaux-de-Fonds)<\/strong><\/p>\n\n\n\n<p>Inscription sur&nbsp;:&nbsp;<a href=\"https:\/\/events.unil.ch\/register\/671\">https:\/\/events.unil.ch\/register\/671<\/a><\/p>\n\n\n\n<div style=\"height:40px\" aria-hidden=\"true\" class=\"wp-block-spacer\"><\/div>\n\n\n\n<p><strong>21 mai 2026, 19h, Casino de Montbenon (Lausanne)<\/strong><\/p>\n\n\n\n<p>Inscription sur:&nbsp;<a href=\"https:\/\/events.unil.ch\/register\/672\">https:\/\/events.unil.ch\/register\/672<\/a><\/p>\n\n\n\n<div style=\"height:40px\" aria-hidden=\"true\" class=\"wp-block-spacer\"><\/div>\n\n\n\n<p><strong>18 juin 2026, 20h, Tour vagabonde (Fribourg)<\/strong><\/p>\n\n\n\n<p>Inscription sur&nbsp;:&nbsp;<a href=\"https:\/\/events.unil.ch\/register\/673\">https:\/\/events.unil.ch\/register\/673<\/a><\/p>\n\n\n\n<div style=\"height:40px\" aria-hidden=\"true\" class=\"wp-block-spacer\"><\/div>\n\n\n\n<p><strong>19 juin 2026, 20h, Tour vagabonde (Fribourg)<\/strong><\/p>\n\n\n\n<p>Inscription sur&nbsp;:&nbsp;<a href=\"https:\/\/events.unil.ch\/register\/674\">https:\/\/events.unil.ch\/register\/674<\/a><\/p>\n<\/div><\/div>\n\n\n\n<div class=\"wp-block-group alignwide\"><div class=\"wp-block-group__inner-container is-layout-constrained wp-block-group-is-layout-constrained\"><div class=\"wp-block-image\">\n<figure class=\"aligncenter size-full is-resized\"><img alt=\"capture d\u2019e\u0301cran 2026 04 13 a\u0300 15.29.02\" loading=\"lazy\" decoding=\"async\" width=\"1286\" height=\"1840\" src=\"https:\/\/wp.unil.ch\/outofthebox\/files\/2026\/04\/capture-decran-2026-04-13-a-15.29.02-1.png\" alt=\"\" class=\"wp-image-2366\" style=\"aspect-ratio:0.6989160330043682;width:941px;height:auto\" srcset=\"https:\/\/wp.unil.ch\/outofthebox\/files\/2026\/04\/capture-decran-2026-04-13-a-15.29.02-1.png 1286w, https:\/\/wp.unil.ch\/outofthebox\/files\/2026\/04\/capture-decran-2026-04-13-a-15.29.02-1-210x300.png 210w, https:\/\/wp.unil.ch\/outofthebox\/files\/2026\/04\/capture-decran-2026-04-13-a-15.29.02-1-716x1024.png 716w, https:\/\/wp.unil.ch\/outofthebox\/files\/2026\/04\/capture-decran-2026-04-13-a-15.29.02-1-768x1099.png 768w, https:\/\/wp.unil.ch\/outofthebox\/files\/2026\/04\/capture-decran-2026-04-13-a-15.29.02-1-1074x1536.png 1074w, https:\/\/wp.unil.ch\/outofthebox\/files\/2026\/04\/capture-decran-2026-04-13-a-15.29.02-1-540x773.png 540w, https:\/\/wp.unil.ch\/outofthebox\/files\/2026\/04\/capture-decran-2026-04-13-a-15.29.02-1-1080x1545.png 1080w\" sizes=\"auto, (max-width: 1286px) 100vw, 1286px\" \/><\/figure>\n<\/div><\/div><\/div>\n\n\n\n<p><\/p>\n","protected":false},"excerpt":{"rendered":"<p>Lecture-performance musicale des r\u00e9cits LGBTIQ collect\u00e9s par le dispositif OUT OF THE BOX de l&rsquo;UNIL en Suisse romande.&nbsp; Avec :&nbsp;Am\u00e9lie Ch\u00e9rubin Souli\u00e8res, Olivier Havran Jeu et composition musicale&hellip;<\/p>\n","protected":false},"author":1002678,"featured_media":0,"parent":0,"menu_order":0,"comment_status":"closed","ping_status":"closed","template":"","meta":{"_seopress_robots_primary_cat":"","_seopress_titles_title":"","_seopress_titles_desc":"","_seopress_robots_index":"","footnotes":""},"class_list":["post-2340","page","type-page","status-publish","has-post-thumbnail"],"publishpress_future_action":{"enabled":false,"date":"2026-05-07 00:42:15","action":"change-status","newStatus":"draft","terms":[],"taxonomy":"","extraData":[]},"publishpress_future_workflow_manual_trigger":{"enabledWorkflows":[]},"_links":{"self":[{"href":"https:\/\/wp.unil.ch\/outofthebox\/wp-json\/wp\/v2\/pages\/2340","targetHints":{"allow":["GET"]}}],"collection":[{"href":"https:\/\/wp.unil.ch\/outofthebox\/wp-json\/wp\/v2\/pages"}],"about":[{"href":"https:\/\/wp.unil.ch\/outofthebox\/wp-json\/wp\/v2\/types\/page"}],"author":[{"embeddable":true,"href":"https:\/\/wp.unil.ch\/outofthebox\/wp-json\/wp\/v2\/users\/1002678"}],"replies":[{"embeddable":true,"href":"https:\/\/wp.unil.ch\/outofthebox\/wp-json\/wp\/v2\/comments?post=2340"}],"version-history":[{"count":5,"href":"https:\/\/wp.unil.ch\/outofthebox\/wp-json\/wp\/v2\/pages\/2340\/revisions"}],"predecessor-version":[{"id":2382,"href":"https:\/\/wp.unil.ch\/outofthebox\/wp-json\/wp\/v2\/pages\/2340\/revisions\/2382"}],"wp:attachment":[{"href":"https:\/\/wp.unil.ch\/outofthebox\/wp-json\/wp\/v2\/media?parent=2340"}],"curies":[{"name":"wp","href":"https:\/\/api.w.org\/{rel}","templated":true}]}}

<div class="wp-block-group alignwide"><div class="wp-block-group__inner-container is-layout-constrained wp-block-group-is-layout-constrained">
<p>Lecture-performance musicale des récits LGBTIQ collectés par le dispositif OUT OF THE BOX de l&rsquo;UNIL en Suisse romande.&nbsp;</p>



<div style="height:40px" aria-hidden="true" class="wp-block-spacer"></div>



<p><strong>Avec :&nbsp;</strong>Amélie Chérubin Soulières, Olivier Havran</p>



<p><strong>Jeu et composition musicale :&nbsp;</strong>Billie Bird</p>



<p><strong>Texte :</strong>&nbsp;Joëlle Richard</p>



<p><strong>Coproduction :&nbsp;</strong>UNIL, Ville de Lausanne, Cie Roz &amp; Coz</p>



<div style="height:40px" aria-hidden="true" class="wp-block-spacer"></div>



<p>Avec le soutien de l&rsquo;Etat de Vaud, du Fonds culturel de la Société Suisse des Auteurs (SSA) et de la Fondation Jan Michalski pour l&rsquo;écriture et la littérature.&nbsp;</p>



<div style="height:40px" aria-hidden="true" class="wp-block-spacer"></div>



<p class="has-large-font-size"><strong>Dates&nbsp;:&nbsp;</strong></p>



<p><strong>7 mai 2026, 18h30, Nucléo (Vortex, UNIL-Sorge)</strong></p>



<p>La représentation sera précédée par un discours de bienvenue de la Vice-Rectrice « Egalité, diversité et carrières » Prof. Liliane Michalik et sera suivie par un bord de scène avec les artistes animé par la Déléguée cantonale aux questions d&rsquo;homophobie et de transphobie dans les lieux de formation&nbsp;<strong>Dre Caroline Dayer.</strong>&nbsp;</p>



<p>Inscription sur&nbsp;:&nbsp;<a href="https://events.unil.ch/register/646">https://events.unil.ch/register/646</a></p>



<div style="height:40px" aria-hidden="true" class="wp-block-spacer"></div>



<p><strong>15 mai 2026, 19h15, Temple des Eplatures (La Chaux-de-Fonds)</strong></p>



<p>Inscription sur&nbsp;:&nbsp;<a href="https://events.unil.ch/register/671">https://events.unil.ch/register/671</a></p>



<div style="height:40px" aria-hidden="true" class="wp-block-spacer"></div>



<p><strong>21 mai 2026, 19h, Casino de Montbenon (Lausanne)</strong></p>



<p>Inscription sur:&nbsp;<a href="https://events.unil.ch/register/672">https://events.unil.ch/register/672</a></p>



<div style="height:40px" aria-hidden="true" class="wp-block-spacer"></div>



<p><strong>18 juin 2026, 20h, Tour vagabonde (Fribourg)</strong></p>



<p>Inscription sur&nbsp;:&nbsp;<a href="https://events.unil.ch/register/673">https://events.unil.ch/register/673</a></p>



<div style="height:40px" aria-hidden="true" class="wp-block-spacer"></div>



<p><strong>19 juin 2026, 20h, Tour vagabonde (Fribourg)</strong></p>



<p>Inscription sur&nbsp;:&nbsp;<a href="https://events.unil.ch/register/674">https://events.unil.ch/register/674</a></p>
</div></div>



<div class="wp-block-group alignwide"><div class="wp-block-group__inner-container is-layout-constrained wp-block-group-is-layout-constrained"><div class="wp-block-image">
<figure class="aligncenter size-full is-resized"><img alt="capture d’écran 2026 04 13 à 15.29.02" loading="lazy" decoding="async" width="1286" height="1840" src="https://wp.unil.ch/outofthebox/files/2026/04/capture-decran-2026-04-13-a-15.29.02-1.png" alt="" class="wp-image-2366" style="aspect-ratio:0.6989160330043682;width:941px;height:auto" srcset="https://wp.unil.ch/outofthebox/files/2026/04/capture-decran-2026-04-13-a-15.29.02-1.png 1286w, https://wp.unil.ch/outofthebox/files/2026/04/capture-decran-2026-04-13-a-15.29.02-1-210x300.png 210w, https://wp.unil.ch/outofthebox/files/2026/04/capture-decran-2026-04-13-a-15.29.02-1-716x1024.png 716w, https://wp.unil.ch/outofthebox/files/2026/04/capture-decran-2026-04-13-a-15.29.02-1-768x1099.png 768w, https://wp.unil.ch/outofthebox/files/2026/04/capture-decran-2026-04-13-a-15.29.02-1-1074x1536.png 1074w, https://wp.unil.ch/outofthebox/files/2026/04/capture-decran-2026-04-13-a-15.29.02-1-540x773.png 540w, https://wp.unil.ch/outofthebox/files/2026/04/capture-decran-2026-04-13-a-15.29.02-1-1080x1545.png 1080w" sizes="auto, (max-width: 1286px) 100vw, 1286px" /></figure>
</div></div></div>



<p></p>

<p>Lecture-performance musicale des récits LGBTIQ collectés par le dispositif OUT OF THE BOX de l&rsquo;UNIL en Suisse romande.&nbsp; Avec :&nbsp;Amélie Chérubin Soulières, Olivier Havran Jeu et composition musicale&hellip;</p>
