{"id":1939,"date":"2024-07-15T10:21:11","date_gmt":"2024-07-15T08:21:11","guid":{"rendered":"https:\/\/wp.unil.ch\/outofthebox\/?page_id=1939"},"modified":"2024-07-15T15:43:39","modified_gmt":"2024-07-15T13:43:39","slug":"carte-des-campus","status":"publish","type":"page","link":"https:\/\/wp.unil.ch\/outofthebox\/carte-des-campus\/","title":{"rendered":"Carte des campus"},"content":{"rendered":"\n<div class=\"wp-block-group alignwide\"><div class=\"wp-block-group__inner-container is-layout-constrained wp-block-group-is-layout-constrained\">\n<p>Voici la carte des campus r\u00e9alis\u00e9e par l&rsquo;artiste Madame Marilou, qui a \u00e9t\u00e9 d\u00e9voil\u00e9e le 15 mai 2024 \u00e0 l&rsquo;occasion de l&rsquo;IDAHOBIT. Associ\u00e9e \u00e0 l&rsquo;application de r\u00e9alit\u00e9 augment\u00e9e UNIL &#8211; OUT OF THE BOX, d\u00e9velopp\u00e9e par notre partenaire Fullframe Creative, celle-ci permet d&rsquo;\u00e9couter \u00e0 l&rsquo;aide d&rsquo;un smartphone ou d&rsquo;une tablette l&rsquo;ensemble des r\u00e9cits collect\u00e9s sur les campus de l&rsquo;UNIL. Cette carte sera r\u00e9guli\u00e8rement mise \u00e0 jour avec de nouvelles histoires.<\/p>\n<\/div><\/div>\n\n\n\n<div class=\"wp-block-group alignwide\"><div class=\"wp-block-group__inner-container is-layout-constrained wp-block-group-is-layout-constrained\">\n<figure class=\"wp-block-image alignfull size-full\"><img alt=\"\" loading=\"lazy\" decoding=\"async\" width=\"1525\" height=\"1200\" src=\"https:\/\/wp.unil.ch\/outofthebox\/files\/2024\/07\/Capture-decran-2024-07-15-a-14.19.26.png\" alt=\"\" class=\"wp-image-2033\" srcset=\"https:\/\/wp.unil.ch\/outofthebox\/files\/2024\/07\/Capture-decran-2024-07-15-a-14.19.26.png 1525w, https:\/\/wp.unil.ch\/outofthebox\/files\/2024\/07\/Capture-decran-2024-07-15-a-14.19.26-300x236.png 300w, https:\/\/wp.unil.ch\/outofthebox\/files\/2024\/07\/Capture-decran-2024-07-15-a-14.19.26-1024x806.png 1024w, https:\/\/wp.unil.ch\/outofthebox\/files\/2024\/07\/Capture-decran-2024-07-15-a-14.19.26-768x604.png 768w, https:\/\/wp.unil.ch\/outofthebox\/files\/2024\/07\/Capture-decran-2024-07-15-a-14.19.26-540x425.png 540w, https:\/\/wp.unil.ch\/outofthebox\/files\/2024\/07\/Capture-decran-2024-07-15-a-14.19.26-1080x850.png 1080w\" sizes=\"auto, (max-width: 1525px) 100vw, 1525px\" \/><\/figure>\n<\/div><\/div>\n\n\n\n<div class=\"wp-block-group alignwide\"><div class=\"wp-block-group__inner-container is-layout-constrained wp-block-group-is-layout-constrained\">\n<div class=\"wp-block-columns is-layout-flex wp-container-core-columns-is-layout-9d6595d7 wp-block-columns-is-layout-flex\">\n<div class=\"wp-block-column is-layout-flow wp-block-column-is-layout-flow\">\n<div class=\"wp-block-media-text is-stacked-on-mobile\" style=\"grid-template-columns:20% auto\"><figure class=\"wp-block-media-text__media\"><img alt=\"\" loading=\"lazy\" decoding=\"async\" width=\"247\" height=\"252\" src=\"https:\/\/wp.unil.ch\/outofthebox\/files\/2024\/07\/Capture-decran-2024-07-15-a-10.18.24.png\" alt=\"\" class=\"wp-image-1959 size-full\" \/><\/figure><div class=\"wp-block-media-text__content\">\n<div class=\"wp-block-group is-vertical is-layout-flex wp-container-core-group-is-layout-8cf370e7 wp-block-group-is-layout-flex\">\n<p class=\"has-text-align-left\">L&rsquo;application<\/p>\n\n\n\n<p class=\"has-text-align-left\"><strong>UNIL &#8211; OUT OF THE BOX<\/strong><\/p>\n<\/div>\n<\/div><\/div>\n<\/div>\n\n\n\n<div class=\"wp-block-column is-vertically-aligned-center is-layout-flow wp-block-column-is-layout-flow\">\n<p>Lien vers <a href=\"https:\/\/play.google.com\/store\/apps\/details?id=com.Analyst.UNILOutoftheBox&amp;hl=fr_CH\" target=\"_blank\" rel=\"noreferrer noopener\">Google Play<\/a><\/p>\n\n\n\n<p>Lien vers l&rsquo;<a href=\"https:\/\/apps.apple.com\/fr\/app\/unil-out-of-the-box\/id6501986412\" target=\"_blank\" rel=\"noreferrer noopener\">App Store<\/a><\/p>\n<\/div>\n<\/div>\n<\/div><\/div>\n\n\n\n<div class=\"wp-block-group alignwide\"><div class=\"wp-block-group__inner-container is-layout-constrained wp-block-group-is-layout-constrained\">\n<div class=\"wp-block-group alignwide\"><div class=\"wp-block-group__inner-container is-layout-constrained wp-block-group-is-layout-constrained\">\n<p class=\"has-text-align-center has-buttons-text-color has-text-color has-background has-normal-font-size\" style=\"background-color:#6e368c\">Vous \u00e9tudiez ou travaillez \u00e0 l&rsquo;UNIL et souhaitez encore pouvoir nous transmettre un r\u00e9cit ? \u00c9crivez-nous \u00e0 <a href=\"mailto:placards@unil.ch\" target=\"_blank\" rel=\"noreferrer noopener\">placards@unil.ch<\/a> pour prendre rendez-vous et nous raconter votre anecdote de vive voix.<\/p>\n<\/div><\/div>\n<\/div><\/div>\n","protected":false},"excerpt":{"rendered":"<p>Voici la carte des campus r\u00e9alis\u00e9e par l&rsquo;artiste Madame Marilou, qui a \u00e9t\u00e9 d\u00e9voil\u00e9e le 15 mai 2024 \u00e0 l&rsquo;occasion de l&rsquo;IDAHOBIT. Associ\u00e9e \u00e0 l&rsquo;application de r\u00e9alit\u00e9 augment\u00e9e&hellip;<\/p>\n","protected":false},"author":1002678,"featured_media":0,"parent":0,"menu_order":0,"comment_status":"closed","ping_status":"closed","template":"","meta":{"_seopress_robots_primary_cat":"","_seopress_titles_title":"","_seopress_titles_desc":"","_seopress_robots_index":"","footnotes":""},"class_list":["post-1939","page","type-page","status-publish","has-post-thumbnail"],"publishpress_future_action":{"enabled":false,"date":"2026-04-16 09:42:58","action":"change-status","newStatus":"draft","terms":[],"taxonomy":"","extraData":[]},"publishpress_future_workflow_manual_trigger":{"enabledWorkflows":[]},"_links":{"self":[{"href":"https:\/\/wp.unil.ch\/outofthebox\/wp-json\/wp\/v2\/pages\/1939","targetHints":{"allow":["GET"]}}],"collection":[{"href":"https:\/\/wp.unil.ch\/outofthebox\/wp-json\/wp\/v2\/pages"}],"about":[{"href":"https:\/\/wp.unil.ch\/outofthebox\/wp-json\/wp\/v2\/types\/page"}],"author":[{"embeddable":true,"href":"https:\/\/wp.unil.ch\/outofthebox\/wp-json\/wp\/v2\/users\/1002678"}],"replies":[{"embeddable":true,"href":"https:\/\/wp.unil.ch\/outofthebox\/wp-json\/wp\/v2\/comments?post=1939"}],"version-history":[{"count":5,"href":"https:\/\/wp.unil.ch\/outofthebox\/wp-json\/wp\/v2\/pages\/1939\/revisions"}],"predecessor-version":[{"id":2042,"href":"https:\/\/wp.unil.ch\/outofthebox\/wp-json\/wp\/v2\/pages\/1939\/revisions\/2042"}],"wp:attachment":[{"href":"https:\/\/wp.unil.ch\/outofthebox\/wp-json\/wp\/v2\/media?parent=1939"}],"curies":[{"name":"wp","href":"https:\/\/api.w.org\/{rel}","templated":true}]}}