{"id":1826,"date":"2024-04-22T10:46:25","date_gmt":"2024-04-22T08:46:25","guid":{"rendered":"https:\/\/wp.unil.ch\/outofthebox\/?page_id=1826"},"modified":"2024-07-15T09:11:34","modified_gmt":"2024-07-15T07:11:34","slug":"le-placard-au-vortex","status":"publish","type":"page","link":"https:\/\/wp.unil.ch\/outofthebox\/le-placard-au-vortex\/","title":{"rendered":"LE PLACARD AU VORTEX"},"content":{"rendered":"\n<div class=\"wp-block-columns alignwide is-layout-flex wp-container-core-columns-is-layout-9d6595d7 wp-block-columns-is-layout-flex\">\n<div class=\"wp-block-column is-layout-flow wp-block-column-is-layout-flow\" style=\"flex-basis:66.66%\">\n<p class=\"has-large-font-size\"><strong>Le 15 mai 2024<\/strong><\/p>\n\n\n\n<p>Le Dicast\u00e8re \u00ab \u00e9galit\u00e9, diversit\u00e9 &amp; carri\u00e8res \u00bb, le Bureau de l\u2019\u00e9galit\u00e9 de l\u2019UNIL, en collaboration avec la D\u00e9l\u00e9gu\u00e9e cantonale aux questions d\u2019homophobie et de transphobie dans les lieux de formation (\u00c9tat de Vaud), ainsi que les associations Vogay et PlanQueer, ont propos\u00e9 l\u2019\u00e9v\u00e9nement\u00a0<strong>OUT OF THE BOX : L\u2019UNIL EST-ELLE SORTIE DU PLACARD ?\u00a0<\/strong>, \u00e0 l\u2019occasion de la journ\u00e9e internationale contre l\u2019homophobie, la biphobie et la transphobie <strong>le 15 mai<\/strong>, au\u00a0<a href=\"https:\/\/planete.unil.ch\/?batiment=VOR\">Nucleo, Vortex<\/a>\u00a0(acc\u00e8s\u00a0en m\u00e9tro\u00a0M2 : UNIL \u2013 Sorge).\u00a0<\/p>\n\n\n\n<div class=\"wp-block-buttons has-custom-font-size has-normal-font-size is-content-justification-center is-layout-flex wp-container-core-buttons-is-layout-51f7783f wp-block-buttons-is-layout-flex\">\n<div class=\"wp-block-button has-custom-font-size has-large-font-size\"><a class=\"wp-block-button__link has-background wp-element-button\" href=\"https:\/\/wp.unil.ch\/outofthebox\/programme-journee-internationale\/\" style=\"border-radius:60px;background-color:#6a3e98\" target=\"_blank\" rel=\"noreferrer noopener\">Programme<\/a><\/div>\n<\/div>\n\n\n\n<p>Les personnes en situation de handicap et les personnes \u00e0 mobilit\u00e9 r\u00e9duite peuvent b\u00e9n\u00e9ficier d\u2019une assistance sur demande pour acc\u00e9der au placard. <a href=\"https:\/\/wp.unil.ch\/outofthebox\/contact-medias\/\" data-type=\"link\" data-id=\"https:\/\/wp.unil.ch\/outofthebox\/contact-medias\/\" target=\"_blank\" rel=\"noreferrer noopener\">Contactez-nous<\/a>.<\/p>\n\n\n\n<p><a href=\"https:\/\/www.unil.ch\/acces\/fr\/home\/menuguid\/acces-mobilite-reduite.html\" data-type=\"link\" data-id=\"https:\/\/www.unil.ch\/acces\/fr\/home\/menuguid\/acces-mobilite-reduite.html\">Acc\u00e8s mobilit\u00e9 r\u00e9duite \u00e0 l&rsquo;Universit\u00e9<\/a><\/p>\n<\/div>\n\n\n\n<div class=\"wp-block-column is-vertically-aligned-center is-layout-flow wp-block-column-is-layout-flow\" style=\"flex-basis:33.33%\"><div class=\"wp-block-image\">\n<figure class=\"aligncenter size-large is-resized\"><img alt=\"\" loading=\"lazy\" decoding=\"async\" width=\"833\" height=\"1024\" src=\"https:\/\/wp.unil.ch\/outofthebox\/files\/2024\/04\/Capture-decran-2024-04-29-a-09.08.16-833x1024.png\" alt=\"\" class=\"wp-image-1867\" style=\"width:500px\" srcset=\"https:\/\/wp.unil.ch\/outofthebox\/files\/2024\/04\/Capture-decran-2024-04-29-a-09.08.16-833x1024.png 833w, https:\/\/wp.unil.ch\/outofthebox\/files\/2024\/04\/Capture-decran-2024-04-29-a-09.08.16-244x300.png 244w, https:\/\/wp.unil.ch\/outofthebox\/files\/2024\/04\/Capture-decran-2024-04-29-a-09.08.16-768x944.png 768w, https:\/\/wp.unil.ch\/outofthebox\/files\/2024\/04\/Capture-decran-2024-04-29-a-09.08.16-1250x1536.png 1250w, https:\/\/wp.unil.ch\/outofthebox\/files\/2024\/04\/Capture-decran-2024-04-29-a-09.08.16-540x664.png 540w, https:\/\/wp.unil.ch\/outofthebox\/files\/2024\/04\/Capture-decran-2024-04-29-a-09.08.16-1080x1327.png 1080w, https:\/\/wp.unil.ch\/outofthebox\/files\/2024\/04\/Capture-decran-2024-04-29-a-09.08.16.png 1574w\" sizes=\"auto, (max-width: 833px) 100vw, 833px\" \/><\/figure>\n<\/div><\/div>\n<\/div>\n","protected":false},"excerpt":{"rendered":"<p>Le 15 mai 2024 Le Dicast\u00e8re \u00ab \u00e9galit\u00e9, diversit\u00e9 &amp; carri\u00e8res \u00bb, le Bureau de l\u2019\u00e9galit\u00e9 de l\u2019UNIL, en collaboration avec la D\u00e9l\u00e9gu\u00e9e cantonale aux questions d\u2019homophobie et&hellip;<\/p>\n","protected":false},"author":1002678,"featured_media":0,"parent":0,"menu_order":0,"comment_status":"closed","ping_status":"closed","template":"","meta":{"_seopress_robots_primary_cat":"","_seopress_titles_title":"","_seopress_titles_desc":"","_seopress_robots_index":"","footnotes":""},"class_list":["post-1826","page","type-page","status-publish","has-post-thumbnail"],"publishpress_future_action":{"enabled":false,"date":"2026-04-16 19:08:15","action":"change-status","newStatus":"draft","terms":[],"taxonomy":"","extraData":[]},"publishpress_future_workflow_manual_trigger":{"enabledWorkflows":[]},"_links":{"self":[{"href":"https:\/\/wp.unil.ch\/outofthebox\/wp-json\/wp\/v2\/pages\/1826","targetHints":{"allow":["GET"]}}],"collection":[{"href":"https:\/\/wp.unil.ch\/outofthebox\/wp-json\/wp\/v2\/pages"}],"about":[{"href":"https:\/\/wp.unil.ch\/outofthebox\/wp-json\/wp\/v2\/types\/page"}],"author":[{"embeddable":true,"href":"https:\/\/wp.unil.ch\/outofthebox\/wp-json\/wp\/v2\/users\/1002678"}],"replies":[{"embeddable":true,"href":"https:\/\/wp.unil.ch\/outofthebox\/wp-json\/wp\/v2\/comments?post=1826"}],"version-history":[{"count":4,"href":"https:\/\/wp.unil.ch\/outofthebox\/wp-json\/wp\/v2\/pages\/1826\/revisions"}],"predecessor-version":[{"id":1929,"href":"https:\/\/wp.unil.ch\/outofthebox\/wp-json\/wp\/v2\/pages\/1826\/revisions\/1929"}],"wp:attachment":[{"href":"https:\/\/wp.unil.ch\/outofthebox\/wp-json\/wp\/v2\/media?parent=1826"}],"curies":[{"name":"wp","href":"https:\/\/api.w.org\/{rel}","templated":true}]}}