{"id":252,"date":"2016-06-02T17:26:59","date_gmt":"2016-06-02T15:26:59","guid":{"rendered":"http:\/\/wp.unil.ch\/orog3ny\/?page_id=252"},"modified":"2026-01-06T23:05:41","modified_gmt":"2026-01-06T22:05:41","slug":"abstracts-other-papers-and-reports","status":"publish","type":"page","link":"https:\/\/wp.unil.ch\/orog3ny\/people\/gyorgy-hetenyi\/abstracts-other-papers-and-reports\/","title":{"rendered":"Abstracts, reports, other papers, datasets"},"content":{"rendered":"\n<h6 class=\"wp-block-heading\">Datasets<\/h6>\n\n\n\n<ul class=\"wp-block-list\">\n<li>Lemke K, Het\u00e9nyi G, Sch\u00e4rli U, Schmidt C, King G, Li J, Caspari E, Greenwood A (2025) Thermal property data of drill cores of ICDP project DIVE (5071) and surface samples in the Ivrea-Verbano Zone. <em>GFZ Data Services.<\/em> doi:<a href=\"https:\/\/doi.org\/10.5880\/ICDP.5071.005\">10.5880\/ICDP.5071.005<\/a><\/li>\n\n\n\n<li>Greenwood A, Venier M, Het\u00e9nyi G, Ziberna L, Heeschen K, Pacchiega L, Lemke K, Dutoit H, Bonazzi M, Degen S, Li J, Secr\u00e9tan A, Trabi B, Tholen S, Lefeuvre N, Auclair S, Mariani D, Del Rio M, \u010cernok A, Bhattacharyya A, Narduzzi F, Mansouri H, Urue\u00f1a C, Beltrame M, Hawemann F, Velicogna M, Toy V, Dominique J, Longo A, Tonietti L, Barosa B, Brusca J, Nappi N, Gallo G, Esposito M, Diana SC, Bastianoni A, Eckert EM, Confal JM, Pondrelli S, Piana Agostinetti N, Tertyshnikov K, Caspari E, Truche L, Wiersberg T, Baron L, Giovannelli D, Pistone M, M\u00fcntener O,  Zanetti A (2025) Drilling the Ivrea-Verbano zonE: Operational Dataset. <em>GFZ Data Services, Potsdam<\/em>. doi:<a href=\"https:\/\/doi.org\/10.5880\/ICDP.5071.001\">10.5880\/ICDP.5071.001<\/a><\/li>\n\n\n\n<li>Li J, Caspari E, Greenwood A, Pierdominici S, Baron L, K\u00fcck J, Lemke K, Het\u00e9nyi G (2024) Borehole and core measurement data for the rock mass characterization of ICDP expedition 5071, DIVE (Drilling the Ivrea-Verbano zonE), borehole 5071_1_B. <em>GFZ Data Services<\/em>. doi:<a href=\"https:\/\/doi.org\/10.5880\/ICDP.5071.003\">10.5880\/ICDP.5071.003<\/a><\/li>\n\n\n\n<li>Greenwood A, Het\u00e9nyi G, Baron L (2024) Active seismic surveys for drilling target characterisation in Ossola valley, ICDP expedition 5071, DIVE phase I (Drilling the Ivrea-Verbano zonE) seismic dataset. <em>GFZ Data Services<\/em>. doi:<a href=\"https:\/\/doi.org\/10.5880\/ICDP.5071.002\">10.5880\/ICDP.5071.002<\/a><\/li>\n<\/ul>\n\n\n\n<h6 class=\"wp-block-heading\">Other papers<\/h6>\n\n\n\n<ul class=\"wp-block-list disc\">\n<li>Pistone M, Venier M, Zappone A, Zanetti A, Giardino M, Pierdominici S, Het\u00e9nyi G, M\u00fcntener O, Ziberna L, Giovannelli D, Toy V, Greenwood A, Pondrelli S (2025) L&#8217;ottavo pilastro della saggezza: la missione Moho del progetto ICDP-DIVE. <em>Geologicamente<\/em>, <strong>18<\/strong>, 28-36. [in Italian, <a href=\"https:\/\/www.geologicamente.it\/files\/download\/numeri\/geologicamente18.pdf\">weblink<\/a> to the full issue]<\/li>\n\n\n\n<li>OECD (2025) Embedding citizen science into research policy. <em>OECD Science, Technology and Industry Policy Papers <\/em><strong>175<\/strong><em>, OECD Publishing, Paris<\/em>. doi:<a href=\"https:\/\/doi.org\/10.1787\/a1cfb1a8-en\">10.1787\/a1cfb1a8-en<\/a><\/li>\n\n\n\n<li>Het\u00e9nyi G, Chagros A-M, Lemke K, Maharaj A, Baron L (2024) D\u00e9termination du point culminant du massif du Jura. <em>M\u00e9moires de G\u00e9ologie (Lausanne)<\/em>, n\u00b0 <strong>51<\/strong>, 6 pp. [<a href=\"https:\/\/serval.unil.ch\/en\/notice\/serval:BIB_74DF5BB40E91\">weblink<\/a>]<\/li>\n\n\n\n<li>Het\u00e9nyi G (2023) Let Us Admit How Much We Do Not Know\u2026 About the Earthquakes near Szarvas. <em>Magyar Tudom\u00e1ny<\/em> <strong>184 (2023) 12<\/strong>. doi:10.1556\/2065.184.2023.12.13 [<a href=\"https:\/\/mersz.hu\/dokumentum\/matud202312__19\/#matud202312_f95891\">weblink<\/a>] [in Hungarian. Hungarian title: Valljuk be, mennyi mindent nem tudunk\u2026 A szarvasi f\u00f6ldreng\u00e9sekr\u0151l]<\/li>\n\n\n\n<li>Het\u00e9nyi G, Vergne J, Bollinger L, Subedi S, Michailos K, Drukpa D (2023) Seismological Imaging and Current Seismicity of the Himalayan Arc. In: Cattin R, Epard J-L (eds): <em>Himalaya, Dynamics of a Giant 1<\/em>, 103-128. ISTE Ltd &amp; John Wiley &amp; Sons, London &amp; Hoboken. doi:<a href=\"https:\/\/doi.org\/10.1002\/9781394228584.ch4\">10.1002\/9781394228584.ch4<\/a><\/li>\n\n\n\n<li>Cattin R, Het\u00e9nyi G, Berthet R, Chophel J (2023) Gravity Observations and Models Along the Himalayan Arc. In: Cattin R, Epard J-L (eds): <em>Himalaya, Dynamics of a Giant 1<\/em>, 129-150. ISTE Ltd &amp; John Wiley &amp; Sons, London &amp; Hoboken. doi:<a href=\"https:\/\/doi.org\/10.1002\/9781394228584.ch5\">10.1002\/9781394228584.ch5<\/a><\/li>\n\n\n\n<li>Bollinger L, Adhikari LB, Vergne J, Het\u00e9nyi G, Subedi S (2023) The 2015 April 25 Gorkha Earthquake. In: Cattin R, Epard J-L (eds): <em>Himalaya, Dynamics of a Giant 3<\/em>, 217-237. ISTE Ltd &amp; John Wiley &amp; Sons, London &amp; Hoboken. doi:<a href=\"https:\/\/doi.org\/10.1002\/9781394228683.ch8\">10.1002\/9781394228683.ch8<\/a><\/li>\n\n\n\n<li>Pistone M, Zappone AS, Ziberna L, Scarponi M, Zanetti A, Giardino M, Pondrelli S, Giovannelli D, Greenwood A, Het\u00e9nyi G, M\u00fcntener O (2021) Esplorando la zona di transizione tra crosta e mantello continentale: IL PROGETTO DIVE nella Zona Ivrea-Verbano (Alpi, Italia). <em>Geologicamente<\/em>, <strong>6<\/strong>, 8-15. [in Italian, <a href=\"https:\/\/www.socgeol.it\/files\/download\/pubblicazioni\/Geologicamente\/GEO6%20-%20completo%20ligth.pdf\">weblink<\/a> to the full issue]<\/li>\n\n\n\n<li>Follonier C, Dubath C, Clivaz M, Dubois A, Het\u00e9nyi G, Luyet O, Reynard E (2021) Les s\u00e9ismes de 1946 &#8211; Brochure de l&#8217;exposition &#8220;Tremblez Valaisans&#8221;. <em>Archives de l&#8217;Etat du Valais et CIRM-UNIL, Sion<\/em>. [<a href=\"https:\/\/wp.unil.ch\/seisme1946\/files\/2021\/03\/se%CC%81isme-1946-brochure-A5_SC-web-1.pdf\">weblink FR<\/a>, <a href=\"https:\/\/wp.unil.ch\/seisme1946\/files\/2021\/03\/se%CC%81isme-1946-brochure-A5_SC-Dweb-1.pdf\">DE<\/a>]<\/li>\n\n\n\n<li>Drukpa D, Stevens VL, De Risi R, Le Roux-Mallouf R, Het\u00e9nyi G (2021) Bhutan\u2019s earthquake hazard and damage probabilities. <em>Kuensel<\/em>, 8 February 2021. [<a href=\"https:\/\/kuenselonline.com\/bhutans-earthquake-hazard-and-damage-probabilities\/\">weblink<\/a>]<\/li>\n\n\n\n<li>Subedi S, Het\u00e9nyi G (2020) How Nepal\u2019s lockdown reduced manmade environmental noise. <em>&#8220;My City&#8221; Nepali news portal<\/em>. [<a href=\"https:\/\/myrepublica.nagariknetwork.com\/mycity\/news\/how-nepal-s-lockdown-reduced-manmade-environmental-noise\">weblink<\/a>]<\/li>\n\n\n\n<li>Het\u00e9nyi G (2019) Les tremblements de Terre dans les Alpes vaudoises. <em>InAlpe project, available via QR codes along hiking trails in the Alps.<\/em><\/li>\n\n\n\n<li>Het\u00e9nyi G, Cattin R,&nbsp;Drukpa D (2018, 2019) Bhutan Earthquake Opens Doors to Geophysical Studies. <em>Eos<\/em> <strong>99<\/strong>. doi:<a href=\"https:\/\/dx.doi.org\/10.1029\/2018EO103055\">10.1029\/2018EO103055<\/a> (online) and <em>Eos<\/em> <strong>100<\/strong>:26-31 (print).<\/li>\n\n\n\n<li>Het\u00e9nyi G, Drukpa D, Cattin R (2017) What we have learnt about Bhutan earthquakes in recent years.&nbsp;<em>Kuensel<\/em>, 24 June 2017. [<a href=\"https:\/\/www.kuenselonline.com\/what-we-have-learnt-about-bhutan-earthquakes-in-recent-years\/\">weblink<\/a>]<a href=\"https:\/\/wp.unil.ch\/orog3ny\/files\/2017\/07\/HetenyiDrukpaCattin2017.pdf\">[PDF]<\/a><\/li>\n\n\n\n<li>Het\u00e9nyi G (2016) History books help geophysics to describe big Bhutan earthquake in 1714. <em>Newsletter of the Society Switzerland-Bhutan<\/em> <strong>2\/2016<\/strong>:8.<\/li>\n\n\n\n<li>Het\u00e9nyi G (2016) Mountains and earthquakes &#8211; Fieldwork and results of two geophysics projects in Bhutan. <em>Newsletter of the Society Switzerland-Bhutan<\/em> <strong>1\/2016<\/strong>:11-12.<\/li>\n\n\n\n<li>Het\u00e9nyi G, Munson T (2015) Earthquakes in Bhutan: past, present, future. <em>Kuensel<\/em>, May 2015 [weblink to <a href=\"https:\/\/www.kuenselonline.com\/earthquakes-in-bhutan-past-present-future-part-i\">part I<\/a>, <a href=\"https:\/\/www.kuenselonline.com\/earthquakes-in-bhutan-past-present-future-part-ii\">part II<\/a>].<\/li>\n\n\n\n<li>Het\u00e9nyi G, Singer J, Diehl T, Kissling E, Grolimund R (2014) Earthquakes and the Alps. <em>Swiss Seismological Service outreach snapshot<\/em>. <a href=\"https:\/\/www.seismo.ethz.ch\/en\/knowledge\/earthquake-country-switzerland\/earthquakes-and-the-alps\/\">[weblink]<\/a><\/li>\n\n\n\n<li>Het\u00e9nyi G, Ria F, Barman S, Singer J, Clinton J (2014) Setup of a monitoring station. <em>Swiss Seismological Service outreach snapshot<\/em>. <a href=\"https:\/\/www.seismo.ethz.ch\/en\/earthquakes\/monitoring\/setup-of-a-monitoring-station\/\">[weblink]<\/a><\/li>\n\n\n\n<li>Het\u00e9nyi G, Milazzo MP (2014) Columnar Joints. In: Hargitai H, Kereszturi A (eds): <em>Encyclopedia of Planetary Landforms.<\/em> Springer, New York. doi:<a href=\"https:\/\/dx.doi.org\/10.1007\/978-1-4614-9213-9_57-1\">10.1007\/978-1-4614-9213-9_57-1<\/a><\/li>\n\n\n\n<li>Garel F et al (2014) Photograph of the month. <em>J Struct Geol<\/em> <strong>58<\/strong>:122-123. doi:<a href=\"https:\/\/dx.doi.org\/10.1016\/j.jsg.2013.06.007\">10.1016\/j.jsg.2013.06.007<\/a><\/li>\n\n\n\n<li>Het\u00e9nyi G (2013) Mountains and earthquakes &#8211; On a seismology project in Bhutan. <em>Newsletter of the Society Switzerland-Bhutan<\/em> <strong>1\/2013<\/strong>:11-13.<\/li>\n\n\n\n<li>Het\u00e9nyi G, Berthet T, Cattin R (2012) De l&#8217;occurrence des gros s\u00e9ismes au Bhoutan. <em>Geosciences Actuel<\/em> <strong>2\/2012<\/strong>:15-18.<\/li>\n\n\n\n<li>Het\u00e9nyi G (2012) Bazaltoszlopok. <em>National Geographic Magyarorsz\u00e1g Online<\/em>, February 28 2012. (in Hungarian) <a href=\"https:\/\/www.ng.hu\/Root\/Sites\/NationalGeographic\/Termeszet\/2012\/02\/bazaltoszlopok\" target=\" \" rel=\"noopener noreferrer\">[weblink]<\/a><\/li>\n\n\n\n<li>Het\u00e9nyi G, AlpArray Working Group (2012) AlpArray: an initiative for broad co-operation in broadband seismology. <em>EPOS Newsletter<\/em> <strong>01\/2012<\/strong>:2.<\/li>\n\n\n\n<li>Het\u00e9nyi G (2009) Tibet tet\u0151t\u0151l talpig. <em>A F\u00f6ldg\u00f6mb<\/em> <strong>XI<\/strong>(XXVII) 2009\/5(241):6-15. (in Hungarian)<\/li>\n\n\n\n<li>Horv\u00e1th F, Dombr\u00e1di E, Het\u00e9nyi G (2007) The L\u00f3czy-riddle: fixist or mobilist? <em>F\u00f6ldrajzi K\u00f6zlem\u00e9nyek<\/em> <strong>CXXXI(LV)4<\/strong>: 245-256. (In Hungarian, with English abstract and figure captions)<\/li>\n<\/ul>\n\n\n\n<h6 class=\"wp-block-heading\">Reports<\/h6>\n\n\n\n<ul class=\"wp-block-list disc\">\n<li>Greenwood A, Venier M, Het\u00e9nyi G, Ziberna L, Heeschen K, Pacchiega L, Lemke K, Dutoit H, Bonazzi M, Degen S, Li J, Secr\u00e9tan A, Trabi B, Tholen S, Lefeuvre N, Auclair S, Mariani D, Del Rio M, \u010cernok A, Bhattacharyya A, Narduzzi F, Mansouri H, Urue\u00f1a C, Beltrame M, Hawemann F, Velicogna M, Toy V, Dominique J, Longo A, Tonietti L, Barosa B, Brusca J, Nappi N, Gallo G, Esposito M, Diana SC, Bastianoni A, Eckert EM, Confal JM, Pondrelli S, Piana Agostinetti N, Tertyshnikov K, Caspari E, Truche L, Wiersberg T, Baron L, Giovannelli D, Pistone M, Zanetti A, M\u00fcntener O (2025) Drilling the Ivrea-Verbano zonE: DIVE 1 \u2013 ICDP Operational Report. <em>GFZ Data Services, Potsdam<\/em>, 109 p. doi:<a href=\"https:\/\/doi.org\/10.48440\/ICDP.5071.001\">10.48440\/ICDP.5071.001<\/a><\/li>\n\n\n\n<li>Greenwood A, Venier M, Het\u00e9nyi G, Ziberna L, Heeschen K, Pacchiega L, Lemke K, Dutoit H, Bonazzi M, Degen S, Li J, Secr\u00e9tan A, Trabi B, Tholen S, Lefeuvre N, Auclair S, Mariani D, Del Rio M, \u010cernok A, Bhattacharyya A, Narduzzi F, Mansouri H, Urue\u00f1a C, Beltrame M, Hawemann F, Velicogna M, Toy V, Dominique J, Longo A, Tonietti L, Barosa B, Brusca J, Nappi N, Gallo G, Esposito M, Diana SC, Bastianoni A, Eckert EM, Confal JM, Pondrelli S, Piana Agostinetti N, Tertyshnikov K, Caspari E, Truche L, Wiersberg T, Baron L, Giovannelli D, Pistone M, M\u00fcntener O,  Zanetti A (2025) Explanatory Remarks on the Operational Dataset \u2013 ICDP project DIVE: Drilling the Ivrea-Verbano zonE. <em>GFZ Data Services, Potsdam<\/em>, 35 p. doi:<a href=\"https:\/\/doi.org\/10.48440\/ICDP.5071.002\">10.48440\/ICDP.5071.002<\/a><\/li>\n\n\n\n<li>Bachmann O, Foubert A, D\u00e8zes P, Het\u00e9nyi G, J\u00e4ggi A, M\u00fcntener O, Reymond C, R\u00f6\u00f6sli C, Rubatto D, Soja B, Steinbacher M, Vogel H, Zeyen N (2024) Geosciences Community Roadmap 2024. Update of Swiss Community Needs for Research Infrastructures 2029\u20132032. Swiss Academies Reports 19 (8). doi:<a href=\"https:\/\/doi.org\/10.5281\/zenodo.14264991\">10.5281\/zenodo.14264991<\/a><\/li>\n\n\n\n<li>Eugster W, Baumgartner LP, Bachmann O, Baltensperger U, D\u00e8zes P, Dubois N, Foubert A, Heitzler M, Henggeler K, Het\u00e9nyi G, Hurni L, M\u00fcntener O, Nenes A, Reymond C, R\u00f6\u00f6sli C, Rothacher M, Schaub M, Steinbacher M, Vogel H, the RoTaGeo team (2021). Geosciences Roadmap for Research Infrastructures 2025\u20132028 by the Swiss Geosciences Community. Swiss Academies Reports 16 (4). doi:<a href=\"https:\/\/doi.org\/10.5281\/zenodo.4588881\">10.5281\/zenodo.4588881<\/a><\/li>\n\n\n\n<li>Het\u00e9nyi G, Clinton J, Wiemer S (2015) SEDATE &#8211; Aftershock policy. <em>Swiss Seismological Service report<\/em>, 6 p.<\/li>\n\n\n\n<li>Wiemer S, Kraft T, Diehl T, Obermann A, Dublanchet P, Mignan A, Het\u00e9nyi G (2015) Projet G\u00e9othermie Profonde sur la C\u00f4te Vaudoise. <em>Swiss Seismological Service report<\/em>, 35 p.<\/li>\n\n\n\n<li>Wiemer S, Dublanchet P, Kraft T, Diehl T, Obermann A, Mignan A, Het\u00e9nyi G (2015) Projet G\u00e9othermie Profonde \u00e0 Gen\u00e8ve. <em>Swiss Seismological Service report<\/em>, 35 p.<\/li>\n\n\n\n<li>Het\u00e9nyi G, Husen S (2015) SEISMOB and its usage. <em>Swiss Seismological Service report<\/em>, 9 p.<\/li>\n\n\n\n<li>Het\u00e9nyi G, Metzger S, Clinton J, Husen S, Haslinger F (2015) Guidelines to perform a huddle-test. <em>Swiss Seismological Service report<\/em>, 6 p.<\/li>\n\n\n\n<li>Husen S, Clinton J, Haslinger F, Cauzzi C, Het\u00e9nyi G (2015) Policy on data archival for portable pool deployments. <em>Swiss Seismological Service report<\/em>, 4 p.<\/li>\n\n\n\n<li>Het\u00e9nyi G, Gassner-Stamm G, F\u00e4h D, Drukpa D (2014) Ground motions in Taa Dzong, Trongsa, Bhutan. <em>Swiss Seismological Service report<\/em>, 11 p.<\/li>\n\n\n\n<li>Het\u00e9nyi G, Drukpa D (2013) Ground motions in Taa Dzong, Trongsa, in March-April 2013. <em>Swiss Seismological Service report<\/em>, 6 p.<\/li>\n\n\n\n<li>Het\u00e9nyi G (2004) Seismological imaging and numerical modelling of the flexural Gangetic foreland basin (Central Nepal). <em>M\u00e9moire de DEA \/ Master&#8217;s Thesis, Ecole Normale Sup\u00e9rieure<\/em>, 91 p.<\/li>\n\n\n\n<li>Het\u00e9nyi G (2003) Common-shot pre-stack depth migration with screen-propagators. <em>TOTAL report id.:DGEP\/GSR\/TG\/MTS\/Innov<\/em> No.03-205, 40 p.<\/li>\n\n\n\n<li>Het\u00e9nyi G (2002) S\u00e9dimentation et jeu des failles normales dans le Golfe de Corinthe. <em>IFP report<\/em> No.56892, 20 p.<\/li>\n<\/ul>\n\n\n\n<h6 class=\"wp-block-heading\">Conference abstracts (selection from the past 10 years)<\/h6>\n\n\n\n<ul class=\"wp-block-list\">\n<li>Het\u00e9nyi G, Subedi S, Roduit R, Valenzuela N, B\u00f6se M, Sauron A (2025) Programmes scolaires d\u00e9di\u00e9s comme actions de science citoyenne: exemples du N\u00e9pal et de la Suisse. <em>CitSciHelvetia&#8217;25, 5-6 Jun, Lausanne.<\/em><\/li>\n\n\n\n<li>Het\u00e9nyi G (2025) The lower crust: from Tibet to the Alps. <em>LithoDef25, 12-14 Feb, Paris.<\/em><\/li>\n\n\n\n<li>Het\u00e9nyi G, Greenwood A, Bauer K, Bleibinhaus F, Haberland C, Holliger K, Krawczyk C, Menegoni N, Panara Y, Wawerzinek B, ICDP DIVE-2 Geophysics Team (2025) Geophysical overview of the planned phase 2 drilling sites of projet DIVE in Val Sesia, Italy. EGU25-12155. <a href=\"https:\/\/doi.org\/10.5194\/egusphere-egu25-12155\">doi<\/a><\/li>\n\n\n\n<li>Het\u00e9nyi G, Chagros AM, Lemke K, Maharaj A, Baron L (2024) Determination of the highest point of the Jura massif. <em>22nd SGM, 8-9 Nov, Basel.<\/em><\/li>\n\n\n\n<li>Het\u00e9nyi G (2024) Geophysical versus petrological lower crust: how close are they? <em>(invited)<\/em> <em>Granulites &amp; Granulites, 3-6 Sep, Verbania, Italy.<\/em><\/li>\n\n\n\n<li>Het\u00e9nyi G, Baron L, Scarponi M, Subedi S, Michailos K, Dal F, Gerle A, Petri B, Zwahlen J, Langone A, Greenwood A, Ziberna L, Pistone M, Zanetti A, M\u00fcntener O (2024) Participative gravity-modelling challenge to constrain the Balmuccia peridotite body (Ivrea-Verbano Zone, Italy). EGU24-6402. <a href=\"https:\/\/doi.org\/10.5194\/egusphere-egu24-6402\">doi<\/a><\/li>\n\n\n\n<li>Het\u00e9nyi G, Scarponi M, Baron L (2024) Challenges to implement an open, free, participative gravity-modelling initiative. EGU24-6386. <a href=\"https:\/\/doi.org\/10.5194\/egusphere-egu24-6386\">doi<\/a><\/li>\n\n\n\n<li>Het\u00e9nyi G, Baron L, Scarponi M, Subedi S, Michailos K, Dal F, Gerle A, Petri B, Zwahlen J, Langone A, Greenwood A, Ziberna L, Pistone M, Zanetti A, M\u00fcntener O (2023) Would you like to (help) constrain the subsurface structure of the Balmuccia peridotite body? <em>21st SGM, 17-18 Nov, Mendrisio.<\/em><\/li>\n\n\n\n<li>Het\u00e9nyi G, Sauron A, B\u00f6se M, Roduit R, Subedi S, Dallo I (2022) Seismology-at-School across Switzerland: project nucleation and growth. <em>20th SGM, 17-20 Nov, Lausanne.<\/em><\/li>\n\n\n\n<li>Het\u00e9nyi G, Baron L, Scarponi M, Subedi S, Michailos K, Dal F, Gerle A, Petri B, Langone A, Greenwood A, Ziberna L, Pistone M, Zanetti A, M\u00fcntener O (2022) Crowd modelling: Launching an open gravity-modelling call to challenge the Balmuccia peridotite body. EGU22-4230. <a href=\"https:\/\/doi.org\/10.5194\/egusphere-egu22-4230\">doi<\/a><\/li>\n\n\n\n<li>Het\u00e9nyi G, Subedi S (2022) Seismotectonic context of the Shillong Plateau and precise location of the 1897 great earthquake. <em>35th Himalaya-Karakoram-Tibet Workshop, 2-4 Nov, Pokhara, Nepal.<\/em><\/li>\n\n\n\n<li>Het\u00e9nyi G (2021) Seismotectonic studies of the Himalaya: Quo Vadis? <em>(invited keynote lecture) 42nd Annual Convention and Seminar of the Association of Exploration Geophysicists, India. 1-3 Dec, virtually Dehradun.<\/em><\/li>\n\n\n\n<li>Het\u00e9nyi G (2021) The added value of frontier-crossing research projects: a few lessons and opportunities. <em>(invited plenary lecture)<\/em> <em>90th Congress of the Italian Geological Society, 13-15 Sep, virtually Trieste.<\/em><\/li>\n\n\n\n<li>Het\u00e9nyi G, Subedi S, Denton P, Sauron S (2020) Seismology at School in Nepal: a network and program for education and citizen seismology. EGU2020-19450. <a href=\"https:\/\/doi.org\/10.5194\/egusphere-egu2020-19450\">doi<\/a><\/li>\n\n\n\n<li>Het\u00e9nyi G (2019) Orogeny: selected studies from Ludwig von Loczy to AlpArray. <em>(keynote)<\/em> <em>ILP TF Sedimentary Basins conf., 15-19 Oct, H\u00e9v\u00edz, Hungary<\/em>.<\/li>\n\n\n\n<li>Het\u00e9nyi G (2019) Geophysics for Alpine geology: project AlpArray and beyond (keynote). <em>14th Alpine Workshop, 4-6 Sep, Sion<\/em>.<\/li>\n\n\n\n<li>Het\u00e9nyi G, Bokelmann G, Clinton J, Handy MR, Kissling E, Molinari I, Parolai S, Paul A, Piromallo C, Plomerov\u00e1 J, Weber M, Wesztergom V, Alparray Seismic Network Team, AlpArray OBS Cruise Crew, AlpArray Working Group (2019) AlpArray and the AlpArray Seismic Network: A Large-Scale European Program Focusing on Alpine Orogeny. <em>27th IUGG General Assembly, 8-18 Jul, Montr\u00e9al.<\/em><\/li>\n\n\n\n<li>Het\u00e9nyi G (2019) Metamorphic earthquakes of the underthrusted Indian lower crust: seismic moment-tensor and geophysical constraints. <em>The 2019 Njord Seminar, 5-7 Jun, Alversund and Holsn\u00f8y, Norway.<\/em><\/li>\n\n\n\n<li>Het\u00e9nyi G, Epard JL, Colavitti L, Hirzel AH, Kiss D, Petri B, Scarponi M, Schmalholz SM, Subedi S (2018) Spatial relation of surface faults and crustal seismicity: a first comparison in the region of Switzerland. <em>16th SGM, 1 Dec, Bern.<\/em><\/li>\n\n\n\n<li>Het\u00e9nyi G, Pistone M, Nabelek PI, Baumgartner LP (2018) Geophysical and petrological assessment of the partially molten plutons, Lhasa Block. <em>33rd Himalaya-Karakoram-Tibet Workshop, 10-12 Sep, Lausanne.<\/em><\/li>\n\n\n\n<li>Het\u00e9nyi G, Epard JL, Schmalholz S (2018) Outils g\u00e9ologiques pour comprendre la sismicit\u00e9 en Suisse. <em>Journ\u00e9es Biennales des G\u00e9osciences et de l&#8217;Environnement, U. Lausanne, 12-16 Feb, Lausanne<\/em>.<\/li>\n\n\n\n<li>Het\u00e9nyi G, Pistone M, Nabelek PI, Baumgartner LP (2017) South-Tibetan partially molten batholiths: geophysical characterization and petrological assessment of their origin.\u00a0AGU Fall Meeting\u00a0V24B-02.<\/li>\n\n\n\n<li>Het\u00e9nyi G, Pistone M, N\u00e1b\u011blek PI, Baumgartner L (2017) Lhasa Block partial melt zones: matching geophysical characteristics and petrological origin. <em>15th SGM, 17-18 Nov, Davos.<\/em><\/li>\n\n\n\n<li>Het\u00e9nyi G, Molinari I, Clinton J, Kissling E, Alparray Seismic Network Team, Alparray OBS Cruise Crew, Alparray Working Group (2017) The completed AlpArray Seismic Network. <em>15th SGM, 17-18 Nov, Davos.<\/em><\/li>\n\n\n\n<li>Het\u00e9nyi G, Bianchi I, Plomerov\u00e1 J, Kampfov\u00e1 Exnerov\u00e1 H,\u00a0AlpArray-EASI Working Group (2017)\u00a0The interaction between the Adria and Europe plates at their boundary in the Eastern Alps (project EASI).\u00a0EGU2017-5024.<\/li>\n\n\n\n<li>Het\u00e9nyi G, Molinari I, Clinton J, Kissling E, AlpArray Seismic Network Core Group (2017)\u00a0The AlpArray Seismic Network: status and operation.\u00a0EGU2017-3257.<\/li>\n\n\n\n<li>Het\u00e9nyi G, Le Roux-Mallouf R, Berthet T, Cattin R, Cauzzi C, Phuntsho K, Grolimund R (2016) Mind the (seismic) gap: the 1714 Bhutan earthquake. <em>14th SGM, 18-19 Nov, Geneva<\/em>.<\/li>\n\n\n\n<li>Het\u00e9nyi G, Plomerov\u00e1 J, Bianchi I, Kampfov\u00e1 Exnerov\u00e1 H, AlpArray-EASI Working Group (2016) Adria-Europe crustal structure relationship and the Moho gap in the Eastern Alps (project EASI). <em>35th General Assembly of the European Seismological Commission, abstr. ESC2016-302, 4-10 Sep, Trieste<\/em>.<\/li>\n\n\n\n<li>Het\u00e9nyi G, Project GANSSER WG, Project BHUTANEPAL WG (2016) Deformation partitioning between the Bhutan Himalaya and the Shillong Plateau. <em>31st Himalaya-Karakoram-Tibet Workshop, 10-12 May, Aussois<\/em>.<\/li>\n\n\n\n<li>Het\u00e9nyi G, Plomerov\u00e1 J, Bianchi I, Kampfov\u00e1 Exnerov\u00e1 H,\u00a0AlpArray-EASI Working Group (2016) Adria-Europe crustal structure relationship in the Eastern Alps (project EASI). EGU2016-8207.<\/li>\n<\/ul>\n","protected":false},"excerpt":{"rendered":"<p>Datasets Other papers Reports Conference abstracts (selection from the past 10 years)<\/p>\n","protected":false},"author":1001282,"featured_media":0,"parent":73,"menu_order":0,"comment_status":"closed","ping_status":"closed","template":"","meta":{"_seopress_robots_primary_cat":"","_seopress_titles_title":"","_seopress_titles_desc":"","_seopress_robots_index":"","footnotes":""},"class_list":["post-252","page","type-page","status-publish"],"_links":{"self":[{"href":"https:\/\/wp.unil.ch\/orog3ny\/wp-json\/wp\/v2\/pages\/252","targetHints":{"allow":["GET"]}}],"collection":[{"href":"https:\/\/wp.unil.ch\/orog3ny\/wp-json\/wp\/v2\/pages"}],"about":[{"href":"https:\/\/wp.unil.ch\/orog3ny\/wp-json\/wp\/v2\/types\/page"}],"author":[{"embeddable":true,"href":"https:\/\/wp.unil.ch\/orog3ny\/wp-json\/wp\/v2\/users\/1001282"}],"replies":[{"embeddable":true,"href":"https:\/\/wp.unil.ch\/orog3ny\/wp-json\/wp\/v2\/comments?post=252"}],"version-history":[{"count":4,"href":"https:\/\/wp.unil.ch\/orog3ny\/wp-json\/wp\/v2\/pages\/252\/revisions"}],"predecessor-version":[{"id":2332,"href":"https:\/\/wp.unil.ch\/orog3ny\/wp-json\/wp\/v2\/pages\/252\/revisions\/2332"}],"up":[{"embeddable":true,"href":"https:\/\/wp.unil.ch\/orog3ny\/wp-json\/wp\/v2\/pages\/73"}],"wp:attachment":[{"href":"https:\/\/wp.unil.ch\/orog3ny\/wp-json\/wp\/v2\/media?parent=252"}],"curies":[{"name":"wp","href":"https:\/\/api.w.org\/{rel}","templated":true}]}}