{"id":689,"date":"2025-03-27T14:51:43","date_gmt":"2025-03-27T13:51:43","guid":{"rendered":"https:\/\/wp.unil.ch\/octo-plus\/?page_id=689"},"modified":"2025-03-27T14:51:43","modified_gmt":"2025-03-27T13:51:43","slug":"pourquoi-se-former","status":"publish","type":"page","link":"https:\/\/wp.unil.ch\/octo-plus\/pourquoi-se-former\/","title":{"rendered":"Pourquoi se former ?"},"content":{"rendered":"\n<p><strong>\u2022Exp\u00e9rience personnelle<\/strong>. Se former vous permet de valoriser votre v\u00e9cu et de l&rsquo;int\u00e9grer dans le processus de recherche afin d&rsquo;orienter les priorit\u00e9s en fonction des besoins r\u00e9els.<\/p>\n\n\n\n<p><strong>\u2022Comprendre les bases de la recherche<\/strong>. La formation offre une compr\u00e9hension claire des fondamentaux de la recherche clinique, facilitant une participation active et inform\u00e9e.<\/p>\n\n\n\n<p><strong>\u2022Diff\u00e9rentes phases d\u2019implication<\/strong>. Vous apprenez comment vous impliquer efficacement \u00e0 chaque \u00e9tape, depuis la d\u00e9finition des questions jusqu&rsquo;\u00e0 la diffusion des r\u00e9sultats.<\/p>\n\n\n\n<p>Cette page offre des ressources externes structur\u00e9es pour permettre aux partenaires familiaux de s&rsquo;impliquer dans la recherche clinique.<\/p>\n\n\n\n<p style=\"font-size:0.9rem\"><strong>R\u00e9f\u00e9rences<\/strong><\/p>\n<p style=\"font-size:0.9rem;color:gray\">\n\n<a href=\"https:\/\/www.learningforinvolvement.org.uk\/content\/resource\/nihr-involving-children-and-young-people-as-advisors-in-research\/\">National Institute for Health Research. Involving children and young people as advisors in research.<\/a> <a href=\"https:\/\/onlinelibrary.wiley.com\/doi\/10.1002\/cnr2.1835\">Good to know \u2013 This is PPIE! Development of a training tool for public and patient involvement and engagement in pediatric oncological research.<\/a><\/p>\n\n\n\n<h3 class=\"wp-block-heading\"><strong>Qu&rsquo;est-ce que l&rsquo;Implication des Patients et du Public (IPP) en Recherche Clinique?<\/strong><\/h3>\n\n\n\n<p>IPP d\u00e9signe la participation active des patients, des familles et du public dans les projets de recherche clinique. Cela va au-del\u00e0 de leur simple r\u00f4le de participants : ils influencent activement la conception, l&rsquo;\u00e9valuation et la diffusion de la recherche, apportant leur exp\u00e9rience unique d&rsquo;une maladie ou d&rsquo;une condition. En savoir plus dans la fiche d&rsquo;information de la <a href=\"https:\/\/wp.unil.ch\/octo-plus\/files\/2025\/03\/PR_PUB_FactSheet_PPI_V1_2_230609_FR-2.pdf\">Swiss Clinical Trial Organisation<\/a> et sa <a href=\"https:\/\/youtu.be\/Puj4Ux39zEI?si=epORYRqpdruhg2aS\">vid\u00e9o<\/a> d&rsquo;illustration.<strong> <\/strong>Dans la recherche <strong>p\u00e9diatrique<\/strong>, l&rsquo;IPP devient de plus en plus importante \u00e0 mesure que les soins de sant\u00e9 adoptent des mod\u00e8les de soins centr\u00e9s sur la famille.<\/p>\n\n\n\n<h3 class=\"wp-block-heading\"><strong>Comprendre les diff\u00e9rences : Engagement, Implication, et Participation<\/strong><\/h3>\n\n\n\n<p>Il est important de comprendre les diff\u00e9rences entre l&rsquo;engagement, l&rsquo;implication et la participation. Ce site, <a href=\"https:\/\/healthandcareresearchwales.org\/training\/introduction-to-public-involvement-in-research\/\">provenant de Health and Care Research Wales <\/a>(en anglais), explique clairement ces distinctions. Dans la recherche <strong>p\u00e9diatrique<\/strong>, l\u2019implication des participants enfants n\u00e9cessite une attention particuli\u00e8re. Les enfants, en particulier ceux qui ne sont pas en mesure de donner leur consentement ou qui ne sont pas encore verbaux, exigent des approches adapt\u00e9es pour garantir une implication \u00e9thique et efficace.\u200b <a href=\"https:\/\/www.nature.com\/articles\/s41390-018-0245-z?\">Nature<\/a>. <\/p>\n\n\n\n<p><strong>Principales diff\u00e9rences dans l&rsquo;IPP p\u00e9diatrique :<\/strong><\/p>\n\n\n\n<ol class=\"wp-block-list\">\n<li><strong>Consentement \u00e9clair\u00e9 et assentiment<\/strong> :<br>Pour les mineurs, l\u2019obtention du consentement implique \u00e0 la fois la permission des parents et, lorsque cela est appropri\u00e9, l\u2019assentiment de l\u2019enfant. Ce processus respecte l\u2019autonomie en d\u00e9veloppement de l\u2019enfant tout en assurant sa protection. <a href=\"https:\/\/www.fda.gov\/science-research\/pediatrics\/pediatric-ethics?utm_source=chatgpt.com\" target=\"_blank\" rel=\"noreferrer noopener\">FDA<\/a>.<\/li>\n\n\n\n<li><strong>Garanties \u00e9thiques<\/strong> :<br>La recherche impliquant des enfants est soumise \u00e0 des directives \u00e9thiques strictes afin de minimiser les risques et garantir que les b\u00e9n\u00e9fices potentiels l\u2019emportent sur tout pr\u00e9judice. Les cadres r\u00e9glementaires offrent des protections suppl\u00e9mentaires sp\u00e9cifiques aux participants p\u00e9diatriques. \u200b<a href=\"https:\/\/irb.ucsf.edu\/children-and-minors-research?utm_source=chatgpt.com\" target=\"_blank\" rel=\"noreferrer noopener\">Human Research Protection Program (HRPP)<\/a>.<\/li>\n\n\n\n<li><strong>M\u00e9thodes adapt\u00e9es au d\u00e9veloppement<\/strong> :<br>Impliquer les enfants dans la recherche n\u00e9cessite des m\u00e9thodes adapt\u00e9es \u00e0 leur stade de d\u00e9veloppement, en tenant compte de facteurs comme leurs capacit\u00e9s cognitives et leurs comp\u00e9tences en communication. Cela garantit une participation significative tout en respectant leur capacit\u00e9 \u00e0 contribuer.<\/li>\n<\/ol>\n\n\n\n<h3 class=\"wp-block-heading\"><strong>Les Phases de la Recherche Clinique avec IPP<\/strong> <\/h3>\n\n\n\n<p>Voici un diagramme qui illustre les diff\u00e9rentes mani\u00e8res dont les patients et le public peuvent \u00eatre impliqu\u00e9s \u00e0 diff\u00e9rentes \u00e9tapes de la recherche, de l\u2019identification des questions de recherche \u00e0 la gestion du processus de l\u2019\u00e9tude.<\/p>\n\n\n<div class=\"wp-block-image\">\n<figure class=\"aligncenter size-full\"><img alt=\"\" loading=\"lazy\" decoding=\"async\" width=\"880\" height=\"488\" src=\"https:\/\/wp.unil.ch\/octo-plus\/files\/2025\/03\/image.png\" alt=\"\" class=\"wp-image-695\" srcset=\"https:\/\/wp.unil.ch\/octo-plus\/files\/2025\/03\/image.png 880w, https:\/\/wp.unil.ch\/octo-plus\/files\/2025\/03\/image-300x166.png 300w, https:\/\/wp.unil.ch\/octo-plus\/files\/2025\/03\/image-768x426.png 768w\" sizes=\"auto, (max-width: 880px) 100vw, 880px\" \/><\/figure>\n<\/div>\n\n\n<p>Source: <a href=\"https:\/\/wp.unil.ch\/octo-plus\/files\/2025\/03\/PR_PUB_FactSheet_PPI_V1_2_230609_FR-2.pdf\">Swiss Clinical Trial Organisation Fact Sheet IPP, page 3<\/a> (PDF en fran\u00e7ais).<\/p>\n\n\n\n<p>Pour plus de d\u00e9tails sur le cadre d&rsquo;engagement des familles dans la recherche clinique <strong>p\u00e9diatrique<\/strong>, nous vous invitons \u00e0 consulter le document Guiding Family Engagement in Research: <a href=\"https:\/\/wp.unil.ch\/octo-plus\/files\/2025\/03\/RFEC-FrameworkGuide.pdf\">A Framework from Holland Bloorview Kids Rehabilitation Hospital<\/a> (PDF en anglais). <\/p>\n\n\n\n<h3 class=\"wp-block-heading\"><strong>Formation sur l&rsquo;Implication des Patients en Recherche M\u00e9dicale<\/strong><\/h3>\n\n\n\n<p>Pour ceux qui souhaitent en savoir plus sur les diff\u00e9rents aspects de la recherche m\u00e9dicale et l\u2019implication des patients, tels que les bases de la recherche humaine, les aspects \u00e9thiques et juridiques, ainsi que les priorit\u00e9s de recherche, la m\u00e9thodologie, la communication et le transfert des connaissances, nous vous recommandons <a href=\"https:\/\/dkf.unibas.ch\/de\/aus-weiterbildung\/patient-and-public-involvement-ppi\/implication-des-patients-a-la-recherche-medicale\/\">un cours en ligne gratuit fourni par l&rsquo;Universit\u00e9 de B\u00e2le, D\u00e9partement de la recherche clinique, et faisant partie du programme EUPATI Suisse<\/a>. <\/p>\n\n\n<form role=\"search\" method=\"get\" action=\"https:\/\/wp.unil.ch\/octo-plus\/\" class=\"wp-block-search__button-outside wp-block-search__icon-button wp-block-search\"    ><label class=\"wp-block-search__label screen-reader-text\" for=\"wp-block-search__input-1\" >Search<\/label><div class=\"wp-block-search__inside-wrapper\"  style=\"width: 100%\"><input class=\"wp-block-search__input\" id=\"wp-block-search__input-1\" placeholder=\"\" value=\"\" type=\"search\" name=\"s\" required  style=\"border-width: 1px\"\/><button aria-label=\"Search\" class=\"wp-block-search__button has-icon wp-element-button\" type=\"submit\"  style=\"border-width: 1px\"><svg class=\"search-icon\" viewBox=\"0 0 24 24\" width=\"24\" height=\"24\">\n\t\t\t\t\t<path d=\"M13 5c-3.3 0-6 2.7-6 6 0 1.4.5 2.7 1.3 3.7l-3.8 3.8 1.1 1.1 3.8-3.8c1 .8 2.3 1.3 3.7 1.3 3.3 0 6-2.7 6-6S16.3 5 13 5zm0 10.5c-2.5 0-4.5-2-4.5-4.5s2-4.5 4.5-4.5 4.5 2 4.5 4.5-2 4.5-4.5 4.5z\"><\/path>\n\t\t\t\t<\/svg><\/button><\/div><\/form>\n\n\n<div class=\"wp-block-group alignwide is-content-justification-space-between is-layout-flex wp-container-core-group-is-layout-256aec57 wp-block-group-is-layout-flex\">\n<figure class=\"wp-block-image size-large is-resized\"><img alt=\"\" loading=\"lazy\" decoding=\"async\" width=\"1024\" height=\"315\" src=\"https:\/\/wp.unil.ch\/octo-plus\/files\/2024\/10\/IUFRS_CHUV_rvb-1024x315.png\" alt=\"\" class=\"wp-image-287\" style=\"width:444px;height:auto\" srcset=\"https:\/\/wp.unil.ch\/octo-plus\/files\/2024\/10\/IUFRS_CHUV_rvb-1024x315.png 1024w, https:\/\/wp.unil.ch\/octo-plus\/files\/2024\/10\/IUFRS_CHUV_rvb-300x92.png 300w, https:\/\/wp.unil.ch\/octo-plus\/files\/2024\/10\/IUFRS_CHUV_rvb-768x236.png 768w, https:\/\/wp.unil.ch\/octo-plus\/files\/2024\/10\/IUFRS_CHUV_rvb-1536x472.png 1536w, https:\/\/wp.unil.ch\/octo-plus\/files\/2024\/10\/IUFRS_CHUV_rvb-1200x369.png 1200w, https:\/\/wp.unil.ch\/octo-plus\/files\/2024\/10\/IUFRS_CHUV_rvb.png 1617w\" sizes=\"auto, (max-width: 1024px) 100vw, 1024px\" \/><\/figure>\n\n\n\n<figure class=\"wp-block-image size-full is-resized\"><img alt=\"\" loading=\"lazy\" decoding=\"async\" width=\"520\" height=\"216\" src=\"https:\/\/wp.unil.ch\/octo-plus\/files\/2024\/11\/1000070104.png\" alt=\"\" class=\"wp-image-302\" style=\"width:315px;height:auto\" srcset=\"https:\/\/wp.unil.ch\/octo-plus\/files\/2024\/11\/1000070104.png 520w, https:\/\/wp.unil.ch\/octo-plus\/files\/2024\/11\/1000070104-300x125.png 300w\" sizes=\"auto, (max-width: 520px) 100vw, 520px\" \/><\/figure>\n<\/div>\n\n\n<p><!-- \/wp:post-content --><\/p>","protected":false},"excerpt":{"rendered":"<p>\u2022Exp\u00e9rience personnelle. Se former vous permet de valoriser votre v\u00e9cu et de l&rsquo;int\u00e9grer dans le processus de recherche afin d&rsquo;orienter les priorit\u00e9s en fonction des besoins r\u00e9els. \u2022Comprendre les bases de la recherche. La formation offre une compr\u00e9hension claire des fondamentaux de la recherche clinique, facilitant une participation active et inform\u00e9e. \u2022Diff\u00e9rentes phases d\u2019implication. Vous [&hellip;]<\/p>\n","protected":false},"author":1002909,"featured_media":0,"parent":0,"menu_order":0,"comment_status":"closed","ping_status":"closed","template":"","meta":{"_seopress_robots_primary_cat":"","_seopress_titles_title":"","_seopress_titles_desc":"","_seopress_robots_index":"","footnotes":""},"class_list":["post-689","page","type-page","status-publish"],"_links":{"self":[{"href":"https:\/\/wp.unil.ch\/octo-plus\/wp-json\/wp\/v2\/pages\/689","targetHints":{"allow":["GET"]}}],"collection":[{"href":"https:\/\/wp.unil.ch\/octo-plus\/wp-json\/wp\/v2\/pages"}],"about":[{"href":"https:\/\/wp.unil.ch\/octo-plus\/wp-json\/wp\/v2\/types\/page"}],"author":[{"embeddable":true,"href":"https:\/\/wp.unil.ch\/octo-plus\/wp-json\/wp\/v2\/users\/1002909"}],"replies":[{"embeddable":true,"href":"https:\/\/wp.unil.ch\/octo-plus\/wp-json\/wp\/v2\/comments?post=689"}],"version-history":[{"count":5,"href":"https:\/\/wp.unil.ch\/octo-plus\/wp-json\/wp\/v2\/pages\/689\/revisions"}],"predecessor-version":[{"id":816,"href":"https:\/\/wp.unil.ch\/octo-plus\/wp-json\/wp\/v2\/pages\/689\/revisions\/816"}],"wp:attachment":[{"href":"https:\/\/wp.unil.ch\/octo-plus\/wp-json\/wp\/v2\/media?parent=689"}],"curies":[{"name":"wp","href":"https:\/\/api.w.org\/{rel}","templated":true}]}}