{"id":395,"date":"2024-11-13T15:24:10","date_gmt":"2024-11-13T14:24:10","guid":{"rendered":"https:\/\/wp.unil.ch\/octo-plus\/?page_id=395"},"modified":"2025-03-27T08:21:32","modified_gmt":"2025-03-27T07:21:32","slug":"a-propos","status":"publish","type":"page","link":"https:\/\/wp.unil.ch\/octo-plus\/a-propos\/","title":{"rendered":"\u00c0 Propos"},"content":{"rendered":"\n<h2 class=\"wp-block-heading has-text-align-center\">Notre mission<\/h2>\n\n\n\n<p class=\"has-text-align-center\">Impliquer activement les familles des enfants en soins intensifs et interm\u00e9diaires dans la recherche, en les engageant dans le d\u00e9veloppement, la mise en \u0153uvre et l\u2019\u00e9valuation des \u00e9tudes. \u00c0 travers ce site web, nous facilitons leur r\u00f4le de partenaires essentiels en recherche en fournissant des ressources et un soutien pour r\u00e9pondre \u00e0 leurs besoins.<\/p>\n\n\n\n<h2 class=\"wp-block-heading has-text-align-center\">Notre vision<\/h2>\n\n\n\n<p class=\"has-text-align-center\">Nous envisageons un monde o\u00f9 les familles des enfants en soins intensifs et interm\u00e9diaires sont reconnues comme des partenaires essentiels de la recherche. Leurs exp\u00e9riences et leurs perspectives apportent une contribution pr\u00e9cieuse, am\u00e9liorant la pertinence, la qualit\u00e9 et l\u2019impact de nos \u00e9tudes. Ensemble, nous nous engageons \u00e0 garantir que la recherche soit non seulement scientifiquement rigoureuse, mais \u00e9galement qu&rsquo;elle r\u00e9pond aux v\u00e9ritables besoins des enfants et de leurs familles.<\/p>\n\n\n\n<div class=\"wp-block-group alignfull has-text-color has-background\" style=\"color:#ffffff;background-color:#000000;padding-top:100px;padding-right:100px;padding-bottom:100px;padding-left:100px\"><div class=\"wp-block-group__inner-container is-layout-flow wp-block-group-is-layout-flow\">\n<h3 class=\"wp-block-heading has-text-align-center\"><strong>Equipe<\/strong><\/h3>\n\n\n\n<div class=\"wp-block-media-text is-stacked-on-mobile\"><figure class=\"wp-block-media-text__media\"><img alt=\"\" decoding=\"async\" src=\"https:\/\/wp.unil.ch\/octo-plus\/files\/2024\/11\/1000070102-1.png\" alt=\"\" class=\"wp-image-345 size-full\" \/><\/figure><div class=\"wp-block-media-text__content\">\n<p><span style=\"text-decoration: underline\">Anne-Sylvie Ramelet<\/span><\/p>\n\n\n\n<p>Professeure ordinaire \u00e0 l&rsquo;Institut universitaire de formation et de recherche en soins (IUFRS) \u00e0 la Facult\u00e9 de biologie et de m\u00e9decine (FBM) de l&rsquo;Universit\u00e9 de Lausanne.<\/p>\n<\/div><\/div>\n\n\n\n<div class=\"wp-block-media-text is-stacked-on-mobile\"><figure class=\"wp-block-media-text__media\"><img alt=\"\" loading=\"lazy\" decoding=\"async\" width=\"417\" height=\"416\" src=\"https:\/\/wp.unil.ch\/octo-plus\/files\/2024\/11\/1000070101.png\" alt=\"\" class=\"wp-image-348 size-full\" srcset=\"https:\/\/wp.unil.ch\/octo-plus\/files\/2024\/11\/1000070101.png 417w, https:\/\/wp.unil.ch\/octo-plus\/files\/2024\/11\/1000070101-300x300.png 300w, https:\/\/wp.unil.ch\/octo-plus\/files\/2024\/11\/1000070101-150x150.png 150w\" sizes=\"auto, (max-width: 417px) 100vw, 417px\" \/><\/figure><div class=\"wp-block-media-text__content\">\n<p><span style=\"text-decoration: underline\">Mark Marston<\/span><\/p>\n\n\n\n<p>\u00c9tudiant en doctorat \u00e0 l&rsquo;IUFRS \u00e0 la FBM de l&rsquo;Universit\u00e9 de Lausanne.<\/p>\n<\/div><\/div>\n<\/div><\/div>\n\n\n\n<div class=\"wp-block-group alignwide is-content-justification-space-between is-layout-flex wp-container-core-group-is-layout-256aec57 wp-block-group-is-layout-flex\">\n<figure class=\"wp-block-image size-large is-resized\"><img alt=\"\" loading=\"lazy\" decoding=\"async\" width=\"1024\" height=\"315\" src=\"https:\/\/wp.unil.ch\/octo-plus\/files\/2024\/10\/IUFRS_CHUV_rvb-1024x315.png\" alt=\"\" class=\"wp-image-287\" style=\"width:444px;height:auto\" srcset=\"https:\/\/wp.unil.ch\/octo-plus\/files\/2024\/10\/IUFRS_CHUV_rvb-1024x315.png 1024w, https:\/\/wp.unil.ch\/octo-plus\/files\/2024\/10\/IUFRS_CHUV_rvb-300x92.png 300w, https:\/\/wp.unil.ch\/octo-plus\/files\/2024\/10\/IUFRS_CHUV_rvb-768x236.png 768w, https:\/\/wp.unil.ch\/octo-plus\/files\/2024\/10\/IUFRS_CHUV_rvb-1536x472.png 1536w, https:\/\/wp.unil.ch\/octo-plus\/files\/2024\/10\/IUFRS_CHUV_rvb-1200x369.png 1200w, https:\/\/wp.unil.ch\/octo-plus\/files\/2024\/10\/IUFRS_CHUV_rvb.png 1617w\" sizes=\"auto, (max-width: 1024px) 100vw, 1024px\" \/><\/figure>\n\n\n\n<figure class=\"wp-block-image size-full is-resized\"><img alt=\"\" loading=\"lazy\" decoding=\"async\" width=\"520\" height=\"216\" src=\"https:\/\/wp.unil.ch\/octo-plus\/files\/2024\/11\/1000070104.png\" alt=\"\" class=\"wp-image-302\" style=\"width:315px;height:auto\" srcset=\"https:\/\/wp.unil.ch\/octo-plus\/files\/2024\/11\/1000070104.png 520w, https:\/\/wp.unil.ch\/octo-plus\/files\/2024\/11\/1000070104-300x125.png 300w\" sizes=\"auto, (max-width: 520px) 100vw, 520px\" \/><\/figure>\n<\/div>\n","protected":false},"excerpt":{"rendered":"<p>Notre mission Impliquer activement les familles des enfants en soins intensifs et interm\u00e9diaires dans la recherche, en les engageant dans le d\u00e9veloppement, la mise en \u0153uvre et l\u2019\u00e9valuation des \u00e9tudes. \u00c0 travers ce site web, nous facilitons leur r\u00f4le de partenaires essentiels en recherche en fournissant des ressources et un soutien pour r\u00e9pondre \u00e0 leurs [&hellip;]<\/p>\n","protected":false},"author":1002909,"featured_media":535,"parent":0,"menu_order":0,"comment_status":"closed","ping_status":"closed","template":"","meta":{"_seopress_robots_primary_cat":"","_seopress_titles_title":"","_seopress_titles_desc":"","_seopress_robots_index":"","footnotes":""},"class_list":["post-395","page","type-page","status-publish","has-post-thumbnail"],"_links":{"self":[{"href":"https:\/\/wp.unil.ch\/octo-plus\/wp-json\/wp\/v2\/pages\/395","targetHints":{"allow":["GET"]}}],"collection":[{"href":"https:\/\/wp.unil.ch\/octo-plus\/wp-json\/wp\/v2\/pages"}],"about":[{"href":"https:\/\/wp.unil.ch\/octo-plus\/wp-json\/wp\/v2\/types\/page"}],"author":[{"embeddable":true,"href":"https:\/\/wp.unil.ch\/octo-plus\/wp-json\/wp\/v2\/users\/1002909"}],"replies":[{"embeddable":true,"href":"https:\/\/wp.unil.ch\/octo-plus\/wp-json\/wp\/v2\/comments?post=395"}],"version-history":[{"count":5,"href":"https:\/\/wp.unil.ch\/octo-plus\/wp-json\/wp\/v2\/pages\/395\/revisions"}],"predecessor-version":[{"id":792,"href":"https:\/\/wp.unil.ch\/octo-plus\/wp-json\/wp\/v2\/pages\/395\/revisions\/792"}],"wp:featuredmedia":[{"embeddable":true,"href":"https:\/\/wp.unil.ch\/octo-plus\/wp-json\/wp\/v2\/media\/535"}],"wp:attachment":[{"href":"https:\/\/wp.unil.ch\/octo-plus\/wp-json\/wp\/v2\/media?parent=395"}],"curies":[{"name":"wp","href":"https:\/\/api.w.org\/{rel}","templated":true}]}}

À Propos

<h2 class="wp-block-heading has-text-align-center">Notre mission</h2>



<p class="has-text-align-center">Impliquer activement les familles des enfants en soins intensifs et intermédiaires dans la recherche, en les engageant dans le développement, la mise en œuvre et l’évaluation des études. À travers ce site web, nous facilitons leur rôle de partenaires essentiels en recherche en fournissant des ressources et un soutien pour répondre à leurs besoins.</p>



<h2 class="wp-block-heading has-text-align-center">Notre vision</h2>



<p class="has-text-align-center">Nous envisageons un monde où les familles des enfants en soins intensifs et intermédiaires sont reconnues comme des partenaires essentiels de la recherche. Leurs expériences et leurs perspectives apportent une contribution précieuse, améliorant la pertinence, la qualité et l’impact de nos études. Ensemble, nous nous engageons à garantir que la recherche soit non seulement scientifiquement rigoureuse, mais également qu&rsquo;elle répond aux véritables besoins des enfants et de leurs familles.</p>



<div class="wp-block-group alignfull has-text-color has-background" style="color:#ffffff;background-color:#000000;padding-top:100px;padding-right:100px;padding-bottom:100px;padding-left:100px"><div class="wp-block-group__inner-container is-layout-flow wp-block-group-is-layout-flow">
<h3 class="wp-block-heading has-text-align-center"><strong>Equipe</strong></h3>



<div class="wp-block-media-text is-stacked-on-mobile"><figure class="wp-block-media-text__media"><img alt="" decoding="async" src="https://wp.unil.ch/octo-plus/files/2024/11/1000070102-1.png" alt="" class="wp-image-345 size-full" /></figure><div class="wp-block-media-text__content">
<p><span style="text-decoration: underline">Anne-Sylvie Ramelet</span></p>



<p>Professeure ordinaire à l&rsquo;Institut universitaire de formation et de recherche en soins (IUFRS) à la Faculté de biologie et de médecine (FBM) de l&rsquo;Université de Lausanne.</p>
</div></div>



<div class="wp-block-media-text is-stacked-on-mobile"><figure class="wp-block-media-text__media"><img alt="" loading="lazy" decoding="async" width="417" height="416" src="https://wp.unil.ch/octo-plus/files/2024/11/1000070101.png" alt="" class="wp-image-348 size-full" srcset="https://wp.unil.ch/octo-plus/files/2024/11/1000070101.png 417w, https://wp.unil.ch/octo-plus/files/2024/11/1000070101-300x300.png 300w, https://wp.unil.ch/octo-plus/files/2024/11/1000070101-150x150.png 150w" sizes="auto, (max-width: 417px) 100vw, 417px" /></figure><div class="wp-block-media-text__content">
<p><span style="text-decoration: underline">Mark Marston</span></p>



<p>Étudiant en doctorat à l&rsquo;IUFRS à la FBM de l&rsquo;Université de Lausanne.</p>
</div></div>
</div></div>



<div class="wp-block-group alignwide is-content-justification-space-between is-layout-flex wp-container-core-group-is-layout-256aec57 wp-block-group-is-layout-flex">
<figure class="wp-block-image size-large is-resized"><img alt="" loading="lazy" decoding="async" width="1024" height="315" src="https://wp.unil.ch/octo-plus/files/2024/10/IUFRS_CHUV_rvb-1024x315.png" alt="" class="wp-image-287" style="width:444px;height:auto" srcset="https://wp.unil.ch/octo-plus/files/2024/10/IUFRS_CHUV_rvb-1024x315.png 1024w, https://wp.unil.ch/octo-plus/files/2024/10/IUFRS_CHUV_rvb-300x92.png 300w, https://wp.unil.ch/octo-plus/files/2024/10/IUFRS_CHUV_rvb-768x236.png 768w, https://wp.unil.ch/octo-plus/files/2024/10/IUFRS_CHUV_rvb-1536x472.png 1536w, https://wp.unil.ch/octo-plus/files/2024/10/IUFRS_CHUV_rvb-1200x369.png 1200w, https://wp.unil.ch/octo-plus/files/2024/10/IUFRS_CHUV_rvb.png 1617w" sizes="auto, (max-width: 1024px) 100vw, 1024px" /></figure>



<figure class="wp-block-image size-full is-resized"><img alt="" loading="lazy" decoding="async" width="520" height="216" src="https://wp.unil.ch/octo-plus/files/2024/11/1000070104.png" alt="" class="wp-image-302" style="width:315px;height:auto" srcset="https://wp.unil.ch/octo-plus/files/2024/11/1000070104.png 520w, https://wp.unil.ch/octo-plus/files/2024/11/1000070104-300x125.png 300w" sizes="auto, (max-width: 520px) 100vw, 520px" /></figure>
</div>

<p>Notre mission Impliquer activement les familles des enfants en soins intensifs et intermédiaires dans la recherche, en les engageant dans le développement, la mise en œuvre et l’évaluation des études. À travers ce site web, nous facilitons leur rôle de partenaires essentiels en recherche en fournissant des ressources et un soutien pour répondre à leurs [&hellip;]</p>
