{"id":142,"date":"2018-06-18T15:07:59","date_gmt":"2018-06-18T13:07:59","guid":{"rendered":"http:\/\/wp.unil.ch\/newsftsr\/?page_id=142"},"modified":"2025-09-12T10:48:50","modified_gmt":"2025-09-12T08:48:50","slug":"archives","status":"publish","type":"page","link":"https:\/\/wp.unil.ch\/newsftsr\/archives\/","title":{"rendered":"Archives"},"content":{"rendered":"\n<p>Anciens num\u00e9ros de <em>Factualit\u00e9s<\/em> :<\/p>\n\n\n\n<p><a href=\"https:\/\/wp.unil.ch\/newsftsr?mailpoet_router&amp;endpoint=view_in_browser&amp;action=view&amp;data=WzE0MCwiZDQ4ZDNjZWYzMWZkIiwwLDAsMTEwLDFd\">Ao\u00fbt 2025<\/a><br><a href=\"https:\/\/wp.unil.ch\/newsftsr?mailpoet_router&amp;endpoint=view_in_browser&amp;action=view&amp;data=WzQxLCIxMmUyNjg4Mjg1NTUiLDAsMCw1MiwxXQ\">Ao\u00fbt 2024<\/a><br><a href=\"https:\/\/wp.unil.ch\/newsftsr?mailpoet_router&amp;endpoint=view_in_browser&amp;action=view&amp;data=WzMyLCI2MWM0NzhlNDMyMzQiLDAsMCwwLDFd\">Ao\u00fbt 2023<\/a><br><a href=\"https:\/\/wp.unil.ch\/newsftsr?mailpoet_router&amp;endpoint=view_in_browser&amp;action=view&amp;data=WzIzLCJkMmY5ZDQ4NWQ5MjkiLDAsMCwxNiwxXQ\">Ao\u00fbt 2022<\/a><br><a href=\"https:\/\/wp.unil.ch\/newsftsr?mailpoet_router&amp;endpoint=view_in_browser&amp;action=view&amp;data=WzE4LCJkMDFmODljZGE0ZmIiLDAsMCwwLDFd\">Ao\u00fbt 2021<\/a><br><a href=\"https:\/\/wp.unil.ch\/newsftsr?mailpoet_router&amp;endpoint=view_in_browser&amp;action=view&amp;data=WzE0LCIzMWMxZWQyNDAzMGIiLDAsMCwwLDFd\">Ao\u00fbt 2020<\/a><br><a href=\"https:\/\/wp.unil.ch\/newsftsr?mailpoet_router&amp;endpoint=view_in_browser&amp;action=view&amp;data=WzExLCIwNjZhODg2ZTljZDgiLDAsMCwxMCwxXQ\">Ao\u00fbt 2019<\/a><br><a href=\"https:\/\/wp.unil.ch\/newsftsr?mailpoet_router&amp;endpoint=view_in_browser&amp;action=view&amp;data=WzUsIjg2MzdiNGQxMWNmMSIsMCwwLDcsMV0\">Ao\u00fbt 2018<\/a><br><a href=\"https:\/\/wp.unil.ch\/newsftsr\/files\/2018\/06\/N\u00b018.pdf\">Ao\u00fbt 2017<\/a><br><a href=\"https:\/\/wp.unil.ch\/newsftsr\/files\/2018\/06\/N\u00b017.pdf\">Ao\u00fbt 2016<\/a><br><a href=\"https:\/\/wp.unil.ch\/newsftsr\/files\/2018\/06\/N\u00b016.pdf\">Ao\u00fbt 2015<\/a><br><a href=\"https:\/\/wp.unil.ch\/newsftsr\/files\/2018\/06\/N\u00b015.pdf\">Ao\u00fbt 2014<\/a><br><a href=\"https:\/\/wp.unil.ch\/newsftsr\/files\/2018\/06\/N\u00b014.pdf\">Ao\u00fbt 2013<\/a><\/p>\n","protected":false},"excerpt":{"rendered":"<p>Anciens num\u00e9ros de Factualit\u00e9s : Ao\u00fbt 2025Ao\u00fbt 2024Ao\u00fbt 2023Ao\u00fbt 2022Ao\u00fbt 2021Ao\u00fbt 2020Ao\u00fbt 2019Ao\u00fbt 2018Ao\u00fbt 2017Ao\u00fbt 2016Ao\u00fbt 2015Ao\u00fbt 2014Ao\u00fbt 2013<\/p>\n","protected":false},"author":1186,"featured_media":0,"parent":0,"menu_order":0,"comment_status":"closed","ping_status":"closed","template":"","meta":{"_seopress_robots_primary_cat":"","_seopress_titles_title":"","_seopress_titles_desc":"","_seopress_robots_index":"","footnotes":""},"class_list":["post-142","page","type-page","status-publish"],"_links":{"self":[{"href":"https:\/\/wp.unil.ch\/newsftsr\/wp-json\/wp\/v2\/pages\/142","targetHints":{"allow":["GET"]}}],"collection":[{"href":"https:\/\/wp.unil.ch\/newsftsr\/wp-json\/wp\/v2\/pages"}],"about":[{"href":"https:\/\/wp.unil.ch\/newsftsr\/wp-json\/wp\/v2\/types\/page"}],"author":[{"embeddable":true,"href":"https:\/\/wp.unil.ch\/newsftsr\/wp-json\/wp\/v2\/users\/1186"}],"replies":[{"embeddable":true,"href":"https:\/\/wp.unil.ch\/newsftsr\/wp-json\/wp\/v2\/comments?post=142"}],"version-history":[{"count":3,"href":"https:\/\/wp.unil.ch\/newsftsr\/wp-json\/wp\/v2\/pages\/142\/revisions"}],"predecessor-version":[{"id":876,"href":"https:\/\/wp.unil.ch\/newsftsr\/wp-json\/wp\/v2\/pages\/142\/revisions\/876"}],"wp:attachment":[{"href":"https:\/\/wp.unil.ch\/newsftsr\/wp-json\/wp\/v2\/media?parent=142"}],"curies":[{"name":"wp","href":"https:\/\/api.w.org\/{rel}","templated":true}]}}