{"id":303,"date":"2021-02-12T17:25:02","date_gmt":"2021-02-12T16:25:02","guid":{"rendered":"https:\/\/wp.unil.ch\/newsci\/?page_id=303"},"modified":"2021-03-31T13:47:59","modified_gmt":"2021-03-31T11:47:59","slug":"par-themes","status":"publish","type":"page","link":"https:\/\/wp.unil.ch\/newsci\/par-themes\/","title":{"rendered":"Par th\u00e8mes"},"content":{"rendered":"<ul class=\"wp-block-categories-list wp-block-categories\">\t<li class=\"cat-item cat-item-3\"><a href=\"https:\/\/wp.unil.ch\/newsci\/authentification-et-comptes\/\">Authentification et comptes<\/a> (8)\n<\/li>\n\t<li class=\"cat-item cat-item-4\"><a href=\"https:\/\/wp.unil.ch\/newsci\/communication-et-web\/\">Communication et web<\/a> (14)\n<\/li>\n\t<li class=\"cat-item cat-item-5\"><a href=\"https:\/\/wp.unil.ch\/newsci\/email-et-calendrier\/\">Email et calendrier<\/a> (3)\n<\/li>\n\t<li class=\"cat-item cat-item-6\"><a href=\"https:\/\/wp.unil.ch\/newsci\/enseignement\/\">Enseignement<\/a> (6)\n<\/li>\n\t<li class=\"cat-item cat-item-7\"><a href=\"https:\/\/wp.unil.ch\/newsci\/impression-et-numerisation\/\">Impression et num\u00e9risation<\/a> (2)\n<\/li>\n\t<li class=\"cat-item cat-item-8\"><a href=\"https:\/\/wp.unil.ch\/newsci\/informatique-administrative\/\">Informatique administrative<\/a> (8)\n<\/li>\n\t<li class=\"cat-item cat-item-9\"><a href=\"https:\/\/wp.unil.ch\/newsci\/materiel-et-logiciel\/\">Mat\u00e9riel et logiciel<\/a> (19)\n<\/li>\n\t<li class=\"cat-item cat-item-11\"><a href=\"https:\/\/wp.unil.ch\/newsci\/recherche\/\">Recherche<\/a> (16)\n<\/li>\n\t<li class=\"cat-item cat-item-12\"><a href=\"https:\/\/wp.unil.ch\/newsci\/reseau-et-telephonie\/\">R\u00e9seau et t\u00e9l\u00e9phonie<\/a> (5)\n<\/li>\n\t<li class=\"cat-item cat-item-13\"><a href=\"https:\/\/wp.unil.ch\/newsci\/sauvegarde-et-securite\/\">Sauvegarde et s\u00e9curit\u00e9<\/a> (16)\n<\/li>\n\t<li class=\"cat-item cat-item-14\"><a href=\"https:\/\/wp.unil.ch\/newsci\/stockage-et-serveur\/\">Stockage et serveur<\/a> (9)\n<\/li>\n\t<li class=\"cat-item cat-item-15\"><a href=\"https:\/\/wp.unil.ch\/newsci\/support-et-formation\/\">Support et formation<\/a> (4)\n<\/li>\n\t<li class=\"cat-item cat-item-10\"><a href=\"https:\/\/wp.unil.ch\/newsci\/teletravail-et-outils-quotidiens\/\">T\u00e9l\u00e9travail et outils quotidiens<\/a> (22)\n<\/li>\n<\/ul>","protected":false},"excerpt":{"rendered":"","protected":false},"author":108,"featured_media":0,"parent":0,"menu_order":0,"comment_status":"closed","ping_status":"closed","template":"","meta":{"_seopress_robots_primary_cat":"","_seopress_titles_title":"","_seopress_titles_desc":"","_seopress_robots_index":"","footnotes":""},"class_list":["post-303","page","type-page","status-publish","has-post-thumbnail"],"_links":{"self":[{"href":"https:\/\/wp.unil.ch\/newsci\/wp-json\/wp\/v2\/pages\/303","targetHints":{"allow":["GET"]}}],"collection":[{"href":"https:\/\/wp.unil.ch\/newsci\/wp-json\/wp\/v2\/pages"}],"about":[{"href":"https:\/\/wp.unil.ch\/newsci\/wp-json\/wp\/v2\/types\/page"}],"author":[{"embeddable":true,"href":"https:\/\/wp.unil.ch\/newsci\/wp-json\/wp\/v2\/users\/108"}],"replies":[{"embeddable":true,"href":"https:\/\/wp.unil.ch\/newsci\/wp-json\/wp\/v2\/comments?post=303"}],"version-history":[{"count":0,"href":"https:\/\/wp.unil.ch\/newsci\/wp-json\/wp\/v2\/pages\/303\/revisions"}],"wp:attachment":[{"href":"https:\/\/wp.unil.ch\/newsci\/wp-json\/wp\/v2\/media?parent=303"}],"curies":[{"name":"wp","href":"https:\/\/api.w.org\/{rel}","templated":true}]}}