{"id":194,"date":"2022-03-03T19:14:00","date_gmt":"2022-03-03T18:14:00","guid":{"rendered":"https:\/\/wp.unil.ch\/ncs2\/?page_id=194"},"modified":"2024-11-15T10:30:26","modified_gmt":"2024-11-15T09:30:26","slug":"gruppo-di-ricerca","status":"publish","type":"page","link":"https:\/\/wp.unil.ch\/ncs2\/gruppo-di-ricerca\/","title":{"rendered":"Team di ricerca"},"content":{"rendered":"<p><!-- Person 1 --><\/p>\n<div style=\"overflow: hidden;margin-bottom: 30px\">\n  <img loading=\"lazy\" decoding=\"async\" class=\"alignleft\" style=\"margin-right: 20px;vertical-align: top\" src=\"https:\/\/sepia2.unil.ch\/wp\/mixedmethodstitanic\/wp-content\/uploads\/sites\/20\/2020\/01\/joerg-stolz-230x300.jpg\" alt=\"\" width=\"166\" height=\"217\" \/><\/p>\n<p style=\"color: black;margin-top: 0;font-size: 18px\">\n    <a href=\"https:\/\/scholar.google.com\/citations?user=z4F-9ZQAAAAJ&amp;hl=fr&amp;oi=ao\">J\u00f6rg Stolz<\/a> \u00e8 professore di Sociologia della religione all\u2019Universit\u00e0 di Losanna. Sotto la sua direzione, nel 2008 \u00e8 stato condotto il primo studio rappresentativo dei gruppi religiosi locali in Svizzera (NCS 1) e attualmente sta conducendo la seconda ondata (NCS 2). J\u00f6rg Stolz \u00e8 stato presidente della \u00abInternational Society for the Sociology of Religion\u00bb ed \u00e8 autore di diversi libri e articoli scientifici sui cambiamenti della religione e della secolarizzazione in Svizzera e nel mondo. \u00c8 il primo autore del libro \u00ab<a href=\"https:\/\/www.laboretfides.com\/ch_fr\/index.php\/religion-et-spiritualite-a-l-ere-de-l-ego.html\">Religione e spiritualit\u00e0 nella societ\u00e0 dell\u2019Io. Quattro forme di (non)fede<\/a>\u00bb.\n  <\/p>\n<\/div>\n<p><!-- \/Person 1 --><\/p>\n<p><!-- Person 2 --><\/p>\n<div style=\"overflow: hidden;margin-bottom: 30px\">\n  <img loading=\"lazy\" decoding=\"async\" class=\"alignleft\" style=\"margin-right: 20px;vertical-align: top\" src=\"https:\/\/theopro.unistra.fr\/websites\/_processed_\/3\/2\/csm_monnot_2021_a1a854b1cf.jpg\" alt=\"\" width=\"166\" height=\"202\" \/><\/p>\n<p style=\"color: black;margin-top: 0;font-size: 18px\">\n    <a href=\"https:\/\/www.unil.ch\/issr\/home\/menuinst\/chercheurseuses\/monnot-christophe.html\" target=\"_blank\" rel=\"noreferrer noopener\">Christophe Monnot<\/a> \u00e8 ricercatore senior del FNS nel quadro del progetto NCS 2. \u00c8 uno specialista della diversit\u00e0 religiosa ed \u00e8 docente di Sociologia del protestantesimo all\u2019Universit\u00e0 di Strasburgo. Tra il 2008 e il 2011 ha svolto il suo dottorato sulla prima indagine rappresentativa delle comunit\u00e0 religiose in Svizzera (NCS 1). Il libro derivato da questa tesi \u00e8 disponibile <a href=\"https:\/\/library.oapen.org\/bitstream\/handle\/20.500.12657\/33029\/578290.pdf?sequence=1\">qui<\/a>. Con J\u00f6rg Stolz, ha pubblicato numerose analisi dei dati di questa indagine su riviste internazionali e ha curato il volume \u00abCongregations in Europe\u00bb (2018).\n  <\/p>\n<\/div>\n<p><!-- \/Person 2 --><\/p>\n<p><!-- Person 3 --><\/p>\n<div style=\"overflow: hidden;margin-bottom: 30px\">\n  <img loading=\"lazy\" decoding=\"async\" class=\"alignleft\" style=\"margin-right: 20px;vertical-align: top\" src=\"https:\/\/wp.unil.ch\/ncs2\/files\/2022\/08\/image.png\" alt=\"\" width=\"163\" height=\"218\" \/><\/p>\n<p style=\"color: black;margin-top: 0;font-size: 18px\">\n    Jens K\u00f6hrsen \u00e8 professore di \u00abReligione e societ\u00e0\u00bb. Lavora presso l\u2019Universit\u00e0 di Oslo e il Centro per la Religione, l\u2019Economia e la Politica (ZRWP) dell\u2019Universit\u00e0 di Basilea. Attualmente dirige il progetto di ricerca \u00abAre Religions Becoming Green?\u00bb e il progetto \u00abEcovillages as Incubators of Sustainability Transitions\u00bb. Entrambi i progetti sono finanziati dal Fondo Nazionale Svizzero per la Ricerca Scientifica. Le sue ricerche si concentrano sul cambiamento sostenibile e sulla relazione tra religione e sviluppo sociale.\n  <\/p>\n<\/div>\n<p><!-- \/Person 3 --><\/p>\n<p><!-- Person 4 --><\/p>\n<div style=\"overflow: hidden;margin-bottom: 30px\">\n  <img loading=\"lazy\" decoding=\"async\" class=\"alignleft\" style=\"margin-right: 20px;vertical-align: top\" src=\"https:\/\/wp.unil.ch\/ncs2\/files\/2022\/08\/image-5.png\" alt=\"\" width=\"165\" height=\"220\" \/><\/p>\n<p style=\"color: black;margin-top: 0;font-size: 18px\">\n    Fabian Huber \u00e8 ricercatore nel progetto FNS \u00abAre Religions Becoming Green\u00bb presso il Centro per la Religione, l\u2019Economia e la Politica (ZRWP) dell\u2019Universit\u00e0 di Basilea e quindi collaboratore nel progetto NCS 2. Le sue ricerche si concentrano principalmente su religione e sostenibilit\u00e0, religione e media, e sulla ricerca sociale empirica. Sta svolgendo un dottorato all\u2019Universit\u00e0 di Friburgo sull\u2019interazione tra forme mediatiche e non mediatiche di comunione religiosa.\n  <\/p>\n<\/div>\n<p><!-- \/Person 4 --><\/p>\n<p><!-- Person 5 --><\/p>\n<div style=\"overflow: hidden;margin-bottom: 30px\">\n  <img loading=\"lazy\" decoding=\"async\" class=\"alignleft\" style=\"margin-right: 20px;vertical-align: top\" src=\"https:\/\/wp.unil.ch\/ncs2\/files\/2022\/03\/portraitified_long-2.jpg\" alt=\"\" width=\"174\" height=\"262\" \/><\/p>\n<p style=\"color: black;margin-top: 0;font-size: 18px\">\n    <a href=\"https:\/\/www.unil.ch\/issr\/home\/menuinst\/chercheurseuses\/senn-jeremy.html\">Jeremy Senn<\/a> sta svolgendo il suo dottorato all\u2019Universit\u00e0 di Losanna nel quadro del progetto NCS 2. <a href=\"https:\/\/www.researchgate.net\/profile\/Jeremy-Senn\">Si<\/a> interessa particolarmente alla diversit\u00e0 religiosa e ai metodi quantitativi. Nel 2020 ha ricevuto il premio per la migliore tesi di laurea dall\u2019Universit\u00e0 di Neuch\u00e2tel.\n  <\/p>\n<\/div>\n<p><!-- \/Person 5 --><\/p>\n<p><!-- Person 6 --><\/p>\n<div style=\"overflow: hidden;margin-bottom: 30px\">\n  <img loading=\"lazy\" decoding=\"async\" class=\"alignleft\" style=\"margin-right: 20px;vertical-align: top\" src=\"https:\/\/wp.unil.ch\/ncs2\/files\/2022\/08\/image-1.png\" alt=\"\" width=\"174\" height=\"190\" \/><\/p>\n<p style=\"color: black;margin-top: 0;font-size: 18px\">\n    Ann-Lea Buzzi (BA) studia Sociologia presso l\u2019Universit\u00e0 di Berna e lavora come assistente scientifica nel progetto di ricerca \u00abAre Religions Becoming Green?\u00bb all\u2019Universit\u00e0 di Basilea. I suoi interessi di ricerca includono la sociologia ambientale, i processi di cambiamento sociale e i metodi quantitativi.\n  <\/p>\n<\/div>\n<p><!-- \/Person 6 --><\/p>\n<p><!-- Person 7 --><\/p>\n<div style=\"overflow: hidden;margin-bottom: 30px\">\n  <img loading=\"lazy\" decoding=\"async\" class=\"alignleft\" style=\"margin-right: 20px;vertical-align: top\" src=\"https:\/\/wp.unil.ch\/ncs2\/files\/2022\/08\/image-13.png\" alt=\"\" width=\"165\" height=\"248\" \/><\/p>\n<p style=\"color: black;margin-top: 0;font-size: 18px\">\n    Anabel Da Pra studia presso il Centro per la Religione, l\u2019Economia e la Politica (ZRWP) e lavora come assistente di ricerca ausiliaria per il progetto di ricerca finanziato dal FNS \u00abAre Religions Becoming Green\u00bb.\n  <\/p>\n<\/div>\n<p><!-- \/Person 7 --><\/p>\n","protected":false},"excerpt":{"rendered":"<p>J\u00f6rg Stolz \u00e8 professore di Sociologia della religione all\u2019Universit\u00e0 di Losanna. Sotto la sua direzione, nel 2008 \u00e8 stato condotto il primo studio rappresentativo dei gruppi religiosi locali in Svizzera &hellip; <\/p>\n","protected":false},"author":1002409,"featured_media":0,"parent":0,"menu_order":0,"comment_status":"closed","ping_status":"closed","template":"","meta":{"_seopress_robots_primary_cat":"","_seopress_titles_title":"","_seopress_titles_desc":"","_seopress_robots_index":"","footnotes":""},"class_list":["post-194","page","type-page","status-publish"],"_links":{"self":[{"href":"https:\/\/wp.unil.ch\/ncs2\/wp-json\/wp\/v2\/pages\/194","targetHints":{"allow":["GET"]}}],"collection":[{"href":"https:\/\/wp.unil.ch\/ncs2\/wp-json\/wp\/v2\/pages"}],"about":[{"href":"https:\/\/wp.unil.ch\/ncs2\/wp-json\/wp\/v2\/types\/page"}],"author":[{"embeddable":true,"href":"https:\/\/wp.unil.ch\/ncs2\/wp-json\/wp\/v2\/users\/1002409"}],"replies":[{"embeddable":true,"href":"https:\/\/wp.unil.ch\/ncs2\/wp-json\/wp\/v2\/comments?post=194"}],"version-history":[{"count":2,"href":"https:\/\/wp.unil.ch\/ncs2\/wp-json\/wp\/v2\/pages\/194\/revisions"}],"predecessor-version":[{"id":813,"href":"https:\/\/wp.unil.ch\/ncs2\/wp-json\/wp\/v2\/pages\/194\/revisions\/813"}],"wp:attachment":[{"href":"https:\/\/wp.unil.ch\/ncs2\/wp-json\/wp\/v2\/media?parent=194"}],"curies":[{"name":"wp","href":"https:\/\/api.w.org\/{rel}","templated":true}]}}