{"id":175,"date":"2018-08-01T16:29:04","date_gmt":"2018-08-01T14:29:04","guid":{"rendered":"http:\/\/wp.unil.ch\/narratologie\/?page_id=175"},"modified":"2022-02-14T14:38:59","modified_gmt":"2022-02-14T13:38:59","slug":"recherches","status":"publish","type":"page","link":"https:\/\/wp.unil.ch\/narratologie\/recherches-2\/recherches\/","title":{"rendered":"Reconfiguring Comics in our Digital Era"},"content":{"rendered":"<p><strong>Bourse FNS Sinergia<\/strong><\/p>\n<ul>\n<li>CRSII5_180359<\/li>\n<\/ul>\n<p><strong>Direction<br \/><\/strong><\/p>\n<ul>\n<li>Sabine S\u00fcsstrunk (EPFL, laboratoire d\u2019images et repr\u00e9sentation visuelle)<\/li>\n<li>Mathieu Salzman (EPFL, laboratoire de vision par ordinateur)<\/li>\n<li>Rapha\u00ebl Baroni (UNIL, EFLE)<\/li>\n<\/ul>\n<p><strong>Dates de d\u00e9but et de fin<\/strong><\/p>\n<ul>\n<li>Du 1<sup>er<\/sup> mars 2019 au 28 f\u00e9vrier 2023<\/li>\n<\/ul>\n<p><strong>Bref descriptif<\/strong><\/p>\n<p>La BD constitue une partie importante de notre patrimoine culturel. Au fil des ans, elle s\u2019est diffus\u00e9e sur des supports vari\u00e9s, allant des r\u00e9cits publi\u00e9s dans la presse, \u00e0 des albums ou des romans graphiques, une m\u00eame histoire \u00e9tant souvent diffus\u00e9e dans plusieurs formats. Malheureusement, le transfert d&rsquo;une BD d&rsquo;un format \u00e0 un autre est un processus long et co\u00fbteux, exigeant que l&rsquo;artiste recompose son travail pour chaque support. \u00c0 l&rsquo;\u00e8re num\u00e9rique, les auteurs, qui continuent de privil\u00e9gier des techniques de production traditionnelles, doivent transf\u00e9rer leur travail dans une diversit\u00e9 croissante de formats, notamment les \u00e9crans des smartphones et des tablettes. Le but de ce projet est de faciliter le processus de reconfiguration des BD. En particulier, nous visons \u00e0 :<\/p>\n<ol>\n<li>analyser l\u2019histoire et les enjeux du processus de reconfiguration de la BD en fonction de diff\u00e9rents supports, analogiques et num\u00e9riques\u00a0;<\/li>\n<li>\u00e9laborer des algorithmes pour aider les artistes dans le processus de reconfiguration des images en fonction des contraintes des supports ;<\/li>\n<li>\u00e9tudier l&rsquo;impact des reconfigurations sur les acteurs de la BD.<\/li>\n<\/ol>\n<p>Sur le plan culturel, il s\u2019agit de mesurer l\u2019impact des technologies num\u00e9riques sur la BD europ\u00e9enne, tout en tenant compte du fait que la transition vers les \u00e9crans n\u2019est qu\u2019une \u00e9tape dans un processus de reconfiguration observable depuis les origines du m\u00e9dia. Pour r\u00e9pondre \u00e0 ce besoin, nous allons compl\u00e9ter notre recherche par des enqu\u00eates de terrain impliquant des interviews avec des auteurs et des \u00e9diteurs impliqu\u00e9s dans cette \u00e9volution. Du c\u00f4t\u00e9 de l&rsquo;informatique visuelle, tandis que l&rsquo;\u00e9tat de l&rsquo;art reste confin\u00e9 \u00e0 la d\u00e9tection de cases, de textes et de bo\u00eetes d\u00e9limitant des caract\u00e8res, nous fournirons des segmentations d\u00e9taill\u00e9es d&rsquo;\u00e9l\u00e9ments graphiques (personnages, objets) et de notions de 3D. Nos r\u00e9sultats auront un impact non seulement sur l&rsquo;industrie de la BD, mais aussi sur la compr\u00e9hension de son histoire, sur la mus\u00e9ographie (en offrant de nouvelles fa\u00e7ons d&rsquo;afficher et d&rsquo;interagir avec les BD), et sur les humanit\u00e9s num\u00e9riques (en offrant de nouveaux moyens d&rsquo;indexation de grands corpus num\u00e9ris\u00e9s). \u00c0 travers une campagne de num\u00e9risation du fonds Ghebali, il s\u2019agit aussi de valoriser les archives du Centre BD de la ville de Lausanne.<\/p>\n<p>Lien vers la page FNS: <a href=\"https:\/\/p3.snf.ch\/project-180359#\" target=\"_blank\" rel=\"noopener noreferrer\">https:\/\/p3.snf.ch\/project-180359#<\/a><\/p>\n<p>Pour plus d&rsquo;informations, vous pouvez consulter la page de la recherche sur le site du Groupe d&rsquo;\u00e9tude sur la bande dessin\u00e9e: <a href=\"https:\/\/wp.unil.ch\/grebd\/recherche\/projets-fns\/reconfiguring-comics\/\">https:\/\/wp.unil.ch\/grebd\/recherche\/projets-fns\/reconfiguring-comics\/ <\/a><\/p>\n\n\n<p><\/p>\n","protected":false},"excerpt":{"rendered":"<p>Bourse FNS Sinergia CRSII5_180359 Direction Sabine S\u00fcsstrunk (EPFL, laboratoire d\u2019images et repr\u00e9sentation visuelle) Mathieu Salzman (EPFL, laboratoire de vision par ordinateur) Rapha\u00ebl Baroni (UNIL, EFLE) Dates de d\u00e9but et de fin Du 1er mars 2019 au 28 f\u00e9vrier 2023 Bref<\/p>\n","protected":false},"author":1001512,"featured_media":0,"parent":1284,"menu_order":0,"comment_status":"closed","ping_status":"closed","template":"","meta":{"_seopress_robots_primary_cat":"","_seopress_titles_title":"","_seopress_titles_desc":"","_seopress_robots_index":"","footnotes":""},"class_list":["post-175","page","type-page","status-publish"],"_links":{"self":[{"href":"https:\/\/wp.unil.ch\/narratologie\/wp-json\/wp\/v2\/pages\/175","targetHints":{"allow":["GET"]}}],"collection":[{"href":"https:\/\/wp.unil.ch\/narratologie\/wp-json\/wp\/v2\/pages"}],"about":[{"href":"https:\/\/wp.unil.ch\/narratologie\/wp-json\/wp\/v2\/types\/page"}],"author":[{"embeddable":true,"href":"https:\/\/wp.unil.ch\/narratologie\/wp-json\/wp\/v2\/users\/1001512"}],"replies":[{"embeddable":true,"href":"https:\/\/wp.unil.ch\/narratologie\/wp-json\/wp\/v2\/comments?post=175"}],"version-history":[{"count":0,"href":"https:\/\/wp.unil.ch\/narratologie\/wp-json\/wp\/v2\/pages\/175\/revisions"}],"up":[{"embeddable":true,"href":"https:\/\/wp.unil.ch\/narratologie\/wp-json\/wp\/v2\/pages\/1284"}],"wp:attachment":[{"href":"https:\/\/wp.unil.ch\/narratologie\/wp-json\/wp\/v2\/media?parent=175"}],"curies":[{"name":"wp","href":"https:\/\/api.w.org\/{rel}","templated":true}]}}