{"id":131,"date":"2018-07-23T17:19:40","date_gmt":"2018-07-23T15:19:40","guid":{"rendered":"http:\/\/wp.unil.ch\/narratologie\/?page_id=131"},"modified":"2026-03-03T16:26:38","modified_gmt":"2026-03-03T15:26:38","slug":"glossairerenaf","status":"publish","type":"page","link":"https:\/\/wp.unil.ch\/narratologie\/glossairerenaf\/","title":{"rendered":"Glossaire du R\u00e9NaF"},"content":{"rendered":"\n<p>Le glossaire du R\u00e9NaF est un dictionnaire encyclop\u00e9dique pr\u00e9sentant lesdes principaux concepts ou courants de recherche dans le domaine de la narratologie contemporaine. Il vise \u00e9galement \u00e0 encourager une circulation internationale et pluriculturelle des savoirs en pr\u00e9sentant des r\u00e9f\u00e9rences et des traditions de recherche non francophones, ce qui implique \u00e9galement un travail de traduction de notices r\u00e9dig\u00e9es par des chercheurs \u00e0 la r\u00e0putation internationale. Outre une d\u00e9finition encyclop\u00e9dique et une synth\u00e8se critique des notions, les articles offrent une bibliographie renvoyant aux principales r\u00e9f\u00e9rences en fran\u00e7ais, en anglais et dans d\u2019autres langues. Pour les concepts import\u00e9s, il s\u2019agit, entre autres, de stabiliser la traduction, sans masquer les discussions entourant tel ou tel choix terminologique. Ce glossaire illustre le fait que la narratologie ne se r\u00e9sume pas \u00e0 un moment structuraliste de la th\u00e9orie litt\u00e9raire, dont on situe g\u00e9n\u00e9ralement l&rsquo;\u00e9picentre en France dans les ann\u00e9es 1960-1970. Il ne s&rsquo;agit pas davantage d&rsquo;un paradigme \u00e9teint qui serait \u00e0 ranger dans le tiroir de l&rsquo;histoire des id\u00e9es. La narratologie est n\u00e9e de la prise de conscience que la th\u00e9orie du r\u00e9cit concerne une tr\u00e8s grande vari\u00e9t\u00e9 de ph\u00e9nom\u00e8nes m\u00e9diatiques, sociaux et anthropologiques, qui restent encore largement inexplor\u00e9s. Ses racines sont anciennes et ses ramifications contemporaines tr\u00e8s nombreuses. L&rsquo;objectif de ce glossaire est ainsi de stimuler la recherche contemporaine plut\u00f4t que d&rsquo;en offrir une synth\u00e8se r\u00e9trospective donnant l&rsquo;illusion d&rsquo;un <em>ach\u00e8vement<\/em> de la discipline.<\/p>\n\n\n\n<h4 class=\"wp-block-heading\">Concepts<\/h4>\n\n\n\n<p>Cette premi\u00e8re section dresse l&rsquo;inventaire des concepts narratologiques ayant \u00e9merg\u00e9 au cours des derni\u00e8res d\u00e9cennies ou m\u00e9connus dans la sph\u00e8re francophone.. Les entr\u00e9es sont pr\u00e9sent\u00e9es sous une forme bilingue, dans la mesure o\u00f9 la plupart de ces concepts r\u00e9cents ont \u00e9t\u00e9 forg\u00e9s en anglais, leur traduction n&rsquo;\u00e9tant g\u00e9n\u00e9ralement pas d&rsquo;un usage courant en fran\u00e7ais.<\/p>\n\n\n\n<p><a href=\"https:\/\/wp.unil.ch\/narratologie\/2019\/12\/auteur-implicite-implied-author\/\">Auteur implicite \/ Implied Author<\/a> (Dan Shen, 24\/12\/2019)<\/p>\n\n\n\n<p><a href=\"https:\/\/wp.unil.ch\/narratologie\/2023\/01\/chronotope-chronotope\/\">Chronotope \/ Chronotope<\/a> (Hans F\u00e4rnl\u00f6f, 6\/1\/2023)<\/p>\n\n\n\n<p><a href=\"https:\/\/wp.unil.ch\/narratologie\/2022\/07\/complexite-complexity\/\">Complexit\u00e9 \/ Complexity <\/a>(John Pier, 10\/6\/2022)<\/p>\n\n\n\n<p><a href=\"https:\/\/wp.unil.ch\/narratologie\/2025\/03\/discours-et-style\/\">Discours et style \/ Discourse and Style<\/a> (Dan Shen, 15\/3\/2025)<\/p>\n\n\n\n<p><a href=\"https:\/\/wp.unil.ch\/narratologie\/2018\/12\/disnarre-disnarrated\/\">Disnarr\u00e9 \/ Disnarrated<\/a> (Gerald Prince, 22\/12\/2018)<\/p>\n\n\n\n<p><a href=\"https:\/\/wp.unil.ch\/narratologie\/2025\/03\/experientialite-experientiality\/\">Exp\u00e9rientialit\u00e9 \/ Experienciality<\/a> (Marco Caracciolo, 14 mars 2025)<\/p>\n\n\n\n<p>M\u00e9ta-herm\u00e9neutique \/ Meta-hermeneutics (Liesbeth Korthals Altes, en pr\u00e9paration)<\/p>\n\n\n\n<p><a href=\"https:\/\/wp.unil.ch\/narratologie\/2020\/07\/metalepse-metalepsis\/\">M\u00e9talepse \/ Metalepsis<\/a> (Frank Wagner, 10\/7\/2020)<\/p>\n\n\n\n<p><a href=\"https:\/\/wp.unil.ch\/narratologie\/2019\/02\/monde-narratif-storyworld\/\">Monde narratif \/ Storyworld<\/a> (Ana\u00efs Goudmand, 21\/2\/2019)<\/p>\n\n\n\n<p><a href=\"https:\/\/wp.unil.ch\/narratologie\/2020\/04\/modele-rhetorique-des-publics-rhetorical-model-of-audiences\/\">Mod\u00e8le rh\u00e9torique des publics \/ Rhetorical Model of Audiences<\/a> (James Phelan, 30\/4\/2020)<\/p>\n\n\n\n<p><a href=\"https:\/\/wp.unil.ch\/narratologie\/2022\/09\/motivation-litteraire-literary-motivation\/\" target=\"_blank\" rel=\"noopener\">Motivation litt\u00e9raire \/&nbsp; Literary Motivation<\/a> (Hans F\u00e4rnl\u00f6f, 17\/9\/2022)<\/p>\n\n\n\n<p><a href=\"https:\/\/wp.unil.ch\/narratologie\/2023\/10\/narrateur-auctorial-authorial-narrator\/\">Narrateur auctorial \/ Authorial Narrator<\/a>&nbsp; (Sylvie Patron, 11\/10\/2023)<\/p>\n\n\n\n<p><a href=\"https:\/\/wp.unil.ch\/narratologie\/2019\/11\/narrateur-non-fiable-unreliable-narrator\/\">Narrateur non fiable \/ Unreliable narrator<\/a> (Frank Wagner, 15\/11\/2019)<\/p>\n\n\n\n<p><a href=\"https:\/\/wp.unil.ch\/narratologie\/2019\/12\/progression-cachee-covert-progression\/\">Progression cach\u00e9e \/ Covert Progression<\/a> (Dan Shen, 31\/12\/2019)<\/p>\n\n\n\n<p><a href=\"https:\/\/wp.unil.ch\/narratologie\/2020\/04\/relatabilite-relatability\/\">Relatable \/ Relatable<\/a> (Jan Baetens, 20\/4\/2020)<\/p>\n\n\n\n<p><a href=\"https:\/\/wp.unil.ch\/narratologie\/2018\/09\/remediatisation-remediation\/\">Rem\u00e9diatisation \/ Remediation<\/a> (Jan Baetens, 19\/9\/2018)<\/p>\n\n\n\n<p><a href=\"https:\/\/wp.unil.ch\/narratologie\/2021\/01\/rythme-rythm\/\">Rythme \/ Rhythm<\/a> (Jan Baetens, 8\/1\/2021)<\/p>\n\n\n\n<p><a href=\"https:\/\/wp.unil.ch\/narratologie\/2020\/02\/small-stories-small-stories\/\" target=\"_blank\" rel=\"noopener noreferrer\">Small Stories \/ Small Stories<\/a> (Alexandra Georgakopoulou &amp; Sylvie Patron, 4\/2\/2020)<\/p>\n\n\n\n<h4 class=\"wp-block-heading\">Approches th\u00e9oriques<\/h4>\n\n\n\n<p>Cette section vise \u00e0 rendre compte de la diversification des approches th\u00e9oriques contemporaines. Au-del\u00e0 des mod\u00e8les structuralistes ou formalistes, qui continuent de constituer le noyau dur de la th\u00e9orie du r\u00e9cit, ces perspectives soulignent les liens qui peuvent \u00eatre \u00e9tablis entre les r\u00e9cits et leur dimension rh\u00e9torique, cognitive, langagi\u00e8re ou m\u00e9diatique. Elles incluent aussi une prise en compte d&rsquo;aspects contextuels, notamment historiques, sociaux ou psychologiques, avec une ouverture sur les probl\u00e9matiques soulev\u00e9es par les \u00e9tudes f\u00e9ministes, queer ou postcoloniales. On observe enfin un int\u00e9r\u00eat renouvel\u00e9 pour l&rsquo;\u00e9tude et la th\u00e9orisation des formes exp\u00e9rimentales de la narrativit\u00e9 fictionnelle et pour l&rsquo;exploration de ses liens avec les r\u00e9cits naturels et\/ou conversationnels.<\/p>\n\n\n\n<p><a href=\"https:\/\/wp.unil.ch\/narratologie\/2022\/10\/linguistique-textuelle-text-linguistics\/\">Linguistique textuelle \/ Text Linguistics<\/a> (Jean-Michel Adam, 12\/10\/2022)<\/p>\n\n\n\n<p>Narratologie cognitive \/ Cognitive Narratology (Marie-Laure Ryan, en pr\u00e9paration)<\/p>\n\n\n\n<p>Narratologie diachronique \/ Diachronic Narratology (Karin Kukkonen, en pr\u00e9paration)<\/p>\n\n\n\n<p><a href=\"https:\/\/wp.unil.ch\/narratologie\/2026\/03\/narratologie-feministe-queer-et-trans\/\">Narratologie f\u00e9ministe, queer et trans \/ Feminist, Queer and Trans Narratology <\/a>(Susan S. Lanser, 3\/3\/2026)<\/p>\n\n\n\n<p><a href=\"https:\/\/wp.unil.ch\/narratologie\/2022\/01\/narratologie-naturelle-natural-narratology\/\">Narratologie naturelle \/ Natural Narratology<\/a> (Monika Fludernik, 11\/1\/2022)<\/p>\n\n\n\n<p><a href=\"https:\/\/wp.unil.ch\/narratologie\/2019\/08\/narratologie-non-naturelle-unnatural-narratology\/\">Narratologie non naturelle \/ Unnatural Narratology<\/a> (Brian Richardson, 2\/8\/2019)<\/p>\n\n\n\n<p><a href=\"https:\/\/wp.unil.ch\/narratologie\/2025\/03\/narratologie-postcoloniale\/\">Narratologie postcoloniale \/ Postcolonial Narratology<\/a> (Jan Alber, 14\/3\/2025)<\/p>\n\n\n\n<p>Narratologie rh\u00e9torique \/ Rhetorical Narratology (James Phelan, en pr\u00e9paration)<\/p>\n\n\n\n<p><a href=\"https:\/\/wp.unil.ch\/narratologie\/2019\/03\/narratologie-transmediale-transmedial-narratology\/\">Narratologie transm\u00e9diale \/ Transmedial Narratology<\/a> (Ana\u00efs Goudmand &amp; Rapha\u00ebl Baroni, 21\/3\/2019)<\/p>\n\n\n\n<p><a href=\"https:\/\/wp.unil.ch\/narratologie\/2019\/09\/theories-poetiques-de-la-narration-poetic-theories-of-narration\/\">Th\u00e9ories po\u00e9tiques de la narration \/ Poetic Theories of Narration<\/a> (Sylvie Patron, 20\/9\/2019)<\/p>\n\n\n\n<p><a href=\"https:\/\/wp.unil.ch\/narratologie\/2021\/07\/theorie-du-deplacement-deictique-deictic-shift-theory\/\">Th\u00e9orie du d\u00e9placement d\u00e9ictique \/ Deictic Shift Theory<\/a> (Mary Galbraith, 30\/7\/2021)<\/p>\n\n\n\n<h5 class=\"wp-block-heading\">Personnes de la narration<\/h5>\n\n\n\n<p>Cette section offre un aper\u00e7u des recherches portant sur diff\u00e9rentes mani\u00e8res de d\u00e9signer avec des pronoms personnels les personnages des r\u00e9cits. Ces recherches ont connu un renouvellement sans pr\u00e9c\u00e9dent sous l&rsquo;impulsion des approches stylistiques et po\u00e9tiques, ainsi que psr l&rsquo;adoption des cadres offerts par la narratologie naturelle et non naturelle.<\/p>\n\n\n\n<p><a href=\"https:\/\/wp.unil.ch\/narratologie\/2022\/09\/narration-a-la-premiere-personne\/\" target=\"_blank\" rel=\"noopener\">Narration \u00e0 la premi\u00e8re personne<\/a> (Gilles Philippe, 17\/9\/2022)<\/p>\n\n\n\n<p><a href=\"https:\/\/wp.unil.ch\/narratologie\/2025\/04\/narrations-a-la-deuxieme-et-a-la-cinquieme-personnes\/\">Narrations \u00e0 la deuxi\u00e8me et \u00e0 la cinqui\u00e8me personnes<\/a> (Daniel Seixas Oliveira, 22\/4\/2025)<\/p>\n\n\n\n<p><a href=\"https:\/\/wp.unil.ch\/narratologie\/2022\/10\/narration-a-la-troisieme-personne\/\">Narration \u00e0 la troisi\u00e8me personne<\/a> (Sylvie Patron, 23\/10\/2023)<\/p>\n\n\n\n<p><a href=\"https:\/\/wp.unil.ch\/narratologie\/2022\/08\/narration-a-la-quatrieme-personne\/\">Narration \u00e0 la quatri\u00e8me personne<\/a> (Arthur Br\u00fcgger, 15\/8\/2022)<\/p>\n\n\n\n<p><a href=\"https:\/\/wp.unil.ch\/narratologie\/2023\/06\/narration-a-la-sixieme-personne\/\">Narration \u00e0 la sixi\u00e8me personne<\/a> (Gilles Merminod, 2\/6\/2023)<\/p>\n\n\n\n<h4 class=\"wp-block-heading\">Narratologies m\u00e9diatiques<\/h4>\n\n\n\n<p>Cette section vise \u00e0 offrir un tour d&rsquo;horizon des travaux s&rsquo;inscrivant dans ce que Ryan et Thon ont appel\u00e9 une \u00ab\u00a0media conscious narratology\u00a0\u00bb. La narrativit\u00e9 y est abord\u00e9e en tenant compte de la sp\u00e9cificit\u00e9 de diff\u00e9rents m\u00e9dias susceptibles de raconter une histoire ou de servir de support pour la narrativisation d&rsquo;un artefact ou d&rsquo;une performance (musicale, th\u00e9\u00e2trale ou vid\u00e9oludique). L&rsquo;\u00e9tude des formes narratives fond\u00e9es sur la s\u00e9rialit\u00e9 et l&rsquo;interaction entre diff\u00e9rents m\u00e9dias est aussi envisag\u00e9e comme une extension fondamentale de la narratologie contemporaine.<\/p>\n\n\n\n<p><a href=\"https:\/\/wp.unil.ch\/narratologie\/2024\/11\/image-fixe-et-narration\/\">Narrativit\u00e9 de l&rsquo;image fixe isol\u00e9e<\/a> (Jan Baetens, 1\/11\/2024)<\/p>\n\n\n\n<p>Narrativit\u00e9 de la musique instrumentale (Alain Corbellari &amp; Rapha\u00ebl Baroni, en pr\u00e9paration)<\/p>\n\n\n\n<p><a href=\"https:\/\/wp.unil.ch\/narratologie\/2026\/01\/recit-conversationnel\/\">R\u00e9cit conversationnel<\/a> (Gilles Merminod, 13\/1\/2026)<\/p>\n\n\n\n<p>R\u00e9cit th\u00e9\u00e2tral (Danielle Chaperon, en pr\u00e9paration)<\/p>\n\n\n\n<p>R\u00e9cit audio-visuel (Alain Boillat, en pr\u00e9paration)<\/p>\n\n\n\n<p><a href=\"https:\/\/wp.unil.ch\/narratologie\/2024\/11\/la-bande-dessinee\/\">R\u00e9cit en bande dessin\u00e9e<\/a> (Jan Baetens, 1\/11\/2024)<\/p>\n\n\n\n<p><a href=\"https:\/\/wp.unil.ch\/narratologie\/2021\/08\/narratologie-videoludique-narratology-of-videogames\/\">R\u00e9cit vid\u00e9oludique<\/a> (Marc Marti, 30\/8\/2021)<\/p>\n\n\n\n<p>R\u00e9cit s\u00e9riel (Ana\u00efs Goudmand, en pr\u00e9paration)<\/p>\n\n\n\n<p>R\u00e9cit transm\u00e9diatique (Ana\u00efs Goudmand, en pr\u00e9paration)<\/p>\n\n\n\n<h4 class=\"wp-block-heading\">Histoire des th\u00e9ories du r\u00e9cit<\/h4>\n\n\n\n<p>M\u00eame si la <em>narratologie<\/em> n&rsquo;a \u00e9t\u00e9 baptis\u00e9e (par Todorov) qu&rsquo;en 1969, la th\u00e9orisation des formes narratives s&rsquo;inscrit dans une tr\u00e8s longue tradition, qui inclut aussi bien la po\u00e9tique, que l&rsquo;esth\u00e9tique et la rh\u00e9torique. Cette section aborde la th\u00e9orisation des formes narratives sous l&rsquo;angle d&rsquo;une historicisation des mod\u00e8les d&rsquo;analyse, depuis l&rsquo;antiquit\u00e9 jusqu&rsquo;\u00e0 aujourd&rsquo;hui.<\/p>\n\n\n\n<p><a href=\"https:\/\/wp.unil.ch\/narratologie\/2021\/09\/la-narratologie-dans-lantiquite-grecque\/\">Narratologie dans l&rsquo;antiquit\u00e9 grecque <\/a>(Rapha\u00ebl Baroni, 30\/9\/2021)<\/p>\n\n\n\n<p>Narratologie dans l&rsquo;antiquit\u00e9 latine (Danielle Van Mal-Maeder)<\/p>\n\n\n\n<p><a href=\"https:\/\/wp.unil.ch\/narratologie\/2021\/09\/narratologie-medievale\/\">Narratologie m\u00e9di\u00e9vale<\/a> (Alain Corbellari, 23\/9\/2021)<\/p>\n\n\n\n<p>Narratologie \u00e0 l&rsquo;\u00e9poque classique<\/p>\n\n\n\n<p>Narratologie au si\u00e8cle des lumi\u00e8res (Fran\u00e7ois Rosset, en pr\u00e9paration)<\/p>\n\n\n\n<p>Narratologie classique (Rapha\u00ebl Baroni, en pr\u00e9paration)<\/p>\n\n\n\n<p><a href=\"https:\/\/wp.unil.ch\/narratologie\/2018\/09\/narratologie-postclassique-postclassical-narratology\/\">Narratologie postclassique<\/a> (Rapha\u00ebl Baroni, 10\/9\/2018)<\/p>\n\n\n\n<h4 class=\"wp-block-heading\">G\u00e9ographie culturelle des th\u00e9ories sur le r\u00e9cit<\/h4>\n\n\n\n<p>En mettant en lumi\u00e8re des traditions narratologiques appartenant \u00e0 diff\u00e9rentes aires culturelles, dont certaines demeurent souvent m\u00e9connues des chercheurs francophones en raison d&rsquo;un manque de traduction, cette section invite \u00e0 une d\u00e9centration de la th\u00e9orie du r\u00e9cit. Il s&rsquo;agit en particulier d&rsquo;introduire \u00e0 des traditions de recherche parfois inspir\u00e9es par le structuralisme fran\u00e7ais et les approches anglophones, mais qui s&rsquo;en distinguent par leur mani\u00e8re particuli\u00e8re d&rsquo;inscrire la recherche narratologique dans leur contexte culturel. Sans pr\u00e9tendre \u00e0 l&rsquo;exhaustivit\u00e9, cet inventaire contribue \u00e0 \u00e9largir la focale de la th\u00e9orie du r\u00e9cit et \u00e0 d\u00e9naturaliser ses concepts dans une perspective comparatiste et historique. Cet inventaire privil\u00e9gie par cons\u00e9quent une entr\u00e9e par r\u00e9gions linguistiques plut\u00f4t que par \u00c9coles ou Centres de recherche, lesquels sont g\u00e9n\u00e9ralement mieux document\u00e9es. Pour un aper\u00e7u de l\u2019\u00c9cole de Tel Aviv, par exemple, dont la langue de recherche est majoritairement l&rsquo;anglais, on se r\u00e9f\u00e9rera \u00e0 l&rsquo;article d&rsquo;Eyal Segal paru dans <em><a href=\"https:\/\/doi.org\/10.4000\/narratologie.7289\">Les Cahiers de narratologie<\/a><\/em>.<\/p>\n\n\n\n<p>Narratologie allemande (Monika Fludernik, en pr\u00e9paration)<\/p>\n\n\n\n<p><a href=\"https:\/\/wp.unil.ch\/narratologie\/2023\/02\/la-narratologie-en-chine\/\">Narratologie chinoise<\/a> (Liya Wang, 27\/2\/2023)<\/p>\n\n\n\n<p><a href=\"https:\/\/wp.unil.ch\/narratologie\/2022\/02\/narratologie-hispanophone\/\">Narratologie hispanique<\/a> (Jos\u00e9 Rafael Valles Calatrava, 2\/2\/2022)<\/p>\n\n\n\n<p><a href=\"https:\/\/wp.unil.ch\/narratologie\/2023\/01\/narratologie-italienne\/\">Narratologie italienne<\/a> (Filippo Pennacchio, 13\/1\/2023)<\/p>\n\n\n\n<p>Narratologie lusophone (Carlos Reis, en pr\u00e9paration)<\/p>\n\n\n\n<p>Narratologie russe (Hans F\u00e4rnl\u00f6f &amp; Stefania Sini, en pr\u00e9paration)<\/p>\n\n\n\n<p>Narratologie scandinave (Kai Mikkonen, en pr\u00e9paration)<\/p>\n\n\n\n<h4 class=\"wp-block-heading\">Cat\u00e9gories du r\u00e9cit<\/h4>\n\n\n\n<p>Cette section visera \u00e0 revenir sur six dimensions fondamentales de la narrativit\u00e9 qui ont constitu\u00e9 des points de divergence dans l&rsquo;histoire de la narratologie. Ces cat\u00e9gories de base du r\u00e9cit ont \u00e9t\u00e9 discut\u00e9es notamment dans les approches formalistes et structuralistes (Greimas, Bremond, Todorov, Genette, Barthes), avant d&rsquo;\u00eatre remis en discussion dans le contexte d&rsquo;une narratologie po\u00e9tique, rh\u00e9torique, cognitive ou transm\u00e9diale. L&rsquo;objectif sera de mettre en lumi\u00e8re les \u00e9volutions observables concernant ces objets de recherche, en signalant l&rsquo;historique des d\u00e9bats th\u00e9oriques et l&rsquo;\u00e9tat actuel de la question. Cette pr\u00e9sentation des concepts fondateurs de la narratologie vise \u00e0 \u00e9viter une fossilisation des concepts \u00ab\u00a0classiques\u00a0\u00bb dans l&rsquo;enseignement et la recherche.<\/p>\n\n\n\n<p><a href=\"https:\/\/wp.unil.ch\/narratologie\/2025\/05\/narrateur\/\">Narrateur<\/a> (Sylvie Patron, 19\/5\/2025)<\/p>\n\n\n\n<p><a href=\"https:\/\/wp.unil.ch\/narratologie\/2025\/03\/perspective\/\">Perspective (focalisation et point de vue)<\/a> (Rapha\u00ebl Baroni, 15\/3\/2025)<\/p>\n\n\n\n<p>Temps et espace (Rapha\u00ebl Baroni, en pr\u00e9paration)<\/p>\n\n\n\n<p><a href=\"https:\/\/wp.unil.ch\/narratologie\/2025\/08\/tension-narrative-et-mise-en-intrigue\/\">Tension narrative et mise en intrigue<\/a> (Rapha\u00ebl Baroni, 16\/8\/2025)<\/p>\n\n\n\n<p>S\u00e9quence narrative<\/p>\n\n\n\n<p>Personnage<\/p>\n\n\n\n<h4 class=\"wp-block-heading\">Entr\u00e9es \u00e0 venir<\/h4>\n\n\n\n<p>Ev\u00e9nementialit\u00e9 \/ Eventfulness<\/p>\n\n\n\n<p>Fictionnalit\u00e9 \/ Fictionality<\/p>\n\n\n\n<p>Monstration &amp; Monstrateur \/ Monstration &amp; Monstrator<\/p>\n\n\n\n<p>Narrativaut\u00e9 &amp; Narrativitude \/ Narrativehood &amp; Narrativeness<\/p>\n\n\n\n<p>Personnage r\u00e9flecteur \/ Reflector-character<\/p>\n\n\n\n<p>Racontabilit\u00e9 \/ Tellability<\/p>\n\n\n\n<p>Sc\u00e9nographie \/ Scenography<\/p>\n","protected":false},"excerpt":{"rendered":"<p>Le glossaire du R\u00e9NaF est un dictionnaire encyclop\u00e9dique pr\u00e9sentant lesdes principaux concepts ou courants de recherche dans le domaine de la narratologie contemporaine. Il vise \u00e9galement \u00e0 encourager une circulation internationale et pluriculturelle des savoirs en pr\u00e9sentant des r\u00e9f\u00e9rences et<\/p>\n","protected":false},"author":1001512,"featured_media":0,"parent":0,"menu_order":0,"comment_status":"closed","ping_status":"closed","template":"","meta":{"_seopress_robots_primary_cat":"","_seopress_titles_title":"","_seopress_titles_desc":"","_seopress_robots_index":"","footnotes":""},"class_list":["post-131","page","type-page","status-publish"],"_links":{"self":[{"href":"https:\/\/wp.unil.ch\/narratologie\/wp-json\/wp\/v2\/pages\/131","targetHints":{"allow":["GET"]}}],"collection":[{"href":"https:\/\/wp.unil.ch\/narratologie\/wp-json\/wp\/v2\/pages"}],"about":[{"href":"https:\/\/wp.unil.ch\/narratologie\/wp-json\/wp\/v2\/types\/page"}],"author":[{"embeddable":true,"href":"https:\/\/wp.unil.ch\/narratologie\/wp-json\/wp\/v2\/users\/1001512"}],"replies":[{"embeddable":true,"href":"https:\/\/wp.unil.ch\/narratologie\/wp-json\/wp\/v2\/comments?post=131"}],"version-history":[{"count":4,"href":"https:\/\/wp.unil.ch\/narratologie\/wp-json\/wp\/v2\/pages\/131\/revisions"}],"predecessor-version":[{"id":2594,"href":"https:\/\/wp.unil.ch\/narratologie\/wp-json\/wp\/v2\/pages\/131\/revisions\/2594"}],"wp:attachment":[{"href":"https:\/\/wp.unil.ch\/narratologie\/wp-json\/wp\/v2\/media?parent=131"}],"curies":[{"name":"wp","href":"https:\/\/api.w.org\/{rel}","templated":true}]}}