{"id":125,"date":"2018-07-23T16:54:16","date_gmt":"2018-07-23T14:54:16","guid":{"rendered":"http:\/\/wp.unil.ch\/narratologie\/?page_id=125"},"modified":"2020-02-19T14:37:44","modified_gmt":"2020-02-19T13:37:44","slug":"exposition-serialites","status":"publish","type":"page","link":"https:\/\/wp.unil.ch\/narratologie\/exposition-serialites\/","title":{"rendered":"Exposition \u00ab\u00a0s\u00e9rialit\u00e9s\u00a0\u00bb"},"content":{"rendered":"<h3><strong>S\u00e9rialit\u00e9s narratives\u00a0: litt\u00e9rature, BD, radio, serials, t\u00e9l\u00e9vision, jeux vid\u00e9o<\/strong><\/h3>\n<p>Cette exposition virtuelle prolonge le cours de Master \u00ab\u00a0S\u00e9rialit\u00e9s narratives\u00a0: litt\u00e9rature, BD, radio, serials, t\u00e9l\u00e9vision, jeux vid\u00e9o\u00a0\u00bb, organis\u00e9 au Printemps 2018 par Rapha\u00ebl Baroni (EFLE), Mireille Berton (CIN) et Ana\u00efs Goudmand (EFLE). Visant \u00e0 \u00e9tudier la s\u00e9rialit\u00e9 narrative en tant que ph\u00e9nom\u00e8ne transversal s\u2019inscrivant dans l\u2019histoire culturelle de diff\u00e9rents m\u00e9dias tels que la litt\u00e9rature, la bande-dessin\u00e9e, la t\u00e9l\u00e9vision, le cin\u00e9ma, le jeu vid\u00e9o et la radio, ce cours a propos\u00e9 aux \u00e9tudiant.e.s d\u2019effectuer, \u00e0 partir d\u2019un travail acad\u00e9mique \u00ab\u00a0classique\u00a0\u00bb, une validation interne sous forme d\u2019infographie avec contenus multim\u00e9dias.<\/p>\n<p><a href=\"https:\/\/news.unil.ch\/display?id=1521556985257\"><img alt=\"\" loading=\"lazy\" decoding=\"async\" class=\"aligncenter wp-image-257 size-full\" src=\"https:\/\/wp.unil.ch\/narratologie\/files\/2018\/09\/Capture-d\u2019e\u0301cran-2018-09-10-a\u0300-11.47.21.png\" alt=\"\" width=\"1376\" height=\"424\" srcset=\"https:\/\/wp.unil.ch\/narratologie\/files\/2018\/09\/Capture-d\u2019e\u0301cran-2018-09-10-a\u0300-11.47.21.png 1376w, https:\/\/wp.unil.ch\/narratologie\/files\/2018\/09\/Capture-d\u2019e\u0301cran-2018-09-10-a\u0300-11.47.21-300x92.png 300w, https:\/\/wp.unil.ch\/narratologie\/files\/2018\/09\/Capture-d\u2019e\u0301cran-2018-09-10-a\u0300-11.47.21-768x237.png 768w, https:\/\/wp.unil.ch\/narratologie\/files\/2018\/09\/Capture-d\u2019e\u0301cran-2018-09-10-a\u0300-11.47.21-1024x316.png 1024w\" sizes=\"auto, (max-width: 1376px) 100vw, 1376px\" \/><\/a><\/p>\n<p>Dans un premier temps, chaque groupe form\u00e9 de deux \u00e0 trois \u00e9tudiant.e.s a r\u00e9dig\u00e9, en fonction d\u2019une s\u00e9rie d\u2019axes th\u00e9matiques, un court dossier contenant un titre, une probl\u00e9matique, une bibliographie, des citations extraites de la litt\u00e9rature, des sources (images, textes, vid\u00e9os, etc.). Tr\u00e8s h\u00e9t\u00e9rog\u00e8nes et souvent transversaux, les sujets choisis touchent tant\u00f4t \u00e0 une question \u00ab\u00a0th\u00e9orique\u00a0\u00bb (le chapitrage en bande-dessin\u00e9e, le <em>female gaze<\/em>), tant\u00f4t \u00e0 un personnage servant de pivot pour une s\u00e9rie (Wonder Woman, Mildred Pierce), tant\u00f4t \u00e0 un format s\u00e9riel (l\u2019anthologie, la franchise), tant\u00f4t \u00e0 un ph\u00e9nom\u00e8ne transm\u00e9diatique (<em>Fargo, Evil Dead<\/em>). Dans un second temps, les groupes ont con\u00e7u une infographie interactive \u00e0 l\u2019aide du logiciel Visme afin de traduire le contenu de mani\u00e8re \u00e0 la fois rigoureuse en termes scientifiques et attrayante en termes didactiques.<\/p>\n<p>Destin\u00e9es \u00e0 un public non averti, ces infographiques visent \u00e0 encourager le d\u00e9veloppement de comp\u00e9tences dans le domaine de l\u2019\u00e9dition num\u00e9rique et de la communication des savoirs scientifiques \u00e0 un large public. L\u2019enjeu majeur a consist\u00e9 \u00e0 transposer un message via des \u00e9l\u00e9ments \u00e0 la fois visuels, \u00e9crits et sonores, sans pour autant perdre de vue la probl\u00e9matique et la pr\u00e9cision des informations. Ax\u00e9e donc sur la qualit\u00e9 de la transmission du savoir dans une vis\u00e9e p\u00e9dagogique, l\u2019\u00e9valuation a port\u00e9 sur les crit\u00e8res suivants\u00a0: aspects formels (orthographe, syntaxe, langue, citations et r\u00e9f\u00e9rences)\u00a0; \u00e9quilibre entre les \u00e9l\u00e9ments textuels et visuels\/sonores\u00a0; hi\u00e9rarchisation des informations\u00a0; vari\u00e9t\u00e9 et pertinence des diff\u00e9rents \u00e9l\u00e9ments\u00a0; productivit\u00e9 de l\u2019interactivit\u00e9\u00a0; lisibilit\u00e9 de l\u2019information\u00a0; possibilit\u00e9 d\u2019approfondissement de la mati\u00e8re.<\/p>\n<p>L\u2019exposition virtuelle est destin\u00e9e \u00e0 mettre en valeur le r\u00e9sultat final d\u2019une r\u00e9flexion qui s\u2019est \u00e9labor\u00e9e tout au long du semestre, \u00e0 travers une s\u00e9rie de conf\u00e9rences, d\u2019ateliers et de s\u00e9ances de rem\u00e9diation. Cette exp\u00e9rience a \u00e9t\u00e9 possible gr\u00e2ce au soutien de Nadia Spang-Bovey, ing\u00e9nieure p\u00e9dagogique de la facult\u00e9 et enseignante au SLI, qui a accompagn\u00e9 l\u2019\u00e9quipe enseignante et les \u00e9tudiant.e.s durant tout le processus.<\/p>\n<p>Les noms des \u00e9tudiants ayant r\u00e9alis\u00e9 les infographies sont indiqu\u00e9s \u00e0 c\u00f4t\u00e9 des liens ci-dessous:<\/p>\n<p style=\"text-align: center\"><strong>Questions th\u00e9oriques<\/strong><\/p>\n<p style=\"text-align: center\"><a href=\"https:\/\/my.visme.co\/projects\/pv0648n4-le-chapitrage-dans-la-bande-dessinee-franco-belge\"><img alt=\"\" loading=\"lazy\" decoding=\"async\" class=\"aligncenter wp-image-268 size-thumbnail\" src=\"https:\/\/wp.unil.ch\/narratologie\/files\/2018\/09\/Capture-d\u2019e\u0301cran-2018-09-10-a\u0300-12.16.04-150x150.png\" alt=\"\" width=\"150\" height=\"150\" srcset=\"https:\/\/wp.unil.ch\/narratologie\/files\/2018\/09\/Capture-d\u2019e\u0301cran-2018-09-10-a\u0300-12.16.04-150x150.png 150w, https:\/\/wp.unil.ch\/narratologie\/files\/2018\/09\/Capture-d\u2019e\u0301cran-2018-09-10-a\u0300-12.16.04-230x230.png 230w, https:\/\/wp.unil.ch\/narratologie\/files\/2018\/09\/Capture-d\u2019e\u0301cran-2018-09-10-a\u0300-12.16.04-365x365.png 365w\" sizes=\"auto, (max-width: 150px) 100vw, 150px\" \/><\/a><\/p>\n<p style=\"text-align: center\"><a href=\"https:\/\/my.visme.co\/projects\/pv0648n4-le-chapitrage-dans-la-bande-dessinee-franco-belge\" target=\"_blank\" rel=\"noopener noreferrer\">Le chapitrage en bande-dessin\u00e9e<\/a><br \/>\nJeanne Rocabert, Laura Weber<\/p>\n<p style=\"text-align: center\"><a href=\"https:\/\/my.visme.co\/projects\/z4yp1wo1-i-love-dick\"><img alt=\"\" loading=\"lazy\" decoding=\"async\" class=\"aligncenter wp-image-259 size-thumbnail\" src=\"https:\/\/wp.unil.ch\/narratologie\/files\/2018\/09\/I-love-Dick-150x150.png\" alt=\"\" width=\"150\" height=\"150\" srcset=\"https:\/\/wp.unil.ch\/narratologie\/files\/2018\/09\/I-love-Dick-150x150.png 150w, https:\/\/wp.unil.ch\/narratologie\/files\/2018\/09\/I-love-Dick-230x230.png 230w, https:\/\/wp.unil.ch\/narratologie\/files\/2018\/09\/I-love-Dick-365x365.png 365w\" sizes=\"auto, (max-width: 150px) 100vw, 150px\" \/><\/a><\/p>\n<p style=\"text-align: center\"><a href=\"https:\/\/my.visme.co\/projects\/z4yp1wo1-i-love-dick\" target=\"_blank\" rel=\"noopener noreferrer\">Le <em>female gaze <\/em>dans\u00a0<em>I Love Dick<\/em><\/a><em><br \/>\n<\/em>Oc\u00e9ane Wannaz, Isotta Regazzoni, Manuella Pellegrini<em><br \/>\n<\/em><\/p>\n<p style=\"text-align: center\"><strong>Personnages f\u00e9minins pivots<\/strong><\/p>\n<p style=\"text-align: center\"><a href=\"https:\/\/my.visme.co\/projects\/6xo6grj3-onz2g0ooeg1w5e6p\"><img alt=\"\" loading=\"lazy\" decoding=\"async\" class=\"aligncenter wp-image-261 size-thumbnail\" src=\"https:\/\/wp.unil.ch\/narratologie\/files\/2018\/09\/Wonder-Woman-1-150x150.png\" alt=\"\" width=\"150\" height=\"150\" srcset=\"https:\/\/wp.unil.ch\/narratologie\/files\/2018\/09\/Wonder-Woman-1-150x150.png 150w, https:\/\/wp.unil.ch\/narratologie\/files\/2018\/09\/Wonder-Woman-1-230x230.png 230w, https:\/\/wp.unil.ch\/narratologie\/files\/2018\/09\/Wonder-Woman-1-365x365.png 365w\" sizes=\"auto, (max-width: 150px) 100vw, 150px\" \/><\/a><\/p>\n<p style=\"text-align: center\"><a href=\"https:\/\/my.visme.co\/projects\/6xo6grj3-onz2g0ooeg1w5e6p\" target=\"_blank\" rel=\"noopener noreferrer\">Wonder Woman<\/a><br \/>\nCl\u00e9a Masserey, Chlo\u00eb Chaudet, Ludivine Barro<\/p>\n<p style=\"text-align: center\"><a href=\"https:\/\/my.visme.co\/projects\/90ymxxxm-ke7lpvoogopvl9mw\"><img alt=\"\" loading=\"lazy\" decoding=\"async\" class=\"aligncenter wp-image-262 size-thumbnail\" src=\"https:\/\/wp.unil.ch\/narratologie\/files\/2018\/09\/Mildred-Pierce-150x150.png\" alt=\"\" width=\"150\" height=\"150\" srcset=\"https:\/\/wp.unil.ch\/narratologie\/files\/2018\/09\/Mildred-Pierce-150x150.png 150w, https:\/\/wp.unil.ch\/narratologie\/files\/2018\/09\/Mildred-Pierce-300x300.png 300w, https:\/\/wp.unil.ch\/narratologie\/files\/2018\/09\/Mildred-Pierce-230x230.png 230w, https:\/\/wp.unil.ch\/narratologie\/files\/2018\/09\/Mildred-Pierce-365x365.png 365w, https:\/\/wp.unil.ch\/narratologie\/files\/2018\/09\/Mildred-Pierce.png 648w\" sizes=\"auto, (max-width: 150px) 100vw, 150px\" \/><\/a><\/p>\n<p style=\"text-align: center\"><a href=\"https:\/\/my.visme.co\/projects\/90ymxxxm-ke7lpvoogopvl9mw\" target=\"_blank\" rel=\"noopener noreferrer\">Mildred Pierce<\/a><br \/>\nAur\u00e9lie Pernet, Sol\u00e8ne Humair, Rapha\u00ebl Tinguely<\/p>\n<p style=\"text-align: center\"><strong> Formats s\u00e9riels<\/strong><\/p>\n<p><a href=\"https:\/\/my.visme.co\/projects\/pv063yqg-c-g-evil-dead-franchise\"><img alt=\"\" loading=\"lazy\" decoding=\"async\" class=\"aligncenter wp-image-263 size-thumbnail\" src=\"https:\/\/wp.unil.ch\/narratologie\/files\/2018\/09\/Evil-Dead-150x150.png\" alt=\"\" width=\"150\" height=\"150\" srcset=\"https:\/\/wp.unil.ch\/narratologie\/files\/2018\/09\/Evil-Dead-150x150.png 150w, https:\/\/wp.unil.ch\/narratologie\/files\/2018\/09\/Evil-Dead-230x230.png 230w\" sizes=\"auto, (max-width: 150px) 100vw, 150px\" \/><\/a><\/p>\n<p style=\"text-align: center\"><a href=\"https:\/\/my.visme.co\/projects\/pv063yqg-c-g-evil-dead-franchise\" target=\"_blank\" rel=\"noopener noreferrer\">La franchise<em> Evil Dead<\/em><\/a><br \/>\nCindy Cantin, Guillaume Viret<\/p>\n<p style=\"text-align: center\"><a href=\"https:\/\/my.visme.co\/projects\/n0636vq3-64r50vm81xz02pz1\"><img alt=\"\" loading=\"lazy\" decoding=\"async\" class=\"aligncenter wp-image-264 size-thumbnail\" src=\"https:\/\/wp.unil.ch\/narratologie\/files\/2018\/09\/Anthologie-150x150.png\" alt=\"\" width=\"150\" height=\"150\" srcset=\"https:\/\/wp.unil.ch\/narratologie\/files\/2018\/09\/Anthologie-150x150.png 150w, https:\/\/wp.unil.ch\/narratologie\/files\/2018\/09\/Anthologie-230x230.png 230w, https:\/\/wp.unil.ch\/narratologie\/files\/2018\/09\/Anthologie-365x365.png 365w\" sizes=\"auto, (max-width: 150px) 100vw, 150px\" \/><\/a><\/p>\n<p style=\"text-align: center\"><a href=\"https:\/\/my.visme.co\/projects\/n0636vq3-64r50vm81xz02pz1\" target=\"_blank\" rel=\"noopener noreferrer\">L\u2019anthologie<\/a><br \/>\nNathalie Humbert-Droz, Alexanre Stalder, Lo\u00efc Gerber<\/p>\n<p style=\"text-align: center\"><a href=\"https:\/\/my.visme.co\/projects\/8rye1x9m-d3o26vzgxmk7lgxw\"><img alt=\"\" loading=\"lazy\" decoding=\"async\" class=\"aligncenter wp-image-265 size-thumbnail\" src=\"https:\/\/wp.unil.ch\/narratologie\/files\/2018\/09\/Capture-d\u2019e\u0301cran-2018-09-10-a\u0300-12.06.56-150x150.png\" alt=\"\" width=\"150\" height=\"150\" srcset=\"https:\/\/wp.unil.ch\/narratologie\/files\/2018\/09\/Capture-d\u2019e\u0301cran-2018-09-10-a\u0300-12.06.56-150x150.png 150w, https:\/\/wp.unil.ch\/narratologie\/files\/2018\/09\/Capture-d\u2019e\u0301cran-2018-09-10-a\u0300-12.06.56-230x230.png 230w, https:\/\/wp.unil.ch\/narratologie\/files\/2018\/09\/Capture-d\u2019e\u0301cran-2018-09-10-a\u0300-12.06.56-365x365.png 365w\" sizes=\"auto, (max-width: 150px) 100vw, 150px\" \/><\/a><\/p>\n<p style=\"text-align: center\"><a href=\"https:\/\/my.visme.co\/projects\/8rye1x9m-d3o26vzgxmk7lgxw\" target=\"_blank\" rel=\"noopener noreferrer\">L&rsquo;univers transfictionnel de <em>Fargo <\/em><\/a><br \/>\nYann Faronato, Gent Camaj<\/p>\n","protected":false},"excerpt":{"rendered":"<p>S\u00e9rialit\u00e9s narratives\u00a0: litt\u00e9rature, BD, radio, serials, t\u00e9l\u00e9vision, jeux vid\u00e9o Cette exposition virtuelle prolonge le cours de Master \u00ab\u00a0S\u00e9rialit\u00e9s narratives\u00a0: litt\u00e9rature, BD, radio, serials, t\u00e9l\u00e9vision, jeux vid\u00e9o\u00a0\u00bb, organis\u00e9 au Printemps 2018 par Rapha\u00ebl Baroni (EFLE), Mireille Berton (CIN) et Ana\u00efs Goudmand<\/p>\n","protected":false},"author":1001512,"featured_media":0,"parent":0,"menu_order":0,"comment_status":"closed","ping_status":"closed","template":"","meta":{"_seopress_robots_primary_cat":"","_seopress_titles_title":"","_seopress_titles_desc":"","_seopress_robots_index":"","footnotes":""},"class_list":["post-125","page","type-page","status-publish"],"_links":{"self":[{"href":"https:\/\/wp.unil.ch\/narratologie\/wp-json\/wp\/v2\/pages\/125","targetHints":{"allow":["GET"]}}],"collection":[{"href":"https:\/\/wp.unil.ch\/narratologie\/wp-json\/wp\/v2\/pages"}],"about":[{"href":"https:\/\/wp.unil.ch\/narratologie\/wp-json\/wp\/v2\/types\/page"}],"author":[{"embeddable":true,"href":"https:\/\/wp.unil.ch\/narratologie\/wp-json\/wp\/v2\/users\/1001512"}],"replies":[{"embeddable":true,"href":"https:\/\/wp.unil.ch\/narratologie\/wp-json\/wp\/v2\/comments?post=125"}],"version-history":[{"count":0,"href":"https:\/\/wp.unil.ch\/narratologie\/wp-json\/wp\/v2\/pages\/125\/revisions"}],"wp:attachment":[{"href":"https:\/\/wp.unil.ch\/narratologie\/wp-json\/wp\/v2\/media?parent=125"}],"curies":[{"name":"wp","href":"https:\/\/api.w.org\/{rel}","templated":true}]}}