{"id":11,"date":"2017-10-11T10:33:17","date_gmt":"2017-10-11T08:33:17","guid":{"rendered":"http:\/\/wp.unil.ch\/narratologie\/?page_id=11"},"modified":"2022-03-22T14:02:13","modified_gmt":"2022-03-22T13:02:13","slug":"contact","status":"publish","type":"page","link":"https:\/\/wp.unil.ch\/narratologie\/contact\/","title":{"rendered":"Contact"},"content":{"rendered":"<p>Le site du R\u00e9NaF et de NaTrans est h\u00e9berg\u00e9 par l&rsquo;Universit\u00e9 de Lausanne. Il a \u00e9t\u00e9 cr\u00e9\u00e9 et est g\u00e9r\u00e9 par:<\/p>\n<ul>\n<li>Rapha\u00ebl Baroni: <a href=\"mailto:raphael.baroni@unil.ch\">raphael.baroni@unil.ch<\/a><\/li>\n<li>Ana\u00efs Goudmand: <a href=\"mailto:anais.goudmand@sorbonne-universite.fr\">anais.goudmand@sorbonne-universite.fr<\/a><\/li>\n<li>Gilles Merminod: <a href=\"mailto:gilles.merminod@unil.ch\">gilles.merminod@unil.ch<\/a><\/li>\n<\/ul>\n<p>N&rsquo;h\u00e9sitez pas \u00e0 nous contacter pour vous affilier au r\u00e9seau des narratologues francophones ou pour nous demander de diffuser des informations sur la page \u00ab\u00a0actualit\u00e9s\u00a0\u00bb de notre site. Nous diffusons volontiers toute actualit\u00e9 li\u00e9e \u00e0 la narratologie, notamment les appels \u00e0 contribution, les annonces de colloque, les annonces de publication d&rsquo;actes de colloques, de num\u00e9ros de revue, d&rsquo;ouvrages collectifs ou de monographiques ou les programmes d&rsquo;enseignement li\u00e9s \u00e0 la th\u00e9orie du r\u00e9cit.<\/p>\n","protected":false},"excerpt":{"rendered":"<p>Le site du R\u00e9NaF et de NaTrans est h\u00e9berg\u00e9 par l&rsquo;Universit\u00e9 de Lausanne. Il a \u00e9t\u00e9 cr\u00e9\u00e9 et est g\u00e9r\u00e9 par: Rapha\u00ebl Baroni: raphael.baroni@unil.ch Ana\u00efs Goudmand: anais.goudmand@sorbonne-universite.fr Gilles Merminod: gilles.merminod@unil.ch N&rsquo;h\u00e9sitez pas \u00e0 nous contacter pour vous affilier au r\u00e9seau<\/p>\n","protected":false},"author":108,"featured_media":0,"parent":0,"menu_order":0,"comment_status":"closed","ping_status":"closed","template":"","meta":{"_seopress_robots_primary_cat":"","_seopress_titles_title":"","_seopress_titles_desc":"","_seopress_robots_index":"","footnotes":""},"class_list":["post-11","page","type-page","status-publish"],"_links":{"self":[{"href":"https:\/\/wp.unil.ch\/narratologie\/wp-json\/wp\/v2\/pages\/11","targetHints":{"allow":["GET"]}}],"collection":[{"href":"https:\/\/wp.unil.ch\/narratologie\/wp-json\/wp\/v2\/pages"}],"about":[{"href":"https:\/\/wp.unil.ch\/narratologie\/wp-json\/wp\/v2\/types\/page"}],"author":[{"embeddable":true,"href":"https:\/\/wp.unil.ch\/narratologie\/wp-json\/wp\/v2\/users\/108"}],"replies":[{"embeddable":true,"href":"https:\/\/wp.unil.ch\/narratologie\/wp-json\/wp\/v2\/comments?post=11"}],"version-history":[{"count":0,"href":"https:\/\/wp.unil.ch\/narratologie\/wp-json\/wp\/v2\/pages\/11\/revisions"}],"wp:attachment":[{"href":"https:\/\/wp.unil.ch\/narratologie\/wp-json\/wp\/v2\/media?parent=11"}],"curies":[{"name":"wp","href":"https:\/\/api.w.org\/{rel}","templated":true}]}}