{"id":2,"date":"2017-09-25T12:15:56","date_gmt":"2017-09-25T10:15:56","guid":{"rendered":"http:\/\/wp.unil.ch\/mt180\/?page_id=2"},"modified":"2026-03-23T16:21:11","modified_gmt":"2026-03-23T15:21:11","slug":"accueil","status":"publish","type":"page","link":"https:\/\/wp.unil.ch\/mt180\/accueil\/","title":{"rendered":"Ma th\u00e8se en 180 secondes"},"content":{"rendered":"\n<div class=\"wp-block-group alignfull sansespacebas has-secondary-background-color has-text-color has-background has-link-color wp-elements-8a92ad04505832c3f48e12878919f3b0\" style=\"color:#ffd67a\"><div class=\"wp-block-group__inner-container is-layout-constrained wp-block-group-is-layout-constrained\">\n<h4 class=\"wp-block-heading has-text-align-center defile has-text-color has-link-color wp-elements-baa5f3dc6e91f344e6b0e8d30ebf7035\" style=\"color:#ffd67a\"><a href=\"https:\/\/www.youtube.com\/live\/G9Rxn-mkBIo?si=aUsPmPpBh6-tu_Rk\">Suivez la finale en direct sur notre cha\u00eene Youtube<\/a><\/h4>\n<\/div><\/div>\n\n\n<figure class=\"alignfull sansespacehaut wp-block-post-featured-image\"><img loading=\"lazy\" decoding=\"async\" width=\"1920\" height=\"427\" src=\"https:\/\/wp.unil.ch\/mt180\/files\/2026\/01\/web_mt180_26_extended.png\" class=\"attachment-post-thumbnail size-post-thumbnail wp-post-image\" alt=\"web mt180 26 extended\" style=\"object-fit:cover;\" srcset=\"https:\/\/wp.unil.ch\/mt180\/files\/2026\/01\/web_mt180_26_extended.png 1920w, https:\/\/wp.unil.ch\/mt180\/files\/2026\/01\/web_mt180_26_extended-300x67.png 300w, https:\/\/wp.unil.ch\/mt180\/files\/2026\/01\/web_mt180_26_extended-1024x228.png 1024w, https:\/\/wp.unil.ch\/mt180\/files\/2026\/01\/web_mt180_26_extended-768x171.png 768w, https:\/\/wp.unil.ch\/mt180\/files\/2026\/01\/web_mt180_26_extended-1536x342.png 1536w, https:\/\/wp.unil.ch\/mt180\/files\/2026\/01\/web_mt180_26_extended-540x120.png 540w, https:\/\/wp.unil.ch\/mt180\/files\/2026\/01\/web_mt180_26_extended-1080x240.png 1080w, https:\/\/wp.unil.ch\/mt180\/files\/2026\/01\/web_mt180_26_extended-1320x294.png 1320w\" sizes=\"auto, (max-width: 1920px) 100vw, 1920px\" \/><\/figure>\n\n\n<h1 class=\"wp-block-heading\" style=\"font-size:50px\">10<sup>e<\/sup> \u00e9dition de MT180<\/h1>\n\n\n\n<div class=\"wp-block-columns is-layout-flex wp-container-core-columns-is-layout-9d6595d7 wp-block-columns-is-layout-flex\">\n<div class=\"wp-block-column is-layout-flow wp-block-column-is-layout-flow\" style=\"flex-basis:70%\">\n<p class=\"has-large-font-size\"><strong><strong><strong>Le concours \u00ab Ma th\u00e8se en 180 secondes \u00bb c\u00e9l\u00e8bre cette ann\u00e9e sa 10\u1d49 \u00e9dition \u00e0 l\u2019Unil<\/strong><\/strong><\/strong>. <\/p>\n\n\n\n<p><strong>Le 26 mars 2026 \u00e0 18h30<\/strong>, rejoignez-nous \u00e0 l\u2019Amphimax pour applaudir les <a href=\"https:\/\/wp.unil.ch\/mt180\/candidat-es\/\">17 doctorant\u00b7e\u00b7s<\/a>  qui rel\u00e8veront le d\u00e9fi de pr\u00e9senter leur th\u00e8se en 3 minutes chrono!<\/p>\n\n\n\n<p>Lors de cette finale, quatre prix seront d\u00e9cern\u00e9s dont l\u2019un par le public. Les trois autres prix seront attribu\u00e9s par un <a href=\"https:\/\/wp.unil.ch\/mt180\/jury\/\" data-type=\"link\" data-id=\"https:\/\/wp.unil.ch\/mt180\/jury\/\">jury <\/a>compos\u00e9 de repr\u00e9sentant\u00b7e\u00b7s du milieu acad\u00e9mique et du monde de la communication. Les trois personnes s\u00e9lectionn\u00e9es par le jury participeront \u00e0 la finale suisse qui aura lieu le 21 mai 2026 \u00e0 l\u2019EPFL<\/p>\n\n\n\n<h3 class=\"wp-block-heading\">Programme<\/h3>\n\n\n\n<ul class=\"wp-block-list\">\n<li>18h30 &#8211;&nbsp;Grande Finale Unil de \u00abMa th\u00e8se en 180 secondes\u00bb<\/li>\n\n\n\n<li>20h30 &#8211; R\u00e9sultats et remise des Prix<\/li>\n\n\n\n<li>20h45 &#8211; Fin de l&rsquo;\u00e9v\u00e9nement<\/li>\n<\/ul>\n<\/div>\n\n\n\n<div class=\"wp-block-column is-layout-flow wp-block-column-is-layout-flow\" style=\"flex-basis:30%\">\n<div class=\"wp-block-group has-light-background-background-color has-background\"><div class=\"wp-block-group__inner-container is-layout-constrained wp-block-group-is-layout-constrained\">\n<p class=\"has-text-align-center has-large-font-size\"><strong>Inscrivez-vous pour assister \u00e0 la soir\u00e9e du 26 mars 2026<\/strong><\/p>\n\n\n\n<div class=\"wp-block-buttons is-content-justification-center is-layout-flex wp-container-core-buttons-is-layout-16018d1d wp-block-buttons-is-layout-flex\">\n<div class=\"wp-block-button\"><a class=\"wp-block-button__link has-large-font-size has-text-align-center has-custom-font-size wp-element-button\" href=\"https:\/\/events.unil.ch\/register\/612\/1102\" style=\"border-top-left-radius:30px;border-top-right-radius:30px;border-bottom-left-radius:30px;border-bottom-right-radius:30px\">Inscription<\/a><\/div>\n<\/div>\n<\/div><\/div>\n<\/div>\n<\/div>\n\n\n\n<h2 class=\"wp-block-heading\">Teaser 2026<\/h2>\n\n\n\n<figure class=\"wp-block-embed is-type-video is-provider-youtube wp-block-embed-youtube wp-embed-aspect-16-9 wp-has-aspect-ratio\"><div class=\"wp-block-embed__wrapper\">\n<iframe loading=\"lazy\" title=\"Ma Th\u00e8se en 180 secondes | Teaser | Finale UNIL 2026\" width=\"580\" height=\"326\" src=\"https:\/\/www.youtube.com\/embed\/jy64aDPYNHM?feature=oembed\" frameborder=\"0\" allow=\"accelerometer; autoplay; clipboard-write; encrypted-media; gyroscope; picture-in-picture; web-share\" referrerpolicy=\"strict-origin-when-cross-origin\" allowfullscreen><\/iframe>\n<\/div><\/figure>\n\n\n\n<div class=\"wp-block-columns uag-hide-desktop uag-hide-tab uag-hide-mob is-layout-flex wp-container-core-columns-is-layout-9d6595d7 wp-block-columns-is-layout-flex\">\n<div class=\"wp-block-column is-layout-flow wp-block-column-is-layout-flow\" style=\"flex-basis:50%\">\n<div class=\"wp-block-group bordure\"><div class=\"wp-block-group__inner-container is-layout-constrained wp-block-group-is-layout-constrained\">\n<h2 class=\"wp-block-heading\">Prix Unil<\/h2>\n\n\n\n<ul class=\"wp-block-list\">\n<li><strong>1<\/strong><strong><sup>er<\/sup><\/strong><strong>&nbsp;Prix:&nbsp;<\/strong>1000 CHF<\/li>\n\n\n\n<li><strong>2<sup>e<\/sup>&nbsp;Prix:&nbsp;<\/strong>750 CHF<\/li>\n\n\n\n<li><strong>3<sup>e<\/sup>&nbsp;Prix:&nbsp;<\/strong>500 CHF<\/li>\n\n\n\n<li><strong>Prix du public:&nbsp;<\/strong>500 CHF<\/li>\n<\/ul>\n<\/div><\/div>\n<\/div>\n\n\n\n<div class=\"wp-block-column is-layout-flow wp-block-column-is-layout-flow\" style=\"flex-basis:50%\"><\/div>\n<\/div>\n","protected":false},"excerpt":{"rendered":"<p>Suivez la finale en direct sur notre cha\u00eene Youtube 10e \u00e9dition de MT180 Le concours \u00ab Ma th\u00e8se en 180 secondes \u00bb c\u00e9l\u00e8bre cette ann\u00e9e sa 10\u1d49 \u00e9dition&hellip;<\/p>\n","protected":false},"author":108,"featured_media":2831,"parent":0,"menu_order":0,"comment_status":"closed","ping_status":"closed","template":"template-full-width.php","meta":{"_seopress_robots_primary_cat":"","_seopress_titles_title":"","_seopress_titles_desc":"","_seopress_robots_index":"","_uag_custom_page_level_css":"","footnotes":""},"class_list":["post-2","page","type-page","status-publish","has-post-thumbnail"],"uagb_featured_image_src":{"full":["https:\/\/wp.unil.ch\/mt180\/files\/2026\/01\/web_mt180_26_extended.png",1920,427,false],"thumbnail":["https:\/\/wp.unil.ch\/mt180\/files\/2026\/01\/web_mt180_26_extended-150x150.png",150,150,true],"medium":["https:\/\/wp.unil.ch\/mt180\/files\/2026\/01\/web_mt180_26_extended-300x67.png",300,67,true],"medium_large":["https:\/\/wp.unil.ch\/mt180\/files\/2026\/01\/web_mt180_26_extended-768x171.png",580,129,true],"large":["https:\/\/wp.unil.ch\/mt180\/files\/2026\/01\/web_mt180_26_extended-1024x228.png",580,129,true],"1536x1536":["https:\/\/wp.unil.ch\/mt180\/files\/2026\/01\/web_mt180_26_extended-1536x342.png",1536,342,true],"2048x2048":["https:\/\/wp.unil.ch\/mt180\/files\/2026\/01\/web_mt180_26_extended.png",1920,427,false],"post-thumbnail":["https:\/\/wp.unil.ch\/mt180\/files\/2026\/01\/web_mt180_26_extended.png",1920,427,false],"chaplin_preview_image_low_resolution":["https:\/\/wp.unil.ch\/mt180\/files\/2026\/01\/web_mt180_26_extended-540x120.png",540,120,true],"chaplin_preview_image_high_resolution":["https:\/\/wp.unil.ch\/mt180\/files\/2026\/01\/web_mt180_26_extended-1080x240.png",1080,240,true],"chaplin_fullscreen":["https:\/\/wp.unil.ch\/mt180\/files\/2026\/01\/web_mt180_26_extended.png",1920,427,false],"gform-image-choice-sm":["https:\/\/wp.unil.ch\/mt180\/files\/2026\/01\/web_mt180_26_extended.png",300,67,false],"gform-image-choice-md":["https:\/\/wp.unil.ch\/mt180\/files\/2026\/01\/web_mt180_26_extended.png",400,89,false],"gform-image-choice-lg":["https:\/\/wp.unil.ch\/mt180\/files\/2026\/01\/web_mt180_26_extended.png",600,133,false],"mailpoet_newsletter_max":["https:\/\/wp.unil.ch\/mt180\/files\/2026\/01\/web_mt180_26_extended-1320x294.png",1320,294,true]},"uagb_author_info":{"display_name":"centre informatique","author_link":"https:\/\/wp.unil.ch\/mt180\/author\/ci-unil\/"},"uagb_comment_info":0,"uagb_excerpt":"Suivez la finale en direct sur notre cha\u00eene Youtube 10e \u00e9dition de MT180 Le concours \u00ab Ma th\u00e8se en 180 secondes \u00bb c\u00e9l\u00e8bre cette ann\u00e9e sa 10\u1d49 \u00e9dition&hellip;","_links":{"self":[{"href":"https:\/\/wp.unil.ch\/mt180\/wp-json\/wp\/v2\/pages\/2","targetHints":{"allow":["GET"]}}],"collection":[{"href":"https:\/\/wp.unil.ch\/mt180\/wp-json\/wp\/v2\/pages"}],"about":[{"href":"https:\/\/wp.unil.ch\/mt180\/wp-json\/wp\/v2\/types\/page"}],"author":[{"embeddable":true,"href":"https:\/\/wp.unil.ch\/mt180\/wp-json\/wp\/v2\/users\/108"}],"replies":[{"embeddable":true,"href":"https:\/\/wp.unil.ch\/mt180\/wp-json\/wp\/v2\/comments?post=2"}],"version-history":[{"count":5,"href":"https:\/\/wp.unil.ch\/mt180\/wp-json\/wp\/v2\/pages\/2\/revisions"}],"predecessor-version":[{"id":2924,"href":"https:\/\/wp.unil.ch\/mt180\/wp-json\/wp\/v2\/pages\/2\/revisions\/2924"}],"wp:featuredmedia":[{"embeddable":true,"href":"https:\/\/wp.unil.ch\/mt180\/wp-json\/wp\/v2\/media\/2831"}],"wp:attachment":[{"href":"https:\/\/wp.unil.ch\/mt180\/wp-json\/wp\/v2\/media?parent=2"}],"curies":[{"name":"wp","href":"https:\/\/api.w.org\/{rel}","templated":true}]}}