{"id":9,"date":"2016-10-20T09:52:49","date_gmt":"2016-10-20T07:52:49","guid":{"rendered":"http:\/\/wp.unil.ch\/ms3\/?page_id=9"},"modified":"2019-12-20T13:24:07","modified_gmt":"2019-12-20T12:24:07","slug":"recherches","status":"publish","type":"page","link":"https:\/\/wp.unil.ch\/ms3\/prestations-services\/recherches\/","title":{"rendered":"Recherche"},"content":{"rendered":"<p>La Plateforme MS3 d\u00e9veloppe ou collabore \u00e0 des projets de recherche sur la spiritualit\u00e9, la m\u00e9decine et les soins.<\/p>\n<p>Actuellement les projets de recherche visent \u00e0 augmenter les connaissances sur la spiritualit\u00e9 dans les silos m\u00e9dicaux et soignants, ainsi qu\u2019\u00e0 d\u00e9velopper une tradition de recherche transdisciplinaire sur la spiritualit\u00e9 dans le CHUV.<\/p>\n<p>&nbsp;<\/p>\n<p><strong>La dimension spirituelle et religieuse et la qualit\u00e9 de vie et le bien-\u00eatre des seniors vivant \u00e0 domicile<\/strong><\/p>\n<p>La Facult\u00e9 de th\u00e9ologie et des sciences de la religion de l&rsquo;Universit\u00e9 de Lausanne, en collaboration, avec la Plateforme MS3 (M\u00e9decine, spiritualit\u00e9, soins et soci\u00e9t\u00e9) du CHUV d\u00e9marre prochainement une \u00e9tude visant \u00e0 comprendre si et comment les besoins spirituels et religieux des personnes \u00e2g\u00e9es sont en train de se transformer en Suisse et \u00e0 quantifier l&rsquo;importance du recours \u00e0 la spiritualit\u00e9 au cours de la vie, notamment en phase de vieillissement ainsi que dans les moments de grande vuln\u00e9rabilit\u00e9 ou lors des phases de transition entre domicile et \u00e9tablissements hospitaliers. Le but est d&rsquo;\u00e9valuer la pertinence d&rsquo;am\u00e9liorer si n\u00e9cessaire, la qualit\u00e9 de la prise en soins globale des personnes \u00e2g\u00e9es \u00e0 domicile.<\/p>\n<div class=\"container \">\n<div class=\"row\">\n<div class=\"col-md-14\">\n<div class=\"row\">\n<div class=\"col-md-18 col-lg-13\">\n<div id=\"v14colcenter\">\n<div id=\"v14contcenter\">\n<div class=\"content\">\n<div>\n<p><strong>Requ\u00e9rants:\u00a0<\/strong><strong>\u00a0<\/strong>Pierre-Yves Brandt (UNIL), Etienne Rochat (CHUV), Ysaline Favre\u00a0(CHUV), Zhargalma Dandarova Robert (UNIL), J\u00f6rg Stolz (UNIL)<\/p>\n<div class=\"container \">\n<div class=\"row\">\n<div class=\"col-md-14\">\n<div class=\"row\">\n<div class=\"col-md-18 col-lg-13\">\n<div id=\"v14colcenter\">\n<div id=\"v14contcenter\">\n<div class=\"content\">\n<div>\n<p><strong>Financement\u00a0<\/strong>: Fondation Leenaards &#8211; Prix Leenaards \u00e2ge &amp; soci\u00e9t\u00e9 2019<\/p>\n<p><strong>Dur\u00e9e<\/strong>\u00a0: 01.09.2019\u00a0&#8211; 31.08.2021<\/p>\n<p><strong>Collaborateurs associ\u00e9s au projet\u00a0: <\/strong>Laeticia Stauffer, Gr\u00e9gory Dessart,\u00a0 Pascal Tanner<\/p>\n<\/div>\n<p><strong>Lien 1 (Fondation Leenaards):\u00a0<\/strong><a href=\"https:\/\/www.leenaards.ch\/prix\/qualite-de-vie-et-bien-etre-des-seniors-a-domicile-le-role-de-la-dimension-spirituelle-et-religieuse\/\">https:\/\/www.leenaards.ch\/prix\/qualite-de-vie-et-bien-etre-des-seniors-a-domicile-le-role-de-la-dimension-spirituelle-et-religieuse\/<\/a><\/p>\n<\/div>\n<\/div>\n<\/div>\n<\/div>\n<\/div>\n<\/div>\n<\/div>\n<\/div>\n<\/div>\n<\/div>\n<\/div>\n<\/div>\n<\/div>\n<\/div>\n<\/div>\n<\/div>\n<\/div>\n<p><strong>Lien 2 (ISSR):\u00a0<\/strong><a href=\"https:\/\/www.unil.ch\/issr\/home\/menuinst\/recherches\/psychologie-de-la-religion\/recherches-en-cours\/la-dimension-spirituelle-et-religieuse-et-la-qualite-de-vie-et-l.html\">https:\/\/www.unil.ch\/issr\/home\/menuinst\/recherches\/psychologie-de-la-religion\/recherches-en-cours\/la-dimension-spirituelle-et-religieuse-et-la-qualite-de-vie-et-l.html<\/a><\/p>\n<p><strong><br \/>\n<\/strong><strong>N\u00e9phrologie et spiritualit\u00e9\u00a0: attentes spirituelles des patients et r\u00e9ponse des soignants et du personnel administratif<\/strong><\/p>\n<p>Collaboration entre le Service de n\u00e9phrologie du CHUV, la chaire RSS-religion spiritualit\u00e9 sant\u00e9 de la Facult\u00e9 de th\u00e9ologie et de sciences religieuses de l\u2019Universit\u00e9 Laval et la Plateforme MS3.<br \/>\nInterviews de patients, de membres des communaut\u00e9s soignante et m\u00e9dicale et du personnel administratif du Centre de dialyse du CHUV.<strong>\u00a0<\/strong><\/p>\n<p><strong><em>Groupe de projet<br \/>\n<\/em><\/strong>Menno Pruijm, m\u00e9decin adjoint, Service de n\u00e9phrologie du CHUV, responsable acad\u00e9mique<br \/>\nJ\u00e9r\u00f4me Pays, infirmier chef du Service de n\u00e9phrologie, CHUV<br \/>\nProf. Guy Jobin, titulaire de la chaire RSS, Universit\u00e9 Laval, Qu\u00e9bec, Canada<br \/>\nNaomi Edelmann, psychologue, Plateforme MS3, CHUV<br \/>\nEtienne Rochat, responsable de la Plateforme MS3, CHUV<\/p>\n<p><strong><em>R\u00e9sultats escompt\u00e9s<br \/>\n<\/em><\/strong>Comprendre la nature et les causes de l\u2019\u00e9cart entre les attentes spirituelles des patients en n\u00e9phrologie et la r\u00e9ponse des soignants.<br \/>\nPublication hiver 2019.<\/p>\n<p>&nbsp;<\/p>\n<p><strong>Elaboration et test d\u2019un questionnaire d\u2019\u00e9valuation de l\u2019impact sur les patients de la prise en compte de leur dimension spirituelle dans la prise en soin<\/strong><\/p>\n<p>Projet de la Plateforme MS3 avec le concours des collaborateurs de l\u2019Espace Patients et Proches du CHUV.<br \/>\nConception d\u2019un questionnaire de satisfaction par rapport aux soins qui captent les effets de la prise en compte de la dimension spirituelle du patient dans la prise en soin, dans les trois types de protocoles cliniques soutenus par la Plateforme MS3, \u00e0 savoir avec un sp\u00e9cialiste de la spiritualit\u00e9 dans l&rsquo;\u00e9quipe (au CHUV traditionnellement les aum\u00f4niers \/ accompagnant-e-s spirituel-le-s) dans l\u2019\u00e9quipe interprofessionnelle, avec un sp\u00e9cialiste de la spiritualit\u00e9 qui n\u2019est pas un aum\u00f4nier \/ accompagnant spirituel dans l\u2019\u00e9quipe interprofessionnelle et sans sp\u00e9cialiste de la spiritualit\u00e9 dans l\u2019\u00e9quipe interprofessionnelle.<strong><em>\u00a0<\/em><\/strong><\/p>\n<p><strong><em>Groupe de projet<br \/>\n<\/em><\/strong>Etienne Rochat, responsable de la Plateforme MS3, CHUV, responsable acad\u00e9mique<br \/>\nEmmanuelle Poncin, PhD en sciences sociales, Plateforme MS3, CHUV<\/p>\n<p><strong><em>R\u00e9sultats escompt\u00e9s<br \/>\n<\/em><\/strong>Avoir \u00e0 disposition un questionnaire valid\u00e9 sur l\u2019effet de la prise en compte de la dimension spirituelle du patient.<br \/>\nEtudes de cas.<br \/>\nProgramme de validation du questionnaire.<\/p>\n<p>&nbsp;<\/p>\n<p><strong>Accompagnement spirituel des personnes \u00e2g\u00e9es (PA) malades vivant dans la communaut\u00e9 et b\u00e9n\u00e9ficiant d\u2019un r\u00e9seau de soins \u00e0 domicile<\/strong><strong>\u00a0<\/strong><\/p>\n<p>Collaboration entre l\u2019ISSR-Institut des sciences sociales des religions de la FTSR-Facult\u00e9 de th\u00e9ologie et de sciences des religions de l\u2019UNIL et la Plateforme MS3.<br \/>\nProjet soumis \u00e0 la Fondation Leenaards dans le cadre de l\u2019appel \u00e0 projet \u00ab\u00a0Qualit\u00e9 de vie 65+\u00a0\u00bb.<br \/>\nProjet soutenu par le Service de la sant\u00e9 publique du Canton de Vaud.<br \/>\nD\u00e9finir les conditions de possibilit\u00e9 et les principaux constituants de l\u2019accompagnement spirituel des personnes \u00e2g\u00e9es malades vivant dans la communaut\u00e9 et b\u00e9n\u00e9ficiant d\u2019un r\u00e9seau de soins \u00e0 domicile. Effectuer un test dans un des r\u00e9seaux de soins (CMS).<\/p>\n<p><strong><em>Groupe de projet<br \/>\n<\/em><\/strong>Prof. Pierre-Yves Brandt, directeur de l\u2019Institut de sciences sociales des religions (ISSR), UNIL, responsable acad\u00e9mique<br \/>\nKarine Laubscher, psychologue, Plateforme MS3, CHUV<br \/>\nZhargalma Dandarova, ma\u00eetre assistante, FTSR, UNIL<br \/>\nEtienne Rochat, responsable de la Plateforme MS3, CHUV<\/p>\n<p><strong><em>R\u00e9sultats escompt\u00e9s<br \/>\n<\/em><\/strong>Une meilleure compr\u00e9hension des attentes spirituelles de cette population et des types d\u2019accompagnement souhait\u00e9s. Une meilleure connaissance des fonctions et du r\u00f4le des personnes capables d\u2019offrir un tel accompagnement.<br \/>\nRapport d\u2019activit\u00e9.<br \/>\nEtudes de cas.<\/p>\n<p>&nbsp;<\/p>\n<p><strong><br \/>\n<\/strong><strong>Th\u00e8se en sciences infirmi\u00e8res<\/strong><\/p>\n<p><strong>D\u00e9veloppement et test d\u2019une intervention infirmi\u00e8re de m\u00e9ditation pleine conscience en oncologie, bas\u00e9e sur le programme <em>Mindfulness-based stress reduction<\/em>, d\u00e9velopp\u00e9 par le Dr. Jon Kabat Zinn<\/strong><\/p>\n<p><em>Projet soutenu par la Fondation Leenaards.<br \/>\n<\/em>Evaluer la <em>faisabilit\u00e9<\/em> et <em>l\u2019acceptabilit\u00e9<\/em> d\u2019une intervention infirmi\u00e8re de m\u00e9ditation pleine conscience aupr\u00e8s de patients oncologiques adultes au CHUV.<\/p>\n<p><strong><em>Groupe de projet<br \/>\n<\/em><\/strong>Jelena Stanic, MSc infirmi\u00e8re, IUFRS-Institut universitaire de formation et de recherche en sciences infirmi\u00e8res, FBM-Facult\u00e9 de biologie et de m\u00e9decine, UNIL, doctorante<br \/>\nProf. Manuela Eicher, IUFRS, FBM, responsable acad\u00e9mique<br \/>\nProf. Solange Peters, cheffe du Service d\u2019oncologie m\u00e9dicale, CHUV<br \/>\nDre Claudia Mazzocato, PD MER, M\u00e9decin cheffe, Service de soins palliatifs et de support, CHUV<br \/>\nPierluigi Ballabeni, IUFRS, FBM, responsable de recherche en statistique<br \/>\nEtienne Rochat, responsable de la Plateforme MS3, CHUV<strong>\u00a0<\/strong><\/p>\n<p><strong><em>R\u00e9sultats escompt\u00e9s<br \/>\n<\/em><\/strong>Evaluer les effets de l\u2019intervention, principalement sur l\u2019\u00e9volution du bien-\u00eatre psycho-spirituel.<br \/>\nPublications scientifiques.<\/p>\n<p>&nbsp;<\/p>\n<p><strong><br \/>\n<\/strong><strong>Master en m\u00e9decine <\/strong><\/p>\n<p><strong>Analyse des r\u00f4les et des principaux d\u00e9terminants du spiritual care chez quatre jeunes professionnels de la sant\u00e9<br \/>\n<\/strong>Collaboration entre le Service de psychiatrie de liaison du CHUV et la Plateforme MS3.<br \/>\nAnalyse critique des discours sur le <em>Spiritual Care<\/em> mobilis\u00e9s par les quatre participant-e-s \u00e0 la table ronde du symposium du 18 novembre 2016 au CHUV.<\/p>\n<p><strong><em>Groupe de projet<br \/>\n<\/em><\/strong>Pierre-Yves Ryser, \u00e9tudiant de 5<sup>\u00e8me<\/sup> ann\u00e9e en m\u00e9decine, FBM-Facult\u00e9 de biologie et de m\u00e9decine, UNIL<br \/>\nProf. Friedrich Stiefel, chef du Service de psychiatrie de liaison, CHUV, responsable acad\u00e9mique<br \/>\nDr. Michael Saraga, m\u00e9decin associ\u00e9, Service de psychiatrie de liaison, CHUV<br \/>\nC\u00e9line Bourquin, responsable de recherche, Service de psychiatrie de liaison, CHUV<br \/>\nEtienne Rochat, responsable de la Plateforme MS3, CHUV<\/p>\n<p><strong><em>R\u00e9sultats escompt\u00e9s<br \/>\n<\/em><\/strong>Meilleure compr\u00e9hension du r\u00f4le attribu\u00e9 aux accompagnants spirituels par de jeunes professionnels de sant\u00e9.<br \/>\nPublication scientifique.<\/p>\n","protected":false},"excerpt":{"rendered":"<p>La Plateforme MS3 d\u00e9veloppe ou collabore \u00e0 des projets de recherche sur la spiritualit\u00e9, la m\u00e9decine et les soins. Actuellement les projets de recherche visent \u00e0 augmenter les connaissances sur la spiritualit\u00e9 dans les silos m\u00e9dicaux et soignants, ainsi qu\u2019\u00e0<\/p>\n","protected":false},"author":1001410,"featured_media":51,"parent":17,"menu_order":2,"comment_status":"closed","ping_status":"closed","template":"","meta":{"_seopress_robots_primary_cat":"","_seopress_titles_title":"","_seopress_titles_desc":"","_seopress_robots_index":"","footnotes":""},"class_list":["post-9","page","type-page","status-publish","has-post-thumbnail"],"_links":{"self":[{"href":"https:\/\/wp.unil.ch\/ms3\/wp-json\/wp\/v2\/pages\/9","targetHints":{"allow":["GET"]}}],"collection":[{"href":"https:\/\/wp.unil.ch\/ms3\/wp-json\/wp\/v2\/pages"}],"about":[{"href":"https:\/\/wp.unil.ch\/ms3\/wp-json\/wp\/v2\/types\/page"}],"author":[{"embeddable":true,"href":"https:\/\/wp.unil.ch\/ms3\/wp-json\/wp\/v2\/users\/1001410"}],"replies":[{"embeddable":true,"href":"https:\/\/wp.unil.ch\/ms3\/wp-json\/wp\/v2\/comments?post=9"}],"version-history":[{"count":0,"href":"https:\/\/wp.unil.ch\/ms3\/wp-json\/wp\/v2\/pages\/9\/revisions"}],"up":[{"embeddable":true,"href":"https:\/\/wp.unil.ch\/ms3\/wp-json\/wp\/v2\/pages\/17"}],"wp:featuredmedia":[{"embeddable":true,"href":"https:\/\/wp.unil.ch\/ms3\/wp-json\/wp\/v2\/media\/51"}],"wp:attachment":[{"href":"https:\/\/wp.unil.ch\/ms3\/wp-json\/wp\/v2\/media?parent=9"}],"curies":[{"name":"wp","href":"https:\/\/api.w.org\/{rel}","templated":true}]}}