{"id":248,"date":"2017-01-19T16:16:10","date_gmt":"2017-01-19T15:16:10","guid":{"rendered":"http:\/\/wp.unil.ch\/ms3\/?page_id=248"},"modified":"2018-05-22T16:27:59","modified_gmt":"2018-05-22T14:27:59","slug":"le-mot-du-mois","status":"publish","type":"page","link":"https:\/\/wp.unil.ch\/ms3\/qui-sommes-nous\/le-mot-du-mois\/","title":{"rendered":"Au service de"},"content":{"rendered":"<p><strong>Au service<\/strong><\/p>\n<p>La Plateforme M\u00e9decine, Spiritualit\u00e9, Soins &amp; Soci\u00e9t\u00e9 (MS3) t\u00e9moigne de la Volont\u00e9 du CHUV et de la Fondation Leenaards de garder l\u2019humain au c\u0153ur des pr\u00e9occupations de la m\u00e9decine moderne ainsi que d\u2019une conception des soins o\u00f9 la personne malade hospitalis\u00e9e n\u2019est jamais r\u00e9duite \u00e0 un ensemble d\u2019organes ou encore \u00e0 son g\u00e9nome.<br \/>\nPour la Plateforme MS3, \u00eatre au service de cette volont\u00e9 signifie bien s\u00fbr mettre \u00e0 la disposition de l\u2019ensemble des acteurs de soins des connaissances et des comp\u00e9tences sur la th\u00e9matique de la spiritualit\u00e9 en tant que composante aujourd\u2019hui incontournable de la prise en charge globale des patients. Ceci tant dans le domaine de la recherche que dans ceux de la clinique et de l\u2019enseignement.<\/p>\n<p>Mais il y a plus, la Plateforme MS3 a aussi pour vocation d\u2019\u00eatre directement au service de la communaut\u00e9 soignante, des patients et de leurs proche. Cela signifie concr\u00e8tement se pr\u00e9occuper des conflits \u00e9thiques \u00e9mergeant dans le quotidien des soins de par l\u2019expression de la volont\u00e9 du patient et des exigences d\u2019un projet th\u00e9rapeutique, fruit d\u2019un raisonnement clinique rigoureux. Autrement dit une partie importante des travaux de cette Plateforme doit se concentrer sur la mani\u00e8re dont la prise en compte de la spiritualit\u00e9 du patient (y compris son exp\u00e9rience religieuse) et son analyse peuvent contribuer \u00e0 l\u2019\u00e9laboration d\u2019un projet th\u00e9rapeutique lisible et acceptable par ce dernier.<\/p>\n<p>Les deux conditions pour que ce service ne soit pas vain et que de tels travaux trouvent un \u00e9cho dans la routine clinique sont l\u2019utilisation syst\u00e9matique dans l\u2019h\u00f4pital d\u2019un mod\u00e8le de soins prenant en compte les d\u00e9terminants spirituels de la sant\u00e9 (mod\u00e8le biopsychosocial et spirituel) et le renforcement de l\u2019interdisciplinarit\u00e9.<\/p>\n<p>La Plateforme MS3 est \u00e0 votre service !<br \/>\nSes initiants et ses responsables esp\u00e8rent que vous profiterez de ses prestations en la sollicitant pour vos projets.<\/p>\n<p><em>Etienne Rochat, novembre 2016<\/em><\/p>\n","protected":false},"excerpt":{"rendered":"<p>Au service La Plateforme M\u00e9decine, Spiritualit\u00e9, Soins &amp; Soci\u00e9t\u00e9 (MS3) t\u00e9moigne de la Volont\u00e9 du CHUV et de la Fondation Leenaards de garder l\u2019humain au c\u0153ur des pr\u00e9occupations de la m\u00e9decine moderne ainsi que d\u2019une conception des soins o\u00f9 la<\/p>\n","protected":false},"author":1001410,"featured_media":0,"parent":7,"menu_order":0,"comment_status":"closed","ping_status":"closed","template":"","meta":{"_seopress_robots_primary_cat":"","_seopress_titles_title":"","_seopress_titles_desc":"","_seopress_robots_index":"","footnotes":""},"class_list":["post-248","page","type-page","status-publish"],"_links":{"self":[{"href":"https:\/\/wp.unil.ch\/ms3\/wp-json\/wp\/v2\/pages\/248","targetHints":{"allow":["GET"]}}],"collection":[{"href":"https:\/\/wp.unil.ch\/ms3\/wp-json\/wp\/v2\/pages"}],"about":[{"href":"https:\/\/wp.unil.ch\/ms3\/wp-json\/wp\/v2\/types\/page"}],"author":[{"embeddable":true,"href":"https:\/\/wp.unil.ch\/ms3\/wp-json\/wp\/v2\/users\/1001410"}],"replies":[{"embeddable":true,"href":"https:\/\/wp.unil.ch\/ms3\/wp-json\/wp\/v2\/comments?post=248"}],"version-history":[{"count":0,"href":"https:\/\/wp.unil.ch\/ms3\/wp-json\/wp\/v2\/pages\/248\/revisions"}],"up":[{"embeddable":true,"href":"https:\/\/wp.unil.ch\/ms3\/wp-json\/wp\/v2\/pages\/7"}],"wp:attachment":[{"href":"https:\/\/wp.unil.ch\/ms3\/wp-json\/wp\/v2\/media?parent=248"}],"curies":[{"name":"wp","href":"https:\/\/api.w.org\/{rel}","templated":true}]}}