{"id":1672,"date":"2019-10-21T13:34:57","date_gmt":"2019-10-21T11:34:57","guid":{"rendered":"http:\/\/wp.unil.ch\/ms3\/?page_id=1672"},"modified":"2019-10-21T13:34:57","modified_gmt":"2019-10-21T11:34:57","slug":"hopitaux-quelle-place-pour-la-spiritualite-dans-les-soins","status":"publish","type":"page","link":"https:\/\/wp.unil.ch\/ms3\/medias\/hopitaux-quelle-place-pour-la-spiritualite-dans-les-soins\/","title":{"rendered":"H\u00f4pitaux: quelle place pour la spiritualit\u00e9 dans les soins?"},"content":{"rendered":"<p>\u00ab\u00a0A l\u2019occasion de l\u2019ouverture d\u2019un espace de ressourcement interreligieux aux H\u00f4pitaux universitaires de Gen\u00e8ve, \u00ab?Faut pas croire?\u00bb interroge la place de la spiritualit\u00e9 dans la prise en charge globale des patients et l\u2019\u00e9volution du r\u00f4le des aum\u00f4niers.<br \/>\nReportage de Murielle Landry suivi d\u2019une discussion avec Etienne Rochat, responsable de la plateforme M\u00e9decine, spiritualit\u00e9, soins et soci\u00e9t\u00e9, Jacques Besson, prof. hon. de psychiatrie UNIL et Rachel Wicht, aum\u00f4nier catholique aux HUG.\u00a0\u00bb<\/p>\n<p><a href=\"https:\/\/www.rts.ch\/play\/tv\/emission\/faut-pas-croire?id=6176\">https:\/\/www.rts.ch\/play\/tv\/emission\/faut-pas-croire?id=6176<\/a><\/p>\n","protected":false},"excerpt":{"rendered":"<p>\u00ab\u00a0A l\u2019occasion de l\u2019ouverture d\u2019un espace de ressourcement interreligieux aux H\u00f4pitaux universitaires de Gen\u00e8ve, \u00ab?Faut pas croire?\u00bb interroge la place de la spiritualit\u00e9 dans la prise en charge globale des patients et l\u2019\u00e9volution du r\u00f4le des aum\u00f4niers. Reportage de Murielle<\/p>\n","protected":false},"author":1001410,"featured_media":0,"parent":439,"menu_order":0,"comment_status":"closed","ping_status":"closed","template":"","meta":{"_seopress_robots_primary_cat":"","_seopress_titles_title":"","_seopress_titles_desc":"","_seopress_robots_index":"","footnotes":""},"class_list":["post-1672","page","type-page","status-publish"],"_links":{"self":[{"href":"https:\/\/wp.unil.ch\/ms3\/wp-json\/wp\/v2\/pages\/1672","targetHints":{"allow":["GET"]}}],"collection":[{"href":"https:\/\/wp.unil.ch\/ms3\/wp-json\/wp\/v2\/pages"}],"about":[{"href":"https:\/\/wp.unil.ch\/ms3\/wp-json\/wp\/v2\/types\/page"}],"author":[{"embeddable":true,"href":"https:\/\/wp.unil.ch\/ms3\/wp-json\/wp\/v2\/users\/1001410"}],"replies":[{"embeddable":true,"href":"https:\/\/wp.unil.ch\/ms3\/wp-json\/wp\/v2\/comments?post=1672"}],"version-history":[{"count":0,"href":"https:\/\/wp.unil.ch\/ms3\/wp-json\/wp\/v2\/pages\/1672\/revisions"}],"up":[{"embeddable":true,"href":"https:\/\/wp.unil.ch\/ms3\/wp-json\/wp\/v2\/pages\/439"}],"wp:attachment":[{"href":"https:\/\/wp.unil.ch\/ms3\/wp-json\/wp\/v2\/media?parent=1672"}],"curies":[{"name":"wp","href":"https:\/\/api.w.org\/{rel}","templated":true}]}}