{"id":1597,"date":"2019-07-12T10:19:49","date_gmt":"2019-07-12T08:19:49","guid":{"rendered":"http:\/\/wp.unil.ch\/ms3\/?page_id=1597"},"modified":"2019-07-12T10:30:01","modified_gmt":"2019-07-12T08:30:01","slug":"60-ans-dheviva","status":"publish","type":"page","link":"https:\/\/wp.unil.ch\/ms3\/medias\/60-ans-dheviva\/","title":{"rendered":"Qu&rsquo;est-ce que l&rsquo;accompagnement spirituel?"},"content":{"rendered":"<p>60 ans d&rsquo;H\u00e9vivA &#8211;\u00a0Qu&rsquo;est-ce que l&rsquo;accompagnement spirituel?<\/p>\n<p>Bien qu&rsquo;elles n&rsquo;en soient pas toujours la cause, les institutions m\u00e9dico-psycho-sociales sont des lieux o\u00f9 nos valeurs, nos croyances, le sens de la vie sont bouscul\u00e9s. Si le corps souffre ou si la t\u00eate ne suit plus les \u00e9quipes soignantes peuvent intervenir, mais comment accompagner des questions existentielles ou religieuses?<\/p>\n<p>Dans le Canton de Vaud, la constitution charge les \u00e9glises reconnues de fournir ensemble un accompagnement spirituel \u00e0 tous les EMS du canton. Pr\u00eatres, pasteurs, diacres, agents pastoral et r\u00e9pondants d&rsquo;aum\u00f4nerie travaillent ainsi au quotidien dans les institutions m\u00e9dico-psycho-sociales.<\/p>\n<p><a href=\"https:\/\/www.facebook.com\/hevivavd\/videos\/vl.2585556001454987\/624102821400592\/?type=1\" target=\"_blank\" rel=\"noopener noreferrer\">Extrait de l&rsquo;\u00e9mission enregistr\u00e9e le 17 juin 2019<\/a>\u00a0\u00e0 l&rsquo;occasion des 60 ans de l&rsquo;association vaudoise des institutions m\u00e9dico-psycho-sociales (H\u00e9vivA).<\/p>\n<p>Invit\u00e9: Etienne Rochat, Responsable de la plateforme M\u00e9decine, spiritualit\u00e9, soins et soci\u00e9t\u00e9 au CHUV<\/p>\n<p>Animation: Camille-Angelo Aglione<br \/>\nR\u00e9alisation: studioediting<\/p>\n<p><a href=\"https:\/\/www.heviva.ch\/?fbclid=IwAR1AQGxcEzonXJ3AnEDjD9trkgPNoiUEv71vUBLyH1nwx0m7DO-HN_8AJRA\" target=\"_blank\" rel=\"noopener noreferrer\">https:\/\/www.heviva.ch\/?fbclid=IwAR1AQGxcEzonXJ3AnEDjD9trkgPNoiUEv71vUBLyH1nwx0m7DO-HN_8AJRA<\/a><\/p>\n<p>&nbsp;<\/p>\n","protected":false},"excerpt":{"rendered":"<p>60 ans d&rsquo;H\u00e9vivA &#8211;\u00a0Qu&rsquo;est-ce que l&rsquo;accompagnement spirituel? Bien qu&rsquo;elles n&rsquo;en soient pas toujours la cause, les institutions m\u00e9dico-psycho-sociales sont des lieux o\u00f9 nos valeurs, nos croyances, le sens de la vie sont bouscul\u00e9s. Si le corps souffre ou si la<\/p>\n","protected":false},"author":1001410,"featured_media":0,"parent":439,"menu_order":0,"comment_status":"closed","ping_status":"closed","template":"","meta":{"_seopress_robots_primary_cat":"","_seopress_titles_title":"","_seopress_titles_desc":"","_seopress_robots_index":"","footnotes":""},"class_list":["post-1597","page","type-page","status-publish"],"_links":{"self":[{"href":"https:\/\/wp.unil.ch\/ms3\/wp-json\/wp\/v2\/pages\/1597","targetHints":{"allow":["GET"]}}],"collection":[{"href":"https:\/\/wp.unil.ch\/ms3\/wp-json\/wp\/v2\/pages"}],"about":[{"href":"https:\/\/wp.unil.ch\/ms3\/wp-json\/wp\/v2\/types\/page"}],"author":[{"embeddable":true,"href":"https:\/\/wp.unil.ch\/ms3\/wp-json\/wp\/v2\/users\/1001410"}],"replies":[{"embeddable":true,"href":"https:\/\/wp.unil.ch\/ms3\/wp-json\/wp\/v2\/comments?post=1597"}],"version-history":[{"count":0,"href":"https:\/\/wp.unil.ch\/ms3\/wp-json\/wp\/v2\/pages\/1597\/revisions"}],"up":[{"embeddable":true,"href":"https:\/\/wp.unil.ch\/ms3\/wp-json\/wp\/v2\/pages\/439"}],"wp:attachment":[{"href":"https:\/\/wp.unil.ch\/ms3\/wp-json\/wp\/v2\/media?parent=1597"}],"curies":[{"name":"wp","href":"https:\/\/api.w.org\/{rel}","templated":true}]}}