{"id":1407,"date":"2018-12-20T15:44:29","date_gmt":"2018-12-20T14:44:29","guid":{"rendered":"http:\/\/wp.unil.ch\/ms3\/?page_id=1407"},"modified":"2018-12-20T16:01:17","modified_gmt":"2018-12-20T15:01:17","slug":"publications","status":"publish","type":"page","link":"https:\/\/wp.unil.ch\/ms3\/publications\/","title":{"rendered":"Publications"},"content":{"rendered":"<p><span style=\"color: #ff0000\"><strong>Journaux avec politique \u00e9ditoriale<\/strong><\/span><\/p>\n<p>Marc-Antoine Bornet, Naomi Edelmann, Etienne Rochat, Jacques Cornuz, Emmanuelle Poncin, St\u00e9fanie Monod. 2018.<br \/>\n<strong>Spiritual care is stagnating in general practice: the need to move towards an embedded model.<br \/>\n<\/strong><em>British Journal of General Practice<\/em>. <em>Manuscript No: BJGP-2018-0199R<\/em><\/p>\n<p>Marc-Antoine Bornet, Etienne Rochat, Anne-V\u00e9ronique D\u00fcrst, Sarah Fustinoni, Christophe B\u00fcla, Armin von Gunten, St\u00e9fanie Monod. 2015.<br \/>\n<strong>Instruments to Assess Depressive Symptoms and Spiritual Distress Investigate Different Dimension.<br \/>\n<\/strong><em>Clinical Gerontologist <\/em>39, n\u00b0 2\u00a0: 104-116.<\/p>\n<p>Marc-Antoine Bornet, Etienne Rochat, Eve Rubli, J\u00e9r\u00f4me Pasquier, St\u00e9fanie Monod. 2017.<br \/>\n<strong>Biopsychosocial and spiritual factors associated with quality of life in elderly hospitalized patients undergoing post-acute rehabilitation: a cross-sectional study.<br \/>\n<\/strong><em>British Medical Journal<\/em>\u00a0 7, n\u00b0 10.<\/p>\n<p>St\u00e9fanie Monod, Estelle L\u00e9cureux, Etienne Rochat, Brenda Spencer, Laurence Seematter-Bagnoud, Anne-Sylvie Martin-Durussel, Christophe B\u00fcla. 2015.<br \/>\n<strong>Validity of the FACIT-Sp to Assess Spiritual Well-Being in Elderly Patients.<br \/>\n<\/strong><em>Psychology<\/em> 6 : 1311-1322.<\/p>\n<p>Emmanuelle Poncin, Brigitte Niquille, Charles Benaim, Guy Jobin, Etienne Rochat. 2018.<br \/>\n<strong>How do healthcare professionals construct spiritual care ? A discursive analysis of referrals to spiritual caregivers.<br \/>\n<\/strong><em>Journal of Healthcare Chaplaincy<\/em>. En cours d\u2019\u00e9valuation.<\/p>\n<p><span style=\"color: #ff0000\"><strong><br \/>\nRevues professionnelles et autres<\/strong><\/span><\/p>\n<p>Zahra Astaneh, Cosette Odier, Etienne Rochat.2018.<br \/>\n<strong>Stage de formation \u00e0 l\u2019accompagnement spirituel dans le service de l\u2019Aum\u00f4nerie du CHUV avec un master en sciences des religions et une appartenance religieuse musulmane.<br \/>\n<\/strong><em>Revue M\u00e9dicale Suisse 2018\u00a0; volume 14\u00a0: 2132-2134.<\/em><\/p>\n<p>Marc-Antoine Bornet, Etienne Rochat. 2016.<br \/>\n<strong>Un dialogue n\u00e9cessaire dans le monde du soin.<br \/>\n<\/strong><em>Bulletin des m\u00e9decins suisses 97\u00a0: 3031.<\/em><\/p>\n<p>Etienne Rochat, Peter Vollenweider, Eve Rubli, Cosette Odier. 2015.<br \/>\n<strong>Prendre en compte la dimension spirituelle du patient : plus pertinent \u00e0 plusieurs.<br \/>\n<\/strong><em>Revue M\u00e9dicale Suisse<\/em><em> 2015\u00a0; volume 11\u00a0: 2055-2057.<\/em><\/p>\n<p>Etienne Rochat, St\u00e9fanie Monod, Anne-V\u00e9ronique D\u00fcrst, Guy Jobin. 2015.<br \/>\n<strong><em>Spiritual Needs of Hospitalized Older Adults.<\/em><\/strong><br \/>\n<a href=\"https:\/\/oweb.chuv.ch\/owa\/redir.aspx?C=miOxvIC5kOdjOrZlDRMuM8TNAgEvLsZJLOqABajFX5nuT2XPbf7UCA..&amp;URL=http%3a%2f%2faging.arizona.edu%2fsites%2fdefault%2ffiles%2fspiritual_needs_of_hospitalized_older_adults.pdf\">https:\/\/aging.arizona.edu\/sites\/default\/files\/spiritual_needs_of_hospitalized_older_adults.pdf<\/a><\/p>\n<p>&nbsp;<\/p>\n<p><strong><span style=\"color: #ff0000\">Livres<\/span><\/strong><\/p>\n<p>Etienne Rochat, Karine Laubscher. 2018.<br \/>\n<strong>Introduction \u00e0 l\u2019analyse des spiritual care.<\/strong><br \/>\nDans <em>Spiritual Care 1, <\/em>sous la direction de Cosette Odier et Eckardt Frick.<br \/>\nEditions <em>Sauramps m\u00e9dical<\/em>, Paris.<\/p>\n<p>Etienne Rochat, Eve Rubli, Mehdi Laouadi, Guy Jobin. 2018.<br \/>\n<strong>Importance de la prise en compte de la spiritualit\u00e9 lorsque\u00a0l\u2019hospitalisation rend le patient et\/ou ses proches vuln\u00e9rables.<\/strong><br \/>\nDans <em>Vuln\u00e9rabilit\u00e9, \u00e9quit\u00e9 et sant\u00e9<\/em>, sous la direction de Patrick Bodenmann, Yves Jackson, Hans Wolff et Francis Vu.<br \/>\nEditions <em>M\u00e9decine et Hygi\u00e8ne<\/em>, Ch\u00eane-Bourg.<\/p>\n<p>Rochat E., Besson J. 2017.<br \/>\n<strong>Comprenez-moi\u00a0! Importance de l\u2019\u00e9valuation de la dimension spirituelle d\u2019un suicidant. <\/strong>Dans <em>Pr\u00e9vention du suicide<\/em>, sous la direction de Laurent Michaud et Charles Bonsack.<br \/>\nEditions <em>M\u00e9decine et Hygi\u00e8ne, <\/em>Ch\u00eane-Bourg.<\/p>\n<p>&nbsp;<\/p>\n<p><span style=\"color: #ff0000\"><strong>Th\u00e8se<\/strong><\/span><\/p>\n<p>Etienne Rochat. 2017.<br \/>\n<strong>Mod\u00e8le d\u2019\u00e9valuation de la d\u00e9tresse spirituelle\u00a0: une appr\u00e9ciation th\u00e9ologique.<br \/>\n<\/strong>Th\u00e8se de doctorat en cotutelle Universit\u00e9 Laval (Qu\u00e9bec) \u2013 Universit\u00e9 de Lausanne.<\/p>\n<p><span style=\"color: #ff0000\"><strong>Actes de congr\u00e8s, posters et abstracts<\/strong><\/span><strong>\u00a0<\/strong><\/p>\n<p>Anne-V\u00e9ronique D\u00fcrst, Etienne Rochat, Christophe B\u00fcla, Claudia Mazzocato, Brenda Spencer, St\u00e9fanie Monod. 2015.<br \/>\n<strong>Le d\u00e9sir de mort chez les r\u00e9sidents en institutions de long s\u00e9jour.<br \/>\n<\/strong>Colloque international \u00ab L\u2019accompagnement spirituel en temps de maladie \u00bb.<br \/>\nUniversit\u00e9 Laval, Qu\u00e9bec. Actes du colloque (publication en cours).<br \/>\nCollection <em>Soins et Spiritualit\u00e9s<\/em>.<\/p>\n<p>Eve Rubli, Anne-V\u00e9ronique D\u00fcrst, Etienne Rochat. 2015.<br \/>\n<strong>Recomposing (at best) the presumed will of a patient without advanced directives.<br \/>\n<\/strong>Poster pr\u00e9sent\u00e9 \u00e0 la 5<sup>\u00e8me<\/sup> International Conference on Advance Care Planning and End of Life Care, M\u00fcnich, Germany.<\/p>\n<p>Genevi\u00e8ve Spring, Etienne Rochat, Annette Mayer, Brigitte Duc, Fran\u00e7ois Rosselet, Dominique Troilo, Gian Domenico Borasio, Fatoumata Diawara. 2016.<br \/>\n<strong>Int\u00e9gration d\u2019un accompagnant spirituel dans une \u00e9quipe mobile de soins palliatifs.<br \/>\n<\/strong>Poster\u00a0pr\u00e9sent\u00e9 au congr\u00e8s de l\u2019ASSM, Berne, Suisse.<\/p>\n<p>Etienne Rochat, St\u00e9fanie Monod, Anne-V\u00e9ronique D\u00fcrst, Guy Jobin. 2015.<br \/>\n<strong>Spiritual Needs of Hospitalized Older Adults<\/strong>.<em><br \/>\n<\/em><a href=\"https:\/\/oweb.chuv.ch\/owa\/redir.aspx?C=miOxvIC5kOdjOrZlDRMuM8TNAgEvLsZJLOqABajFX5nuT2XPbf7UCA..&amp;URL=http%3a%2f%2faging.arizona.edu%2fsites%2fdefault%2ffiles%2fspiritual_needs_of_hospitalized_older_adults.pdf\">https:\/\/aging.arizona.edu\/sites\/default\/files\/spiritual_needs_of_hospitalized_older_adults.pdf<\/a><\/p>\n<p>Eve Rubli, Etienne Rochat, St\u00e9fanie Monod, Ralf Jox. 2018.<br \/>\n<strong>Le d\u00e9sir de mort aupr\u00e8s de r\u00e9sidents d&rsquo;EMS en Suisse.<br \/>\n<\/strong>Abstract pr\u00e9sent\u00e9 au 11<sup>\u00e8me<\/sup>\u00a0Congr\u00e8s International Francophone de G\u00e9rontologie et G\u00e9riatrie (CIFGG), Montreux, Suisse.<\/p>\n<p>Anca-Cristina Sterie, Eve Rubli, Etienne Rochat, St\u00e9fanie Monod, Ralf Jox. 2018.<br \/>\n<strong>Talking about the meaning of life in code-status conversations between elderly hospitalized patients and their physicians.<br \/>\n<\/strong>Abstract pr\u00e9sent\u00e9 au 22<sup>\u00e8me<\/sup> Congr\u00e8s international sur les soins palliatifs. Montr\u00e9al, Canada.<\/p>\n<p>&nbsp;<\/p>\n<p><span style=\"color: #ff0000\"><strong>R\u00e9compenses, prix<\/strong><\/span><\/p>\n<p>Etienne Rochat. 2017.<br \/>\n<strong>Mod\u00e8le d\u2019\u00e9valuation de la d\u00e9tresse spirituelle\u00a0: une appr\u00e9ciation th\u00e9ologique.<\/strong><br \/>\nPrix de th\u00e8se de la Facult\u00e9 de th\u00e9ologie et de sciences des religions de l\u2019Universit\u00e9 de Lausanne.<\/p>\n<p>Genevi\u00e8ve, Spring Etienne Rochat, Annette-Luise Mayer, Brigitte Duc, Fran\u00e7ois Rosselet, Dominique Troilo, Gian Domenico Borasio, Fatoumata Diawara. 2016.<br \/>\n<strong>Int\u00e9gration d\u2019un accompagnant spirituel dans une e\u0301quipe mobile de soins palliatifs.<\/strong><br \/>\nPrix \u00ab\u00a0Interprofessionnalit\u00e9\u00a0\u00bb de l\u2019Acad\u00e9mie suisse des sciences m\u00e9dicales 2016.<\/p>\n<p><strong>\u00a0<\/strong><strong>\u00a0<\/strong><\/p>\n<p><span style=\"color: #ff0000\"><strong>Articles en pr\u00e9paration<\/strong><\/span><\/p>\n<p>Naomi Edelmann, Ralf Jox, Eve Rubli, Anca Sterie, Etienne Rochat.<br \/>\n<strong>Cons\u00e9quences d\u2019une communication d\u00e9ficiente sur la d\u00e9cision de patients \u00e2g\u00e9s hospitalis\u00e9s en r\u00e9adaptation g\u00e9riatrique d\u2019\u00eatre ou non r\u00e9anim\u00e9s.<\/strong><\/p>\n<p>Anne-V\u00e9ronique D\u00fcrst, Ralf Jox, Christophe B\u00fcla, Sarah Fustinoni, Claudia Mazzocato, Etienne Rochat, Brenda Spencer, St\u00e9fanie Monod.<br \/>\n<strong>Measuring the wish to die in elderly patients: Development and validation of the SAHD-Senior and the Categories of attitudes towards death occurrence.<\/strong><\/p>\n<p>Etienne Rochat, Karine Laubscher, Pierre-Yves Brandt.<br \/>\n<strong>Evaluation de la d\u00e9tresse spirituelle chez des r\u00e9sidents en EMS.<\/strong><\/p>\n<p>Marie-Eve Matthey-Doret, Anne-V\u00e9ronique D\u00fcrst, Claudia Mazzocato.<br \/>\n<strong>L\u2019abord de la spiritualit\u00e9 dans les soins aux patients atteints d\u2019un cancer, attitude des m\u00e9decins oncologues de Suisse romande.<\/strong><\/p>\n","protected":false},"excerpt":{"rendered":"<p>Journaux avec politique \u00e9ditoriale Marc-Antoine Bornet, Naomi Edelmann, Etienne Rochat, Jacques Cornuz, Emmanuelle Poncin, St\u00e9fanie Monod. 2018. Spiritual care is stagnating in general practice: the need to move towards an embedded model. British Journal of General Practice. Manuscript No: BJGP-2018-0199R<\/p>\n","protected":false},"author":1001410,"featured_media":0,"parent":0,"menu_order":0,"comment_status":"closed","ping_status":"closed","template":"","meta":{"_seopress_robots_primary_cat":"","_seopress_titles_title":"","_seopress_titles_desc":"","_seopress_robots_index":"","footnotes":""},"class_list":["post-1407","page","type-page","status-publish"],"_links":{"self":[{"href":"https:\/\/wp.unil.ch\/ms3\/wp-json\/wp\/v2\/pages\/1407","targetHints":{"allow":["GET"]}}],"collection":[{"href":"https:\/\/wp.unil.ch\/ms3\/wp-json\/wp\/v2\/pages"}],"about":[{"href":"https:\/\/wp.unil.ch\/ms3\/wp-json\/wp\/v2\/types\/page"}],"author":[{"embeddable":true,"href":"https:\/\/wp.unil.ch\/ms3\/wp-json\/wp\/v2\/users\/1001410"}],"replies":[{"embeddable":true,"href":"https:\/\/wp.unil.ch\/ms3\/wp-json\/wp\/v2\/comments?post=1407"}],"version-history":[{"count":0,"href":"https:\/\/wp.unil.ch\/ms3\/wp-json\/wp\/v2\/pages\/1407\/revisions"}],"wp:attachment":[{"href":"https:\/\/wp.unil.ch\/ms3\/wp-json\/wp\/v2\/media?parent=1407"}],"curies":[{"name":"wp","href":"https:\/\/api.w.org\/{rel}","templated":true}]}}