{"id":1098,"date":"2018-05-25T10:12:28","date_gmt":"2018-05-25T08:12:28","guid":{"rendered":"http:\/\/wp.unil.ch\/ms3\/?page_id=1098"},"modified":"2018-07-05T16:01:33","modified_gmt":"2018-07-05T14:01:33","slug":"le-groupe-de-projet","status":"publish","type":"page","link":"https:\/\/wp.unil.ch\/ms3\/qui-sommes-nous\/le-groupe-de-projet\/","title":{"rendered":"Le Comit\u00e9 scientifique de la Plateforme MS3"},"content":{"rendered":"<p><strong>Prof. Patrick Bodenmann\u00a0\u00a0\u00a0\u00a0\u00a0\u00a0\u00a0\u00a0\u00a0\u00a0\u00a0\u00a0\u00a0\u00a0\u00a0\u00a0\u00a0\u00a0\u00a0\u00a0\u00a0\u00a0\u00a0\u00a0\u00a0\u00a0\u00a0\u00a0\u00a0\u00a0\u00a0\u00a0\u00a0\u00a0\u00a0\u00a0\u00a0\u00a0\u00a0\u00a0\u00a0\u00a0<\/strong><br \/>\nM\u00e9decin adjoint<br \/>\nResponsable du Centre des populations vuln\u00e9rables, PMU<\/p>\n<p>&nbsp;<\/p>\n<p><strong>Mario Drouin<\/strong><br \/>\nResponsable de la formation et de l&rsquo;enseignement<br \/>\nAum\u00f4nerie, CHUV<\/p>\n<p>&nbsp;<\/p>\n<p><strong>Daniel Ducraux<\/strong><br \/>\nInfirmier cadre sp\u00e9cialiste clinique SUPAA<br \/>\nUnit\u00e9 transverse direction h\u00f4pital \u00e2ge avanc\u00e9 (HPHD), Cery<strong><br \/>\n<\/strong><\/p>\n<p>&nbsp;<\/p>\n<p><strong>Nadia Fucina<br \/>\n<\/strong>Adjointe \u00e0 la Direction des soins<br \/>\nD\u00e9partement d&rsquo;oncologie, CHUV<\/p>\n<p>&nbsp;<\/p>\n<p><strong>Elena Martinez<\/strong><br \/>\nAdjointe aux Humanit\u00e9s, D\u00e9canat FBM<strong><br \/>\n<\/strong>Pr\u00e9sidente du COPIL et Directrice op\u00e9rationnelle de la Plateforme MS3<\/p>\n<p>&nbsp;<\/p>\n<p><strong>Etienne Rochat<\/strong><br \/>\nTh\u00e9ologien et accompagnant spirituel<br \/>\nResponsable de la Plateforme MS3<\/p>\n<p>&nbsp;<\/p>\n<p><strong>Guillaume Roulet<\/strong><br \/>\nPhysioth\u00e9rapeute, chef de service<br \/>\nService de physioth\u00e9rapie de m\u00e9decine, CHUV<\/p>\n<p>&nbsp;<\/p>\n<p><strong>Dre Eve Rubli Truchard<\/strong><br \/>\nM\u00e9decin associ\u00e9e<br \/>\nChaire des soins palliatifs g\u00e9riatriques, CHUV<\/p>\n<p>&nbsp;<\/p>\n","protected":false},"excerpt":{"rendered":"<p>Prof. Patrick Bodenmann\u00a0\u00a0\u00a0\u00a0\u00a0\u00a0\u00a0\u00a0\u00a0\u00a0\u00a0\u00a0\u00a0\u00a0\u00a0\u00a0\u00a0\u00a0\u00a0\u00a0\u00a0\u00a0\u00a0\u00a0\u00a0\u00a0\u00a0\u00a0\u00a0\u00a0\u00a0\u00a0\u00a0\u00a0\u00a0\u00a0\u00a0\u00a0\u00a0\u00a0\u00a0\u00a0 M\u00e9decin adjoint Responsable du Centre des populations vuln\u00e9rables, PMU &nbsp; Mario Drouin Responsable de la formation et de l&rsquo;enseignement Aum\u00f4nerie, CHUV &nbsp; Daniel Ducraux Infirmier cadre sp\u00e9cialiste clinique SUPAA Unit\u00e9 transverse direction h\u00f4pital \u00e2ge avanc\u00e9 (HPHD), Cery<\/p>\n","protected":false},"author":1001410,"featured_media":0,"parent":7,"menu_order":0,"comment_status":"closed","ping_status":"closed","template":"","meta":{"_seopress_robots_primary_cat":"","_seopress_titles_title":"","_seopress_titles_desc":"","_seopress_robots_index":"","footnotes":""},"class_list":["post-1098","page","type-page","status-publish"],"_links":{"self":[{"href":"https:\/\/wp.unil.ch\/ms3\/wp-json\/wp\/v2\/pages\/1098","targetHints":{"allow":["GET"]}}],"collection":[{"href":"https:\/\/wp.unil.ch\/ms3\/wp-json\/wp\/v2\/pages"}],"about":[{"href":"https:\/\/wp.unil.ch\/ms3\/wp-json\/wp\/v2\/types\/page"}],"author":[{"embeddable":true,"href":"https:\/\/wp.unil.ch\/ms3\/wp-json\/wp\/v2\/users\/1001410"}],"replies":[{"embeddable":true,"href":"https:\/\/wp.unil.ch\/ms3\/wp-json\/wp\/v2\/comments?post=1098"}],"version-history":[{"count":0,"href":"https:\/\/wp.unil.ch\/ms3\/wp-json\/wp\/v2\/pages\/1098\/revisions"}],"up":[{"embeddable":true,"href":"https:\/\/wp.unil.ch\/ms3\/wp-json\/wp\/v2\/pages\/7"}],"wp:attachment":[{"href":"https:\/\/wp.unil.ch\/ms3\/wp-json\/wp\/v2\/media?parent=1098"}],"curies":[{"name":"wp","href":"https:\/\/api.w.org\/{rel}","templated":true}]}}