{"id":289,"date":"2022-10-17T15:09:32","date_gmt":"2022-10-17T13:09:32","guid":{"rendered":"https:\/\/wp.unil.ch\/moral-accounting\/?page_id=289"},"modified":"2022-10-24T14:22:52","modified_gmt":"2022-10-24T12:22:52","slug":"chercheur-ses-affilie-es","status":"publish","type":"page","link":"https:\/\/wp.unil.ch\/moral-accounting\/equipe\/chercheur-ses-affilie-es\/","title":{"rendered":"Chercheur.ses affili\u00e9.es"},"content":{"rendered":"\n<div class=\"wp-block-columns is-layout-flex wp-container-core-columns-is-layout-9d6595d7 wp-block-columns-is-layout-flex\">\n<div class=\"wp-block-column is-layout-flow wp-block-column-is-layout-flow\" style=\"flex-basis:33.34%\"><div class=\"wp-block-image is-style-rounded\">\n<figure class=\"alignleft size-thumbnail\"><img alt=\"\" loading=\"lazy\" decoding=\"async\" width=\"140\" height=\"150\" src=\"https:\/\/wp.unil.ch\/moral-accounting\/files\/2022\/10\/image001-1-140x150.jpg\" alt=\"\" class=\"wp-image-299\" \/><\/figure>\n<\/div><\/div>\n\n\n\n<div class=\"wp-block-column is-layout-flow wp-block-column-is-layout-flow\" style=\"flex-basis:33.34%\"><div class=\"wp-block-image is-style-rounded\">\n<figure class=\"alignleft size-thumbnail\"><img alt=\"\" loading=\"lazy\" decoding=\"async\" width=\"150\" height=\"150\" src=\"https:\/\/wp.unil.ch\/moral-accounting\/files\/2022\/10\/David-Philippy-1-150x150.jpg\" alt=\"\" class=\"wp-image-307\" srcset=\"https:\/\/wp.unil.ch\/moral-accounting\/files\/2022\/10\/David-Philippy-1-150x150.jpg 150w, https:\/\/wp.unil.ch\/moral-accounting\/files\/2022\/10\/David-Philippy-1-300x300.jpg 300w, https:\/\/wp.unil.ch\/moral-accounting\/files\/2022\/10\/David-Philippy-1-12x12.jpg 12w, https:\/\/wp.unil.ch\/moral-accounting\/files\/2022\/10\/David-Philippy-1.jpg 512w\" sizes=\"auto, (max-width: 150px) 100vw, 150px\" \/><\/figure>\n<\/div><\/div>\n\n\n\n<div class=\"wp-block-column is-layout-flow wp-block-column-is-layout-flow\" style=\"flex-basis:33.33%\"><\/div>\n<\/div>\n\n\n\n<div class=\"wp-block-group\"><div class=\"wp-block-group__inner-container is-layout-flow wp-block-group-is-layout-flow\">\n<div class=\"wp-block-columns is-layout-flex wp-container-core-columns-is-layout-9d6595d7 wp-block-columns-is-layout-flex\">\n<div class=\"wp-block-column is-layout-flow wp-block-column-is-layout-flow\" style=\"flex-basis:100%\">\n<div class=\"wp-block-columns are-vertically-aligned-top is-layout-flex wp-container-core-columns-is-layout-9d6595d7 wp-block-columns-is-layout-flex\">\n<div class=\"wp-block-column is-vertically-aligned-top is-layout-flow wp-block-column-is-layout-flow\" style=\"flex-basis:100%\">\n<div class=\"wp-block-columns is-layout-flex wp-container-core-columns-is-layout-9d6595d7 wp-block-columns-is-layout-flex\">\n<div class=\"wp-block-column is-layout-flow wp-block-column-is-layout-flow\" style=\"flex-basis:100%\">\n<div class=\"wp-block-columns is-layout-flex wp-container-core-columns-is-layout-9d6595d7 wp-block-columns-is-layout-flex\">\n<div class=\"wp-block-column is-vertically-aligned-top is-layout-flow wp-block-column-is-layout-flow\" style=\"flex-basis:33.34%\">\n<p><strong>Eleonora Buono<\/strong> est post-doctorante au Laboratoire SPH de l&rsquo;Universit\u00e9 de Bordeaux et de Bordeaux-Montaigne. Sa th\u00e8se de doctorat sur la pens\u00e9e de William Stanley Jevons, r\u00e9alis\u00e9e \u00e0 l&rsquo;Universit\u00e9 de Bologne, a re\u00e7u le prix de la meilleure th\u00e8se en histoire de la pens\u00e9e \u00e9conomique de l&rsquo;AISPE. Ses recherches actuelles visent \u00e0 explorer la mani\u00e8re dont le concept de caract\u00e8re a \u00e9t\u00e9 th\u00e9oris\u00e9 dans la philosophie britannique du XIXe si\u00e8cle. Ses recherches se concentrent sur les \u0153uvres de James et de John Stuart Mill, afin de comprendre comment ils ont con\u00e7u le concept de caract\u00e8re et quelles vertus de caract\u00e8re ils ont encourag\u00e9es.<\/p>\n<\/div>\n\n\n\n<div class=\"wp-block-column is-layout-flow wp-block-column-is-layout-flow\" style=\"flex-basis:33.34%\">\n<p><strong>David Philippy <\/strong>est historien de l&rsquo;\u00e9conomie, actuellement chercheur post-doctoral \u00e0 l&rsquo;Universit\u00e9 CY Cergy Paris (centre AGORA) et membre associ\u00e9 du Centre Walras-Pareto. Il est titulaire d&rsquo;un doctorat en \u00e9conomie de l&rsquo;Universit\u00e9 de Lausanne (titre de la th\u00e8se : \u00a0\u00bb Le monde derri\u00e8re la courbe de la demande : A History of the Economics of Consumption in the US, 1885-1934&Prime;). Ses recherches portent principalement sur l&rsquo;histoire du domaine appel\u00e9 \u00ab\u00a0l&rsquo;\u00e9conomie de la consommation\u00a0\u00bb aux Etats-Unis au d\u00e9but du XX\u00e8me si\u00e8cle, avec un accent particulier sur le r\u00f4le crucial jou\u00e9 par le mouvement am\u00e9ricain de l&rsquo;\u00e9conomie domestique et les femmes \u00e9conomistes institutionnalistes. Dans le cadre de son projet de recherche postdoc en cours \u00ab\u00a0Economists in the Household : A Study of American Consumption after 1923\u00a0\u00bb, il s&rsquo;int\u00e9resse aux d\u00e9bats \u00e9pist\u00e9mologiques qui ont suivi la publication de la c\u00e9l\u00e8bre \u00ab\u00a0Th\u00e9orie de la consommation\u00a0\u00bb d&rsquo;Hazel Kyrk pour comprendre comment l&rsquo;\u00e9conomie de la consommation s&rsquo;est transform\u00e9e dans l&rsquo;entre-deux-guerres et comment elle a fa\u00e7onn\u00e9 notre repr\u00e9sentation moderne de la souverainet\u00e9 du consommateur.<\/p>\n<\/div>\n\n\n\n<div class=\"wp-block-column is-layout-flow wp-block-column-is-layout-flow\" style=\"flex-basis:33.33%\"><\/div>\n<\/div>\n<\/div>\n<\/div>\n<\/div>\n<\/div>\n<\/div>\n<\/div>\n<\/div><\/div>\n\n\n\n<p><\/p>\n\n\n\n<p><\/p>\n","protected":false},"excerpt":{"rendered":"<p>Eleonora Buono est post-doctorante au Laboratoire SPH de l&rsquo;Universit\u00e9 de Bordeaux et de Bordeaux-Montaigne. Sa th\u00e8se de doctorat sur la pens\u00e9e de William Stanley Jevons, r\u00e9alis\u00e9e \u00e0 l&rsquo;Universit\u00e9 de Bologne, &hellip; <\/p>\n","protected":false},"author":1002463,"featured_media":0,"parent":177,"menu_order":-1,"comment_status":"closed","ping_status":"closed","template":"","meta":{"_seopress_robots_primary_cat":"","_seopress_titles_title":"","_seopress_titles_desc":"","_seopress_robots_index":"","footnotes":""},"class_list":["post-289","page","type-page","status-publish"],"_links":{"self":[{"href":"https:\/\/wp.unil.ch\/moral-accounting\/wp-json\/wp\/v2\/pages\/289","targetHints":{"allow":["GET"]}}],"collection":[{"href":"https:\/\/wp.unil.ch\/moral-accounting\/wp-json\/wp\/v2\/pages"}],"about":[{"href":"https:\/\/wp.unil.ch\/moral-accounting\/wp-json\/wp\/v2\/types\/page"}],"author":[{"embeddable":true,"href":"https:\/\/wp.unil.ch\/moral-accounting\/wp-json\/wp\/v2\/users\/1002463"}],"replies":[{"embeddable":true,"href":"https:\/\/wp.unil.ch\/moral-accounting\/wp-json\/wp\/v2\/comments?post=289"}],"version-history":[{"count":0,"href":"https:\/\/wp.unil.ch\/moral-accounting\/wp-json\/wp\/v2\/pages\/289\/revisions"}],"up":[{"embeddable":true,"href":"https:\/\/wp.unil.ch\/moral-accounting\/wp-json\/wp\/v2\/pages\/177"}],"wp:attachment":[{"href":"https:\/\/wp.unil.ch\/moral-accounting\/wp-json\/wp\/v2\/media?parent=289"}],"curies":[{"name":"wp","href":"https:\/\/api.w.org\/{rel}","templated":true}]}}