{"id":177,"date":"2022-06-27T09:24:36","date_gmt":"2022-06-27T07:24:36","guid":{"rendered":"https:\/\/wp.unil.ch\/moral-accounting\/?page_id=177"},"modified":"2022-06-27T09:40:51","modified_gmt":"2022-06-27T07:40:51","slug":"equipe","status":"publish","type":"page","link":"https:\/\/wp.unil.ch\/moral-accounting\/equipe\/","title":{"rendered":"\u00c9quipe"},"content":{"rendered":"\n<p><\/p>\n\n\n\n<div class=\"wp-block-columns is-layout-flex wp-container-core-columns-is-layout-9d6595d7 wp-block-columns-is-layout-flex\">\n<div class=\"wp-block-column is-layout-flow wp-block-column-is-layout-flow\">\n<figure class=\"wp-block-image size-thumbnail is-style-rounded\"><img alt=\"\" loading=\"lazy\" decoding=\"async\" width=\"150\" height=\"150\" src=\"https:\/\/wp.unil.ch\/moral-accounting\/files\/2022\/06\/hmaas-150x150.jpg\" alt=\"\" class=\"wp-image-178\" srcset=\"https:\/\/wp.unil.ch\/moral-accounting\/files\/2022\/06\/hmaas-150x150.jpg 150w, https:\/\/wp.unil.ch\/moral-accounting\/files\/2022\/06\/hmaas-300x300.jpg 300w, https:\/\/wp.unil.ch\/moral-accounting\/files\/2022\/06\/hmaas-1024x1024.jpg 1024w, https:\/\/wp.unil.ch\/moral-accounting\/files\/2022\/06\/hmaas-768x767.jpg 768w, https:\/\/wp.unil.ch\/moral-accounting\/files\/2022\/06\/hmaas.jpg 1201w\" sizes=\"auto, (max-width: 150px) 100vw, 150px\" \/><\/figure>\n\n\n\n<p><strong>Harro Maas<\/strong> est professeur d&rsquo;histoire de l&rsquo;\u00e9conomie au Centre Walras-Pareto d&rsquo;histoire de la pens\u00e9e \u00e9conomique et politique de l&rsquo;Universit\u00e9 de Lausanne. Il a publi\u00e9 de nombreux ouvrages sur l&rsquo;histoire de l&rsquo;\u00e9conomie, de la p\u00e9riode victorienne \u00e0 nos jours, en mettant l&rsquo;accent sur les questions m\u00e9thodologiques et \u00e9pist\u00e9mologiques. En tant que chercheur principal du projet FNS \u00ab\u00a0Moral Accounting&nbsp;Matters : A history of behavioral&nbsp;governance, 1800-1940\u00a0\u00bb, il s&rsquo;int\u00e9resse actuellement \u00e0 la mani\u00e8re dont les outils de comptabilit\u00e9 ordinaires, tels que les planificateurs quotidiens, ont coproduit et rationalis\u00e9 le comportement des consommateurs.<\/p>\n\n\n\n<p><\/p>\n<\/div>\n\n\n\n<div class=\"wp-block-column is-layout-flow wp-block-column-is-layout-flow\">\n<figure class=\"wp-block-image size-thumbnail is-style-rounded\"><img alt=\"\" loading=\"lazy\" decoding=\"async\" width=\"150\" height=\"150\" src=\"https:\/\/wp.unil.ch\/moral-accounting\/files\/2022\/06\/vwibautlepallac-150x150.jpg\" alt=\"\" class=\"wp-image-179\" srcset=\"https:\/\/wp.unil.ch\/moral-accounting\/files\/2022\/06\/vwibautlepallac-150x150.jpg 150w, https:\/\/wp.unil.ch\/moral-accounting\/files\/2022\/06\/vwibautlepallac-300x300.jpg 300w, https:\/\/wp.unil.ch\/moral-accounting\/files\/2022\/06\/vwibautlepallac-768x768.jpg 768w, https:\/\/wp.unil.ch\/moral-accounting\/files\/2022\/06\/vwibautlepallac.jpg 853w\" sizes=\"auto, (max-width: 150px) 100vw, 150px\" \/><\/figure>\n\n\n\n<p><strong>Virgil Wibaut-Le Pallac<\/strong> est un doctorant FNS de l\u2019universit\u00e9 de Lausanne engag\u00e9 au Centre Walras-Pareto au sein de l\u2019Institut d\u2019Etudes Politiques. Faisant parti du projet FNS du professeur Harro Maas (Unil, CWP), <em>Moral accounting matters<\/em>, ses recherches portent sur les usages moraux d\u2019outils \u00e9conomiques \u2013&nbsp;graphiques, tableaux comptables ou de budgets -, tel le <em>M\u00e9morial horaire <\/em>de Marc-Antoine Jullien (1775-1848), \u00e0 Gen\u00e8ve entre 1796 et 1846. Combinant l\u2019approche de l\u2019histoire mat\u00e9rielle et des \u00e9tudes comportementales par une analyse microhistorique des pratiques et de l\u2019interaction entre l\u2019individu et son environnement, sa probl\u00e9matique pose la question&nbsp;:&nbsp;comment des objets permettent-ils de modifier le comportement&nbsp;?<\/p>\n<\/div>\n\n\n\n<div class=\"wp-block-column is-layout-flow wp-block-column-is-layout-flow\">\n<figure class=\"wp-block-image size-thumbnail is-style-rounded\"><img alt=\"\" loading=\"lazy\" decoding=\"async\" width=\"150\" height=\"150\" src=\"https:\/\/wp.unil.ch\/moral-accounting\/files\/2022\/06\/gsoudan-150x150.jpg\" alt=\"\" class=\"wp-image-180\" srcset=\"https:\/\/wp.unil.ch\/moral-accounting\/files\/2022\/06\/gsoudan-150x150.jpg 150w, https:\/\/wp.unil.ch\/moral-accounting\/files\/2022\/06\/gsoudan-300x300.jpg 300w, https:\/\/wp.unil.ch\/moral-accounting\/files\/2022\/06\/gsoudan-1024x1024.jpg 1024w, https:\/\/wp.unil.ch\/moral-accounting\/files\/2022\/06\/gsoudan-768x768.jpg 768w, https:\/\/wp.unil.ch\/moral-accounting\/files\/2022\/06\/gsoudan.jpg 1200w\" sizes=\"auto, (max-width: 150px) 100vw, 150px\" \/><\/figure>\n\n\n\n<p><strong>Gabrielle Soudan<\/strong> est doctorante FNS \u00e0 l\u2019Institut d\u2019\u00e9tudes politiques de l\u2019Universit\u00e9 de Lausanne et membre du Centre Walras Pareto d\u2019\u00e9tudes interdisciplinaires de la pens\u00e9e \u00e9conomique et politique. Dans le cadre du projet FNS&nbsp;<em>Moral Accounting Matters<\/em> dirig\u00e9 par le professeur Harro Maas, elle s\u2019att\u00e8le \u00e0 une th\u00e8se de doctorat portant sur la gestion morale et patriotique des comptes m\u00e9nagers des femmes au foyer am\u00e9ricaines \u00e0 l\u2019\u00e8re progressiste (1890-1942).&nbsp;Ses recherches s\u2019inscrivent dans l\u2019analyse d\u2019un quotidien aux multiples pratiques et objets, allant des journaux f\u00e9minins aux livres de comptes en passant par des best-sellers du <em>Home Economics Movement<\/em>, qui servent \u00e0 la formation des petites filles et plus tard, des femmes au foyer,&nbsp;afin qu\u2019elles apprennent \u00e0 tenir, de mani\u00e8re juste et \u00e9quilibr\u00e9e, leur comptabilit\u00e9 m\u00e9nag\u00e8re.<\/p>\n<\/div>\n<\/div>\n\n\n\n<div class=\"wp-block-columns is-layout-flex wp-container-core-columns-is-layout-9d6595d7 wp-block-columns-is-layout-flex\">\n<div class=\"wp-block-column is-layout-flow wp-block-column-is-layout-flow\">\n<p><a href=\"https:\/\/wp.unil.ch\/moral-accounting\/files\/2022\/06\/hmaas_cv.pdf\" data-type=\"URL\" target=\"_blank\" rel=\"noreferrer noopener\">Curriculum Vitae<\/a><br><a rel=\"noreferrer noopener\" href=\"https:\/\/www.unil.ch\/unisciences\/harromaas\" target=\"_blank\">Page personnelle<\/a><\/p>\n\n\n\n<p>Contact: <a href=\"mailto:harro.maas@unil.ch\">harro.maas@unil.ch<\/a><\/p>\n\n\n\n<p><\/p>\n<\/div>\n\n\n\n<div class=\"wp-block-column is-layout-flow wp-block-column-is-layout-flow\">\n<p><a href=\"https:\/\/wp.unil.ch\/moral-accounting\/files\/2022\/06\/vwibautlepallac_cv.pdf\" target=\"_blank\" rel=\"noreferrer noopener\">Curriculum Vitae<\/a><br><a rel=\"noreferrer noopener\" href=\"https:\/\/www.unil.ch\/unisciences\/virgilwibautlepallac\" target=\"_blank\">Page personnelle<\/a><\/p>\n\n\n\n<p>Contact: <a href=\"mailto:virgil.wibaut-lepallac@unil.ch\">virgil.wibaut-lepallac@unil.ch<\/a><\/p>\n<\/div>\n\n\n\n<div class=\"wp-block-column is-layout-flow wp-block-column-is-layout-flow\">\n<p><a href=\"https:\/\/wp.unil.ch\/moral-accounting\/files\/2022\/06\/gsoudan_cv.pdf\" data-type=\"URL\" target=\"_blank\" rel=\"noreferrer noopener\">Curriculum Vitae<\/a><br><a rel=\"noreferrer noopener\" href=\"https:\/\/www.unil.ch\/unisciences\/gabriellesoudan\" target=\"_blank\">Page personnelle<\/a><\/p>\n\n\n\n<p>Contact: <a href=\"mailto:gabrielle.soudan@unil.ch\">gabrielle.soudan@unil.ch<\/a><\/p>\n\n\n\n<p><\/p>\n<\/div>\n<\/div>\n","protected":false},"excerpt":{"rendered":"<p>Harro Maas est professeur d&rsquo;histoire de l&rsquo;\u00e9conomie au Centre Walras-Pareto d&rsquo;histoire de la pens\u00e9e \u00e9conomique et politique de l&rsquo;Universit\u00e9 de Lausanne. Il a publi\u00e9 de nombreux ouvrages sur l&rsquo;histoire de &hellip; <\/p>\n","protected":false},"author":1001855,"featured_media":0,"parent":0,"menu_order":0,"comment_status":"closed","ping_status":"closed","template":"","meta":{"_seopress_robots_primary_cat":"","_seopress_titles_title":"","_seopress_titles_desc":"","_seopress_robots_index":"","footnotes":""},"class_list":["post-177","page","type-page","status-publish"],"_links":{"self":[{"href":"https:\/\/wp.unil.ch\/moral-accounting\/wp-json\/wp\/v2\/pages\/177","targetHints":{"allow":["GET"]}}],"collection":[{"href":"https:\/\/wp.unil.ch\/moral-accounting\/wp-json\/wp\/v2\/pages"}],"about":[{"href":"https:\/\/wp.unil.ch\/moral-accounting\/wp-json\/wp\/v2\/types\/page"}],"author":[{"embeddable":true,"href":"https:\/\/wp.unil.ch\/moral-accounting\/wp-json\/wp\/v2\/users\/1001855"}],"replies":[{"embeddable":true,"href":"https:\/\/wp.unil.ch\/moral-accounting\/wp-json\/wp\/v2\/comments?post=177"}],"version-history":[{"count":0,"href":"https:\/\/wp.unil.ch\/moral-accounting\/wp-json\/wp\/v2\/pages\/177\/revisions"}],"wp:attachment":[{"href":"https:\/\/wp.unil.ch\/moral-accounting\/wp-json\/wp\/v2\/media?parent=177"}],"curies":[{"name":"wp","href":"https:\/\/api.w.org\/{rel}","templated":true}]}}

Équipe

<p></p>



<div class="wp-block-columns is-layout-flex wp-container-core-columns-is-layout-9d6595d7 wp-block-columns-is-layout-flex">
<div class="wp-block-column is-layout-flow wp-block-column-is-layout-flow">
<figure class="wp-block-image size-thumbnail is-style-rounded"><img alt="" loading="lazy" decoding="async" width="150" height="150" src="https://wp.unil.ch/moral-accounting/files/2022/06/hmaas-150x150.jpg" alt="" class="wp-image-178" srcset="https://wp.unil.ch/moral-accounting/files/2022/06/hmaas-150x150.jpg 150w, https://wp.unil.ch/moral-accounting/files/2022/06/hmaas-300x300.jpg 300w, https://wp.unil.ch/moral-accounting/files/2022/06/hmaas-1024x1024.jpg 1024w, https://wp.unil.ch/moral-accounting/files/2022/06/hmaas-768x767.jpg 768w, https://wp.unil.ch/moral-accounting/files/2022/06/hmaas.jpg 1201w" sizes="auto, (max-width: 150px) 100vw, 150px" /></figure>



<p><strong>Harro Maas</strong> est professeur d&rsquo;histoire de l&rsquo;économie au Centre Walras-Pareto d&rsquo;histoire de la pensée économique et politique de l&rsquo;Université de Lausanne. Il a publié de nombreux ouvrages sur l&rsquo;histoire de l&rsquo;économie, de la période victorienne à nos jours, en mettant l&rsquo;accent sur les questions méthodologiques et épistémologiques. En tant que chercheur principal du projet FNS « Moral Accounting&nbsp;Matters : A history of behavioral&nbsp;governance, 1800-1940 », il s&rsquo;intéresse actuellement à la manière dont les outils de comptabilité ordinaires, tels que les planificateurs quotidiens, ont coproduit et rationalisé le comportement des consommateurs.</p>



<p></p>
</div>



<div class="wp-block-column is-layout-flow wp-block-column-is-layout-flow">
<figure class="wp-block-image size-thumbnail is-style-rounded"><img alt="" loading="lazy" decoding="async" width="150" height="150" src="https://wp.unil.ch/moral-accounting/files/2022/06/vwibautlepallac-150x150.jpg" alt="" class="wp-image-179" srcset="https://wp.unil.ch/moral-accounting/files/2022/06/vwibautlepallac-150x150.jpg 150w, https://wp.unil.ch/moral-accounting/files/2022/06/vwibautlepallac-300x300.jpg 300w, https://wp.unil.ch/moral-accounting/files/2022/06/vwibautlepallac-768x768.jpg 768w, https://wp.unil.ch/moral-accounting/files/2022/06/vwibautlepallac.jpg 853w" sizes="auto, (max-width: 150px) 100vw, 150px" /></figure>



<p><strong>Virgil Wibaut-Le Pallac</strong> est un doctorant FNS de l’université de Lausanne engagé au Centre Walras-Pareto au sein de l’Institut d’Etudes Politiques. Faisant parti du projet FNS du professeur Harro Maas (Unil, CWP), <em>Moral accounting matters</em>, ses recherches portent sur les usages moraux d’outils économiques –&nbsp;graphiques, tableaux comptables ou de budgets -, tel le <em>Mémorial horaire </em>de Marc-Antoine Jullien (1775-1848), à Genève entre 1796 et 1846. Combinant l’approche de l’histoire matérielle et des études comportementales par une analyse microhistorique des pratiques et de l’interaction entre l’individu et son environnement, sa problématique pose la question&nbsp;:&nbsp;comment des objets permettent-ils de modifier le comportement&nbsp;?</p>
</div>



<div class="wp-block-column is-layout-flow wp-block-column-is-layout-flow">
<figure class="wp-block-image size-thumbnail is-style-rounded"><img alt="" loading="lazy" decoding="async" width="150" height="150" src="https://wp.unil.ch/moral-accounting/files/2022/06/gsoudan-150x150.jpg" alt="" class="wp-image-180" srcset="https://wp.unil.ch/moral-accounting/files/2022/06/gsoudan-150x150.jpg 150w, https://wp.unil.ch/moral-accounting/files/2022/06/gsoudan-300x300.jpg 300w, https://wp.unil.ch/moral-accounting/files/2022/06/gsoudan-1024x1024.jpg 1024w, https://wp.unil.ch/moral-accounting/files/2022/06/gsoudan-768x768.jpg 768w, https://wp.unil.ch/moral-accounting/files/2022/06/gsoudan.jpg 1200w" sizes="auto, (max-width: 150px) 100vw, 150px" /></figure>



<p><strong>Gabrielle Soudan</strong> est doctorante FNS à l’Institut d’études politiques de l’Université de Lausanne et membre du Centre Walras Pareto d’études interdisciplinaires de la pensée économique et politique. Dans le cadre du projet FNS&nbsp;<em>Moral Accounting Matters</em> dirigé par le professeur Harro Maas, elle s’attèle à une thèse de doctorat portant sur la gestion morale et patriotique des comptes ménagers des femmes au foyer américaines à l’ère progressiste (1890-1942).&nbsp;Ses recherches s’inscrivent dans l’analyse d’un quotidien aux multiples pratiques et objets, allant des journaux féminins aux livres de comptes en passant par des best-sellers du <em>Home Economics Movement</em>, qui servent à la formation des petites filles et plus tard, des femmes au foyer,&nbsp;afin qu’elles apprennent à tenir, de manière juste et équilibrée, leur comptabilité ménagère.</p>
</div>
</div>



<div class="wp-block-columns is-layout-flex wp-container-core-columns-is-layout-9d6595d7 wp-block-columns-is-layout-flex">
<div class="wp-block-column is-layout-flow wp-block-column-is-layout-flow">
<p><a href="https://wp.unil.ch/moral-accounting/files/2022/06/hmaas_cv.pdf" data-type="URL" target="_blank" rel="noreferrer noopener">Curriculum Vitae</a><br><a rel="noreferrer noopener" href="https://www.unil.ch/unisciences/harromaas" target="_blank">Page personnelle</a></p>



<p>Contact: <a href="mailto:harro.maas@unil.ch">harro.maas@unil.ch</a></p>



<p></p>
</div>



<div class="wp-block-column is-layout-flow wp-block-column-is-layout-flow">
<p><a href="https://wp.unil.ch/moral-accounting/files/2022/06/vwibautlepallac_cv.pdf" target="_blank" rel="noreferrer noopener">Curriculum Vitae</a><br><a rel="noreferrer noopener" href="https://www.unil.ch/unisciences/virgilwibautlepallac" target="_blank">Page personnelle</a></p>



<p>Contact: <a href="mailto:virgil.wibaut-lepallac@unil.ch">virgil.wibaut-lepallac@unil.ch</a></p>
</div>



<div class="wp-block-column is-layout-flow wp-block-column-is-layout-flow">
<p><a href="https://wp.unil.ch/moral-accounting/files/2022/06/gsoudan_cv.pdf" data-type="URL" target="_blank" rel="noreferrer noopener">Curriculum Vitae</a><br><a rel="noreferrer noopener" href="https://www.unil.ch/unisciences/gabriellesoudan" target="_blank">Page personnelle</a></p>



<p>Contact: <a href="mailto:gabrielle.soudan@unil.ch">gabrielle.soudan@unil.ch</a></p>



<p></p>
</div>
</div>

<p>Harro Maas est professeur d&rsquo;histoire de l&rsquo;économie au Centre Walras-Pareto d&rsquo;histoire de la pensée économique et politique de l&rsquo;Université de Lausanne. Il a publié de nombreux ouvrages sur l&rsquo;histoire de &hellip; </p>
