{"id":94,"date":"2010-04-12T19:38:14","date_gmt":"2010-04-12T17:38:14","guid":{"rendered":"http:\/\/wp.unil.ch\/monumentsvaudois\/?page_id=94"},"modified":"2025-07-16T14:52:56","modified_gmt":"2025-07-16T12:52:56","slug":"annonces-publicitaires","status":"publish","type":"page","link":"https:\/\/wp.unil.ch\/monumentsvaudois\/infos-pratiques\/annonces-publicitaires\/","title":{"rendered":"Annonces publicitaires"},"content":{"rendered":"<p>Nous mettons quelques pages \u00e0 disposition des institutions, des associations culturelles, etc. qui voudraient placer une annonce publicitaire.<\/p>\n<p>Prochain d\u00e9lai pour nous faire parvenir les annonces que vous souhaiteriez voir para\u00eetre dans le num\u00e9ro 16-2026 : <span style=\"color: #993300\"><strong>4 mai 2026<\/strong><\/span> (parution du num\u00e9ro en septembre 2026).<\/p>\n<p><strong>Annonces couleur<\/strong><em>, uniquement en 2e et 3e de couverture. Nombre d&rsquo;annonces limit\u00e9, contacter le comit\u00e9 au plus vite pour r\u00e9server un emplacement.<\/em><\/p>\n<ul>\n<li>1\/1 page A4, format portrait, 180 mm x 270 mm, couleur<\/li>\n<li>1\/2 page A4, format paysage, 180 mm x 130 mm, couleur<\/li>\n<\/ul>\n<p><strong>Annonces noir\/blanc<\/strong>, <em>ins\u00e9r\u00e9es dans les pages de la revue.<\/em><\/p>\n<ul>\n<li>1\/1 page A4, format portrait, 175 mm x 260 mm, noir\/blanc<\/li>\n<li>1\/2 page A4, format paysage, 175 mm x 125 mm, noir\/blanc<\/li>\n<li>1\/3 de page A4, format paysage, 175 mm x 80 mm, noir\/blanc<\/li>\n<li>1\/4 de page A4, format portrait, 80 mm x 125 mm, noir\/blanc<\/li>\n<\/ul>\n<p><strong>Encarts publicitaires<\/strong>, <em>gliss\u00e9s dans la revue. Nombre d&rsquo;encarts limit\u00e9, contacter le comit\u00e9 au plus vite<\/em>.<\/p>\n<ul>\n<li>Tous les format, max. A4. Les formats A4 sont pli\u00e9s en deux, pas d&rsquo;encarts sur du papier plus \u00e9pais que 150g\/m2<\/li>\n<\/ul>\n<p>Pour les tarifs et toute demande sp\u00e9ciale, contacter la r\u00e9daction: <a href=\"mailto:monumentsvaudois@gmail.com\">monumentsvaudois@gmail.com<\/a>.<\/p>\n","protected":false},"excerpt":{"rendered":"<p>Nous mettons quelques pages \u00e0 disposition des institutions, des associations culturelles, etc. qui voudraient placer une annonce publicitaire. Prochain d\u00e9lai pour nous faire parvenir les annonces que vous souhaiteriez voir para\u00eetre dans le num\u00e9ro 16-2026 : 4 mai 2026 (parution<\/p>\n","protected":false},"author":228,"featured_media":0,"parent":15,"menu_order":2,"comment_status":"closed","ping_status":"closed","template":"","meta":{"_seopress_robots_primary_cat":"","_seopress_titles_title":"","_seopress_titles_desc":"","_seopress_robots_index":"","footnotes":"","_links_to":"","_links_to_target":""},"class_list":["post-94","page","type-page","status-publish"],"_links":{"self":[{"href":"https:\/\/wp.unil.ch\/monumentsvaudois\/wp-json\/wp\/v2\/pages\/94","targetHints":{"allow":["GET"]}}],"collection":[{"href":"https:\/\/wp.unil.ch\/monumentsvaudois\/wp-json\/wp\/v2\/pages"}],"about":[{"href":"https:\/\/wp.unil.ch\/monumentsvaudois\/wp-json\/wp\/v2\/types\/page"}],"author":[{"embeddable":true,"href":"https:\/\/wp.unil.ch\/monumentsvaudois\/wp-json\/wp\/v2\/users\/228"}],"replies":[{"embeddable":true,"href":"https:\/\/wp.unil.ch\/monumentsvaudois\/wp-json\/wp\/v2\/comments?post=94"}],"version-history":[{"count":1,"href":"https:\/\/wp.unil.ch\/monumentsvaudois\/wp-json\/wp\/v2\/pages\/94\/revisions"}],"predecessor-version":[{"id":3146,"href":"https:\/\/wp.unil.ch\/monumentsvaudois\/wp-json\/wp\/v2\/pages\/94\/revisions\/3146"}],"up":[{"embeddable":true,"href":"https:\/\/wp.unil.ch\/monumentsvaudois\/wp-json\/wp\/v2\/pages\/15"}],"wp:attachment":[{"href":"https:\/\/wp.unil.ch\/monumentsvaudois\/wp-json\/wp\/v2\/media?parent=94"}],"curies":[{"name":"wp","href":"https:\/\/api.w.org\/{rel}","templated":true}]}}

<p>Nous mettons quelques pages à disposition des institutions, des associations culturelles, etc. qui voudraient placer une annonce publicitaire.</p>
<p>Prochain délai pour nous faire parvenir les annonces que vous souhaiteriez voir paraître dans le numéro 16-2026 : <span style="color: #993300"><strong>4 mai 2026</strong></span> (parution du numéro en septembre 2026).</p>
<p><strong>Annonces couleur</strong><em>, uniquement en 2e et 3e de couverture. Nombre d&rsquo;annonces limité, contacter le comité au plus vite pour réserver un emplacement.</em></p>
<ul>
<li>1/1 page A4, format portrait, 180 mm x 270 mm, couleur</li>
<li>1/2 page A4, format paysage, 180 mm x 130 mm, couleur</li>
</ul>
<p><strong>Annonces noir/blanc</strong>, <em>insérées dans les pages de la revue.</em></p>
<ul>
<li>1/1 page A4, format portrait, 175 mm x 260 mm, noir/blanc</li>
<li>1/2 page A4, format paysage, 175 mm x 125 mm, noir/blanc</li>
<li>1/3 de page A4, format paysage, 175 mm x 80 mm, noir/blanc</li>
<li>1/4 de page A4, format portrait, 80 mm x 125 mm, noir/blanc</li>
</ul>
<p><strong>Encarts publicitaires</strong>, <em>glissés dans la revue. Nombre d&rsquo;encarts limité, contacter le comité au plus vite</em>.</p>
<ul>
<li>Tous les format, max. A4. Les formats A4 sont pliés en deux, pas d&rsquo;encarts sur du papier plus épais que 150g/m2</li>
</ul>
<p>Pour les tarifs et toute demande spéciale, contacter la rédaction: <a href="mailto:monumentsvaudois@gmail.com">monumentsvaudois@gmail.com</a>.</p>

<p>Nous mettons quelques pages à disposition des institutions, des associations culturelles, etc. qui voudraient placer une annonce publicitaire. Prochain délai pour nous faire parvenir les annonces que vous souhaiteriez voir paraître dans le numéro 16-2026 : 4 mai 2026 (parution</p>
