{"id":938,"date":"2012-01-01T18:25:11","date_gmt":"2012-01-01T17:25:11","guid":{"rendered":"http:\/\/wp.unil.ch\/monumentsvaudois\/?page_id=938"},"modified":"2021-08-26T16:36:29","modified_gmt":"2021-08-26T14:36:29","slug":"mvd-2-2011","status":"publish","type":"page","link":"https:\/\/wp.unil.ch\/monumentsvaudois\/mvd-2-2011\/","title":{"rendered":"MVD 2-2011 (table des mati\u00e8res)"},"content":{"rendered":"<h5>Num\u00e9ro 2<br \/>\npubli\u00e9 le 15 novembre 2011<\/h5>\n<p><strong><a href=\"https:\/\/wp.unil.ch\/monumentsvaudois\/files\/2011\/11\/MVD2-couverture.jpg\"><img alt=\"\" loading=\"lazy\" decoding=\"async\" class=\"alignnone size-medium wp-image-760\" src=\"https:\/\/wp.unil.ch\/monumentsvaudois\/files\/2011\/11\/MVD2-couverture-210x300.jpg\" alt=\"\" width=\"210\" height=\"300\" srcset=\"https:\/\/wp.unil.ch\/monumentsvaudois\/files\/2011\/11\/MVD2-couverture-210x300.jpg 210w, https:\/\/wp.unil.ch\/monumentsvaudois\/files\/2011\/11\/MVD2-couverture.jpg 562w\" sizes=\"auto, (max-width: 210px) 100vw, 210px\" \/><\/a><br \/>\n<\/strong><\/p>\n<p><strong>Dossier: D\u00e9cors 1900<\/strong><\/p>\n<ul>\n<li><a title=\"Catherine SCHMUTZ-NICOD &amp; Julian JAMES, \u00ab&nbsp;D\u00e9cors \u00ab Belle Epoque \u00bb. De la r\u00e9habilitation \u00e0 la restauration. L\u2019exemple du peintre-d\u00e9corateur Otto Haberer-Sinner (1866-1941)&nbsp;\u00bb.\" href=\"https:\/\/wp.unil.ch\/monumentsvaudois\/2011\/08\/catherine-schmutz-nicod-julian-james-decors-%c2%ab-belle-epoque-%c2%bb-de-la-rehabilitation-a-la-restauration-l%e2%80%99exemple-du-peintre-decorateur-otto-haberer-sinner-1866-1941\/\" target=\"_blank\" rel=\"noopener\"><strong>Catherine Schmutz-Nicod &amp; Julian James<\/strong><\/a>: <em>D\u00e9cors \u00ab\u00a0Belle Epoque\u00a0\u00bb. De la r\u00e9habilitation \u00e0 la restauration. L&rsquo;exemple du peintre-d\u00e9corateur Otto Haberer-Sinner (1866-1941).<\/em><\/li>\n<li><a title=\"Tamara Robbiani, \u00ab&nbsp;Marcel Chollet, un peintre-d\u00e9corateur m\u00e9connu autour de 1900?\" href=\"https:\/\/wp.unil.ch\/monumentsvaudois\/2011\/08\/tamara-robbiani-marcel-chollet-un-peintre-decorateur-meconnu-autour-de-1900\/\" target=\"_blank\" rel=\"noopener\"><strong>Tamara Robbiani<\/strong><\/a>:<em> Marcel Chollet, un peintre-d\u00e9corateur m\u00e9connu autour de 1900.<\/em><\/li>\n<li><a title=\"Wally DE MARCO, \u00ab&nbsp;L\u2019art ferronnier au travers de l\u2019exemplaire lausannois au tournant des XIXe et XXe si\u00e8cles&nbsp;\u00bb\" href=\"https:\/\/wp.unil.ch\/monumentsvaudois\/2011\/08\/wally-de-marco-l%e2%80%99art-ferronnier-au-travers-de-l%e2%80%99exemplaire-lausannois-au-tournant-des-xixe-et-xxe-siecles\/\" target=\"_blank\" rel=\"noopener\"><strong>Wally De Marco<\/strong><\/a>: <em>L&rsquo;art de la ferronnerie \u00e0 Lausanne autour de 1900. Artisans et techniques<\/em><\/li>\n<li><a title=\"Karina QUEIJO, \u00ab&nbsp;Un chef-d\u2019oeuvre pour mod\u00e8le. La restauration des peintures murales de Montcherand (1902-1903)&nbsp;\u00bb\" href=\"https:\/\/wp.unil.ch\/monumentsvaudois\/2011\/08\/karina-queijo-un-chef-d%e2%80%99oeuvre-pour-modele-la-restauration-des-peintures-murales-de-montcherand-1902-1903\/\" target=\"_blank\" rel=\"noopener\"><strong>Karina Queijo<\/strong><\/a>: <em>Un chef-d&rsquo;oeuvre pour mod\u00e8le. La restauration des peintures murales de Montcherand (1902-1903).<\/em><\/li>\n<li><em>\u00ab\u00a0<strong><a title=\"\u00ab&nbsp;\u00ab Qu\u2019est-ce que l\u2019Art Nouveau? \u00bb. Des apprentis vaudois \u00e0 l\u2019Exposition universelle de 1900 \u00e0 Paris&nbsp;\u00bb, sources pr\u00e9sent\u00e9es par Dave L\u00fcthi.\" href=\"https:\/\/wp.unil.ch\/monumentsvaudois\/2011\/08\/%c2%ab-qu%e2%80%99est-ce-que-l%e2%80%99art-nouveau-%c2%bb-des-apprentis-vaudois-a-l%e2%80%99exposition-universelle-de-1900-a-paris-sources-presentees-par-dave-luthi\/\" target=\"_blank\" rel=\"noopener\">Qu&rsquo;est-ce que l&rsquo;Art Nouveau<\/a>?<\/strong>\u00a0\u00bb Des apprentis vaudois \u00e0 l&rsquo;Exposition universelle de 1900 \u00e0 Paris. <\/em>Sources pr\u00e9sent\u00e9es par Dave L\u00fcthi.<em><br \/>\n<\/em><\/li>\n<\/ul>\n<p><strong>Articles libres<\/strong><\/p>\n<ul>\n<li><a title=\"Patricia BRAND, \u00ab&nbsp;Une remarquable channe en \u00e9tain pour aborder l\u2019histoire de la corporation des drapiers d\u2019Yverdon (XVIe-XVIIIe si\u00e8cles)&nbsp;\u00bb\" href=\"https:\/\/wp.unil.ch\/monumentsvaudois\/2011\/08\/patricia-brand-une-remarquable-channe-en-etain-pour-aborder-l%e2%80%99histoire-de-la-corporation-des-drapiers-d%e2%80%99yverdon-xvie-xviiie-siecles\/\" target=\"_blank\" rel=\"noopener\"><strong>Patricia Brand<\/strong><\/a>: <em>Une remarquable channe en \u00e9tain pour aborder l&rsquo;histoire de la corporation des drapiers d&rsquo;Yverdon (XVIe-XVIIIe si\u00e8cles).<\/em><\/li>\n<li><a title=\"Chlo\u00e9 MOREND, \u00ab&nbsp;P\u00e9dagogie et architecture: l\u2019\u00e2ge heureux du Heimatstil. L\u2019exemple de L\u2019Educateur&nbsp;\u00bb\" href=\"https:\/\/wp.unil.ch\/monumentsvaudois\/2011\/08\/chloe-morend-pedagogie-et-architecture-l%e2%80%99age-heureux-du-heimatstil-l%e2%80%99exemple-de-l%e2%80%99educateur\/\" target=\"_blank\" rel=\"noopener\"><strong>Chlo\u00e9 Morend<\/strong><\/a>: P\u00e9dag<em><em>ogie et architecture: l&rsquo;\u00e2ge heureux du<\/em> Heimatstil. <em>L&rsquo;exemple de<\/em> L&rsquo;Educateur.<br \/>\n<\/em><\/li>\n<\/ul>\n<p><strong>Ouverture<\/strong><\/p>\n<ul>\n<li><a title=\"David RIPOLL, \u00ab&nbsp;Le corps \u00e0 l\u2019abri: l\u2019invention des salles de gymnastique \u00e0 Gen\u00e8ve (1830-1914)&nbsp;\u00bb\" href=\"https:\/\/wp.unil.ch\/monumentsvaudois\/2011\/08\/david-ripoll-le-corps-a-l%e2%80%99abri-l%e2%80%99invention-des-salles-de-gymnastique-a-geneve-1830-1914\/\" target=\"_blank\" rel=\"noopener\"><strong>David Ripoll<\/strong><\/a>: <em>Une architecture pour la forme: les salles de gymnastique \u00e0 Gen\u00e8ve (1830-1914).<\/em><\/li>\n<\/ul>\n<p><strong>Actualit\u00e9<\/strong><strong>s du patrimoine<\/strong><\/p>\n<ul>\n<li><a title=\"Anna PEDRUCCI, avec la collaboration d\u2019Alain JOUVENAT-MULLER, \u00ab&nbsp;Analyse arch\u00e9ologique des cures de Chavornay et de Goumo\u00ebns-la-Ville. \u00ab Filouterie \u00bb ancienne et probl\u00e9matique nouvelle&nbsp;\u00bb\" href=\"https:\/\/wp.unil.ch\/monumentsvaudois\/2011\/08\/anna-pedrucci-avec-la-collaboration-d%e2%80%99alain-jouvenat-muller-analyse-archeologique-des-cures-de-chavornay-et-de-goumoens-la-ville-%c2%ab-filouterie-%c2%bb-ancienne-et-problematique-nouvell\/\" target=\"_blank\" rel=\"noopener\"><strong>Anna Pedrucci<\/strong><\/a><a title=\"Anna PEDRUCCI, avec la collaboration d\u2019Alain JOUVENAT-MULLER, \u00ab&nbsp;Analyse arch\u00e9ologique des cures de Chavornay et de Goumo\u00ebns-la-Ville. \u00ab Filouterie \u00bb ancienne et probl\u00e9matique nouvelle&nbsp;\u00bb\" href=\"https:\/\/wp.unil.ch\/monumentsvaudois\/2011\/08\/anna-pedrucci-avec-la-collaboration-d%e2%80%99alain-jouvenat-muller-analyse-archeologique-des-cures-de-chavornay-et-de-goumoens-la-ville-%c2%ab-filouterie-%c2%bb-ancienne-et-problematique-nouvell\/\" target=\"_blank\" rel=\"noopener\">,<\/a><a title=\"Anna PEDRUCCI, avec la collaboration d\u2019Alain JOUVENAT-MULLER, \u00ab&nbsp;Analyse arch\u00e9ologique des cures de Chavornay et de Goumo\u00ebns-la-Ville. \u00ab Filouterie \u00bb ancienne et probl\u00e9matique nouvelle&nbsp;\u00bb\" href=\"https:\/\/wp.unil.ch\/monumentsvaudois\/2011\/08\/anna-pedrucci-avec-la-collaboration-d%e2%80%99alain-jouvenat-muller-analyse-archeologique-des-cures-de-chavornay-et-de-goumoens-la-ville-%c2%ab-filouterie-%c2%bb-ancienne-et-problematique-nouvell\/\" target=\"_blank\" rel=\"noopener\"> en collaboration avec <strong>Alain Jouvenat-Muller<\/strong><\/a>: <em>Analyse arch\u00e9ologique des cures de Chavornay et de Goumo\u00ebns-la-Ville. \u00ab\u00a0Filouterie\u00a0\u00bb ancienne et probl\u00e9matique nouvelle.<\/em><\/li>\n<li><a title=\"Monique FONTANNAZ &amp; Fabienne HOFFMANN, \u00ab&nbsp;Du \u00ab capitaine tue tout \u00bb au vol d\u2019hirondelles. Changement de d\u00e9cor \u00e0 la Grand-Rue 9 \u00e0 Moudon&nbsp;\u00bb\" href=\"https:\/\/wp.unil.ch\/monumentsvaudois\/2011\/08\/monique-fontannaz-fabienne-hoffmann-du-%c2%ab-capitaine-tue-tout-%c2%bb-au-vol-d%e2%80%99hirondelles-changement-de-decor-a-la-grand-rue-9-a-moudon\/\" target=\"_blank\" rel=\"noopener\"><strong>Monique Fontannaz &amp; Fabienne Hoffmann<\/strong><\/a>: <em>Du \u00ab\u00a0capitaine tue tout\u00a0\u00bb au vol d&rsquo;hirondelles. Changement de d\u00e9cor \u00e0 la Grand-Rue 9 \u00e0 Moudon.<\/em><\/li>\n<li><a title=\"Monique FONTANNAZ &amp; Philippe JATON, \u00ab&nbsp;Nouvelles arcades gothiques mises au jour \u00e0 la rue du Ch\u00e2teau 19 \u00e0 Moudon&nbsp;\u00bb\" href=\"https:\/\/wp.unil.ch\/monumentsvaudois\/2011\/08\/monique-fontannaz-philippe-jaton-nouvelles-arcades-gothiques-mises-au-jour-a-la-rue-du-chateau-19-a-moudon\/\" target=\"_blank\" rel=\"noopener\"><strong>Monique Fontannaz &amp; Philippe Jaton<\/strong><\/a>: <em>Nouvelles arcades gothiques mises au jour \u00e0 la rue du Ch\u00e2teau 19 \u00e0 Moudon.<\/em><\/li>\n<li><a title=\"Dave LUTHI, \u00ab&nbsp;Enseignement Architecture &amp; Patrimoine: projets en cours et \u00e0 venir&nbsp;\u00bb\" href=\"https:\/\/wp.unil.ch\/monumentsvaudois\/2011\/08\/dave-luthi-enseignement-architecture-patrimoine-projets-en-cours-et-a-venir\/\" target=\"_blank\" rel=\"noopener\"><strong>Dave L\u00fcthi<\/strong><\/a>: <em>Enseignement Architecture &amp; Patrimoine: projets en cours et \u00e0 venir.<\/em><\/li>\n<li><a title=\"France Terrier, \u00ab&nbsp;Quand le Mus\u00e9e d\u2019Yverdon et r\u00e9gion revisite son parcours permanent: grands travaux et petites mis\u00e8res&nbsp;\u00bb\" href=\"https:\/\/wp.unil.ch\/monumentsvaudois\/2011\/08\/france-terrier-quand-le-musee-dyverdon-et-region-revisite-son-parcours-permanent-grands-travaux-et-petites-miseres\/\"><strong>France Terrier<\/strong><\/a>: <em>Quand le Mus\u00e9e d&rsquo;Yverdon et r\u00e9gion revisite son parcours permanent: grands travaux et petites mis\u00e8res<\/em><\/li>\n<li><strong><a title=\"Martine Jaquet, \u00ab&nbsp;Le coll\u00e8ge de la Rouvraie \u00e0 Lausanne. Intervention sur un patrimoine r\u00e9cent&nbsp;\u00bb\" href=\"https:\/\/wp.unil.ch\/monumentsvaudois\/2011\/08\/martine-jaquet-le-college-de-la-rouvraie-a-lausanne-intervention-sur-un-patrimoine-recent\/\">Martine Jaquet<\/a><\/strong>: <em>Le coll\u00e8ge de la Rouvraie \u00e0 Lausanne. Intervention sur un patrimoine r\u00e9cent.<\/em><em><br \/>\n<\/em><\/li>\n<\/ul>\n<p><strong>A lire<\/strong> (comptes rendus)<\/p>\n<p><a href=\"https:\/\/wp.unil.ch\/monumentsvaudois\/commander\/\">Commander la revue<\/a><\/p>\n<p>&nbsp;<\/p>\n","protected":false},"excerpt":{"rendered":"<p>Num\u00e9ro 2 publi\u00e9 le 15 novembre 2011 Dossier: D\u00e9cors 1900 Catherine Schmutz-Nicod &amp; Julian James: D\u00e9cors \u00ab\u00a0Belle Epoque\u00a0\u00bb. De la r\u00e9habilitation \u00e0 la restauration. L&rsquo;exemple du peintre-d\u00e9corateur Otto Haberer-Sinner (1866-1941). Tamara Robbiani: Marcel Chollet, un peintre-d\u00e9corateur m\u00e9connu autour de 1900.<\/p>\n","protected":false},"author":228,"featured_media":0,"parent":0,"menu_order":0,"comment_status":"closed","ping_status":"closed","template":"","meta":{"_seopress_robots_primary_cat":"","_seopress_titles_title":"","_seopress_titles_desc":"","_seopress_robots_index":"","footnotes":"","_links_to":"","_links_to_target":""},"class_list":["post-938","page","type-page","status-publish"],"_links":{"self":[{"href":"https:\/\/wp.unil.ch\/monumentsvaudois\/wp-json\/wp\/v2\/pages\/938","targetHints":{"allow":["GET"]}}],"collection":[{"href":"https:\/\/wp.unil.ch\/monumentsvaudois\/wp-json\/wp\/v2\/pages"}],"about":[{"href":"https:\/\/wp.unil.ch\/monumentsvaudois\/wp-json\/wp\/v2\/types\/page"}],"author":[{"embeddable":true,"href":"https:\/\/wp.unil.ch\/monumentsvaudois\/wp-json\/wp\/v2\/users\/228"}],"replies":[{"embeddable":true,"href":"https:\/\/wp.unil.ch\/monumentsvaudois\/wp-json\/wp\/v2\/comments?post=938"}],"version-history":[{"count":0,"href":"https:\/\/wp.unil.ch\/monumentsvaudois\/wp-json\/wp\/v2\/pages\/938\/revisions"}],"wp:attachment":[{"href":"https:\/\/wp.unil.ch\/monumentsvaudois\/wp-json\/wp\/v2\/media?parent=938"}],"curies":[{"name":"wp","href":"https:\/\/api.w.org\/{rel}","templated":true}]}}

MVD 2-2011 (table des matières)

<h5>Numéro 2<br />
publié le 15 novembre 2011</h5>
<p><strong><a href="https://wp.unil.ch/monumentsvaudois/files/2011/11/MVD2-couverture.jpg"><img alt="" loading="lazy" decoding="async" class="alignnone size-medium wp-image-760" src="https://wp.unil.ch/monumentsvaudois/files/2011/11/MVD2-couverture-210x300.jpg" alt="" width="210" height="300" srcset="https://wp.unil.ch/monumentsvaudois/files/2011/11/MVD2-couverture-210x300.jpg 210w, https://wp.unil.ch/monumentsvaudois/files/2011/11/MVD2-couverture.jpg 562w" sizes="auto, (max-width: 210px) 100vw, 210px" /></a><br />
</strong></p>
<p><strong>Dossier: Décors 1900</strong></p>
<ul>
<li><a title="Catherine SCHMUTZ-NICOD &amp; Julian JAMES, «&nbsp;Décors « Belle Epoque ». De la réhabilitation à la restauration. L’exemple du peintre-décorateur Otto Haberer-Sinner (1866-1941)&nbsp;»." href="https://wp.unil.ch/monumentsvaudois/2011/08/catherine-schmutz-nicod-julian-james-decors-%c2%ab-belle-epoque-%c2%bb-de-la-rehabilitation-a-la-restauration-l%e2%80%99exemple-du-peintre-decorateur-otto-haberer-sinner-1866-1941/" target="_blank" rel="noopener"><strong>Catherine Schmutz-Nicod &amp; Julian James</strong></a>: <em>Décors « Belle Epoque ». De la réhabilitation à la restauration. L&rsquo;exemple du peintre-décorateur Otto Haberer-Sinner (1866-1941).</em></li>
<li><a title="Tamara Robbiani, «&nbsp;Marcel Chollet, un peintre-décorateur méconnu autour de 1900?" href="https://wp.unil.ch/monumentsvaudois/2011/08/tamara-robbiani-marcel-chollet-un-peintre-decorateur-meconnu-autour-de-1900/" target="_blank" rel="noopener"><strong>Tamara Robbiani</strong></a>:<em> Marcel Chollet, un peintre-décorateur méconnu autour de 1900.</em></li>
<li><a title="Wally DE MARCO, «&nbsp;L’art ferronnier au travers de l’exemplaire lausannois au tournant des XIXe et XXe siècles&nbsp;»" href="https://wp.unil.ch/monumentsvaudois/2011/08/wally-de-marco-l%e2%80%99art-ferronnier-au-travers-de-l%e2%80%99exemplaire-lausannois-au-tournant-des-xixe-et-xxe-siecles/" target="_blank" rel="noopener"><strong>Wally De Marco</strong></a>: <em>L&rsquo;art de la ferronnerie à Lausanne autour de 1900. Artisans et techniques</em></li>
<li><a title="Karina QUEIJO, «&nbsp;Un chef-d’oeuvre pour modèle. La restauration des peintures murales de Montcherand (1902-1903)&nbsp;»" href="https://wp.unil.ch/monumentsvaudois/2011/08/karina-queijo-un-chef-d%e2%80%99oeuvre-pour-modele-la-restauration-des-peintures-murales-de-montcherand-1902-1903/" target="_blank" rel="noopener"><strong>Karina Queijo</strong></a>: <em>Un chef-d&rsquo;oeuvre pour modèle. La restauration des peintures murales de Montcherand (1902-1903).</em></li>
<li><em>« <strong><a title="«&nbsp;« Qu’est-ce que l’Art Nouveau? ». Des apprentis vaudois à l’Exposition universelle de 1900 à Paris&nbsp;», sources présentées par Dave Lüthi." href="https://wp.unil.ch/monumentsvaudois/2011/08/%c2%ab-qu%e2%80%99est-ce-que-l%e2%80%99art-nouveau-%c2%bb-des-apprentis-vaudois-a-l%e2%80%99exposition-universelle-de-1900-a-paris-sources-presentees-par-dave-luthi/" target="_blank" rel="noopener">Qu&rsquo;est-ce que l&rsquo;Art Nouveau</a>?</strong> » Des apprentis vaudois à l&rsquo;Exposition universelle de 1900 à Paris. </em>Sources présentées par Dave Lüthi.<em><br />
</em></li>
</ul>
<p><strong>Articles libres</strong></p>
<ul>
<li><a title="Patricia BRAND, «&nbsp;Une remarquable channe en étain pour aborder l’histoire de la corporation des drapiers d’Yverdon (XVIe-XVIIIe siècles)&nbsp;»" href="https://wp.unil.ch/monumentsvaudois/2011/08/patricia-brand-une-remarquable-channe-en-etain-pour-aborder-l%e2%80%99histoire-de-la-corporation-des-drapiers-d%e2%80%99yverdon-xvie-xviiie-siecles/" target="_blank" rel="noopener"><strong>Patricia Brand</strong></a>: <em>Une remarquable channe en étain pour aborder l&rsquo;histoire de la corporation des drapiers d&rsquo;Yverdon (XVIe-XVIIIe siècles).</em></li>
<li><a title="Chloé MOREND, «&nbsp;Pédagogie et architecture: l’âge heureux du Heimatstil. L’exemple de L’Educateur&nbsp;»" href="https://wp.unil.ch/monumentsvaudois/2011/08/chloe-morend-pedagogie-et-architecture-l%e2%80%99age-heureux-du-heimatstil-l%e2%80%99exemple-de-l%e2%80%99educateur/" target="_blank" rel="noopener"><strong>Chloé Morend</strong></a>: Pédag<em><em>ogie et architecture: l&rsquo;âge heureux du</em> Heimatstil. <em>L&rsquo;exemple de</em> L&rsquo;Educateur.<br />
</em></li>
</ul>
<p><strong>Ouverture</strong></p>
<ul>
<li><a title="David RIPOLL, «&nbsp;Le corps à l’abri: l’invention des salles de gymnastique à Genève (1830-1914)&nbsp;»" href="https://wp.unil.ch/monumentsvaudois/2011/08/david-ripoll-le-corps-a-l%e2%80%99abri-l%e2%80%99invention-des-salles-de-gymnastique-a-geneve-1830-1914/" target="_blank" rel="noopener"><strong>David Ripoll</strong></a>: <em>Une architecture pour la forme: les salles de gymnastique à Genève (1830-1914).</em></li>
</ul>
<p><strong>Actualité</strong><strong>s du patrimoine</strong></p>
<ul>
<li><a title="Anna PEDRUCCI, avec la collaboration d’Alain JOUVENAT-MULLER, «&nbsp;Analyse archéologique des cures de Chavornay et de Goumoëns-la-Ville. « Filouterie » ancienne et problématique nouvelle&nbsp;»" href="https://wp.unil.ch/monumentsvaudois/2011/08/anna-pedrucci-avec-la-collaboration-d%e2%80%99alain-jouvenat-muller-analyse-archeologique-des-cures-de-chavornay-et-de-goumoens-la-ville-%c2%ab-filouterie-%c2%bb-ancienne-et-problematique-nouvell/" target="_blank" rel="noopener"><strong>Anna Pedrucci</strong></a><a title="Anna PEDRUCCI, avec la collaboration d’Alain JOUVENAT-MULLER, «&nbsp;Analyse archéologique des cures de Chavornay et de Goumoëns-la-Ville. « Filouterie » ancienne et problématique nouvelle&nbsp;»" href="https://wp.unil.ch/monumentsvaudois/2011/08/anna-pedrucci-avec-la-collaboration-d%e2%80%99alain-jouvenat-muller-analyse-archeologique-des-cures-de-chavornay-et-de-goumoens-la-ville-%c2%ab-filouterie-%c2%bb-ancienne-et-problematique-nouvell/" target="_blank" rel="noopener">,</a><a title="Anna PEDRUCCI, avec la collaboration d’Alain JOUVENAT-MULLER, «&nbsp;Analyse archéologique des cures de Chavornay et de Goumoëns-la-Ville. « Filouterie » ancienne et problématique nouvelle&nbsp;»" href="https://wp.unil.ch/monumentsvaudois/2011/08/anna-pedrucci-avec-la-collaboration-d%e2%80%99alain-jouvenat-muller-analyse-archeologique-des-cures-de-chavornay-et-de-goumoens-la-ville-%c2%ab-filouterie-%c2%bb-ancienne-et-problematique-nouvell/" target="_blank" rel="noopener"> en collaboration avec <strong>Alain Jouvenat-Muller</strong></a>: <em>Analyse archéologique des cures de Chavornay et de Goumoëns-la-Ville. « Filouterie » ancienne et problématique nouvelle.</em></li>
<li><a title="Monique FONTANNAZ &amp; Fabienne HOFFMANN, «&nbsp;Du « capitaine tue tout » au vol d’hirondelles. Changement de décor à la Grand-Rue 9 à Moudon&nbsp;»" href="https://wp.unil.ch/monumentsvaudois/2011/08/monique-fontannaz-fabienne-hoffmann-du-%c2%ab-capitaine-tue-tout-%c2%bb-au-vol-d%e2%80%99hirondelles-changement-de-decor-a-la-grand-rue-9-a-moudon/" target="_blank" rel="noopener"><strong>Monique Fontannaz &amp; Fabienne Hoffmann</strong></a>: <em>Du « capitaine tue tout » au vol d&rsquo;hirondelles. Changement de décor à la Grand-Rue 9 à Moudon.</em></li>
<li><a title="Monique FONTANNAZ &amp; Philippe JATON, «&nbsp;Nouvelles arcades gothiques mises au jour à la rue du Château 19 à Moudon&nbsp;»" href="https://wp.unil.ch/monumentsvaudois/2011/08/monique-fontannaz-philippe-jaton-nouvelles-arcades-gothiques-mises-au-jour-a-la-rue-du-chateau-19-a-moudon/" target="_blank" rel="noopener"><strong>Monique Fontannaz &amp; Philippe Jaton</strong></a>: <em>Nouvelles arcades gothiques mises au jour à la rue du Château 19 à Moudon.</em></li>
<li><a title="Dave LUTHI, «&nbsp;Enseignement Architecture &amp; Patrimoine: projets en cours et à venir&nbsp;»" href="https://wp.unil.ch/monumentsvaudois/2011/08/dave-luthi-enseignement-architecture-patrimoine-projets-en-cours-et-a-venir/" target="_blank" rel="noopener"><strong>Dave Lüthi</strong></a>: <em>Enseignement Architecture &amp; Patrimoine: projets en cours et à venir.</em></li>
<li><a title="France Terrier, «&nbsp;Quand le Musée d’Yverdon et région revisite son parcours permanent: grands travaux et petites misères&nbsp;»" href="https://wp.unil.ch/monumentsvaudois/2011/08/france-terrier-quand-le-musee-dyverdon-et-region-revisite-son-parcours-permanent-grands-travaux-et-petites-miseres/"><strong>France Terrier</strong></a>: <em>Quand le Musée d&rsquo;Yverdon et région revisite son parcours permanent: grands travaux et petites misères</em></li>
<li><strong><a title="Martine Jaquet, «&nbsp;Le collège de la Rouvraie à Lausanne. Intervention sur un patrimoine récent&nbsp;»" href="https://wp.unil.ch/monumentsvaudois/2011/08/martine-jaquet-le-college-de-la-rouvraie-a-lausanne-intervention-sur-un-patrimoine-recent/">Martine Jaquet</a></strong>: <em>Le collège de la Rouvraie à Lausanne. Intervention sur un patrimoine récent.</em><em><br />
</em></li>
</ul>
<p><strong>A lire</strong> (comptes rendus)</p>
<p><a href="https://wp.unil.ch/monumentsvaudois/commander/">Commander la revue</a></p>
<p>&nbsp;</p>

<p>Numéro 2 publié le 15 novembre 2011 Dossier: Décors 1900 Catherine Schmutz-Nicod &amp; Julian James: Décors « Belle Epoque ». De la réhabilitation à la restauration. L&rsquo;exemple du peintre-décorateur Otto Haberer-Sinner (1866-1941). Tamara Robbiani: Marcel Chollet, un peintre-décorateur méconnu autour de 1900.</p>
