{"id":2409,"date":"2019-10-23T16:44:02","date_gmt":"2019-10-23T14:44:02","guid":{"rendered":"http:\/\/wp.unil.ch\/monumentsvaudois\/?page_id=2409"},"modified":"2024-09-09T11:09:14","modified_gmt":"2024-09-09T09:09:14","slug":"mvd-9-2019-table-des-matieres","status":"publish","type":"page","link":"https:\/\/wp.unil.ch\/monumentsvaudois\/mvd-9-2019-table-des-matieres\/","title":{"rendered":"MVD 9-2019 (table des mati\u00e8res)"},"content":{"rendered":"<h4>Num\u00e9ro 9<br \/>\nParution 26 novembre 2019<\/h4>\n<p><a href=\"https:\/\/wp.unil.ch\/monumentsvaudois\/files\/2019\/10\/MVD_9_cover_ombre.png\"><img alt=\"\" loading=\"lazy\" decoding=\"async\" class=\"alignnone size-medium wp-image-2410\" src=\"https:\/\/wp.unil.ch\/monumentsvaudois\/files\/2019\/10\/MVD_9_cover_ombre-235x300.png\" alt=\"\" width=\"235\" height=\"300\" srcset=\"https:\/\/wp.unil.ch\/monumentsvaudois\/files\/2019\/10\/MVD_9_cover_ombre-235x300.png 235w, https:\/\/wp.unil.ch\/monumentsvaudois\/files\/2019\/10\/MVD_9_cover_ombre-768x981.png 768w, https:\/\/wp.unil.ch\/monumentsvaudois\/files\/2019\/10\/MVD_9_cover_ombre-801x1024.png 801w, https:\/\/wp.unil.ch\/monumentsvaudois\/files\/2019\/10\/MVD_9_cover_ombre.png 939w\" sizes=\"auto, (max-width: 235px) 100vw, 235px\" \/><\/a><\/p>\n<h4><strong>Orbe et autour<br \/>\n<\/strong><\/h4>\n<ul>\n<li><a href=\"https:\/\/wp.unil.ch\/monumentsvaudois\/2019\/11\/dubois-auberson-hotel-de-ville-orbe\/\"><strong>Yves Dubois &amp; Laurent Auberson<\/strong><\/a> : <em>De l\u2019aquarelle \u00e0 la pierre. L\u2019H\u00f4tel de Ville d\u2019Orbe dans tous ses \u00e9tats<\/em><\/li>\n<li><a href=\"https:\/\/wp.unil.ch\/monumentsvaudois\/2019\/11\/luigi-napi-montchoisi-pres-dorbe\/\"><strong>Luigi Napi<\/strong><\/a> : <em>Montchoisi pr\u00e8s d\u2019Orbe. Un avatar du ch\u00e2teau imp\u00e9rial de La Malmaison<\/em><\/li>\n<li><a href=\"https:\/\/wp.unil.ch\/monumentsvaudois\/2019\/11\/ludivine-proserpi-la-restauration-du-temple-dorbe\/\"><strong>Ludivine Proserpi<\/strong><\/a> : <em>La restauration du temple d\u2019Orbe. De l\u2019\u00e9volution dans la pratique de la restauration monumentale durant l\u2019Entre-deux-Guerres<\/em><\/li>\n<li><a href=\"https:\/\/wp.unil.ch\/monumentsvaudois\/2019\/11\/schmutz-nicod-bottiglieri-les-moulins-dorbe\/\"><strong>Catherine Schmutz Nicod &amp; Laura Bottiglieri<\/strong><\/a> : <em>Les moulins d\u2019Orbe. Du moulinet \u00e0 la minoterie industrielle<\/em><\/li>\n<\/ul>\n<h4><strong>Articles libres<\/strong><\/h4>\n<ul>\n<li><a href=\"https:\/\/wp.unil.ch\/monumentsvaudois\/2019\/11\/contesse-robbiani-letat-batisseur\/\"><strong>\u00c9loi Contesse &amp; Tamara Robbiani<\/strong><\/a> : <em>L\u2019\u00c9tat b\u00e2tisseur. Valorisation des dossiers de plans de l\u2019ancien Service des b\u00e2timents de l\u2019\u00c9tat de Vaud<\/em><\/li>\n<li><a href=\"https:\/\/wp.unil.ch\/monumentsvaudois\/2019\/11\/guillaume-curchod-transformations-et-restaurations-de-lancienne-academie\/\"><strong>Guillaume Curchod<\/strong><\/a> : <em>\u00ab Un tout homog\u00e8ne \u00bb. Les transformations et restaurations de l\u2019Ancienne Acad\u00e9mie, de la cure des professeurs et de la maison Curtat \u00e0 la Cit\u00e9<\/em><\/li>\n<li><a href=\"https:\/\/wp.unil.ch\/monumentsvaudois\/2019\/11\/roshanak-haddadi-lilot-fabre-a-lausanne\/\"><strong>Roshanak Haddadi<\/strong><\/a> : <em>Int\u00e9r\u00eat architectural et contextuel en jeu dans la conservation des tissus urbains non monumentaux. L\u2019exemple de l\u2019\u00eelot Fabre \u00e0 Lausanne<br \/>\n<\/em><\/li>\n<li><a href=\"https:\/\/wp.unil.ch\/monumentsvaudois\/2019\/10\/isabelle-roland-maison-des-tilleuls\/\"><strong>Isabelle Roland<\/strong><\/a> : Une \u0153uvre m\u00e9connue de Gabriel Delagrange. La maison de ma\u00eetre des Tilleuls \u00e0 Renens<\/li>\n<\/ul>\n<h4><strong>Ouverture<\/strong><\/h4>\n<ul>\n<li><a href=\"https:\/\/wp.unil.ch\/monumentsvaudois\/2019\/11\/adrien-noirjean-sur-les-traces-de-pierre-racine\/\"><strong>Adrien Noirjean<\/strong><\/a> : <em>Sur les traces de Pierre Racine, ing\u00e9nieur et architecte (v. 1665-1728). Compte rendu d\u2019une enqu\u00eate men\u00e9e du Jura au foss\u00e9 rh\u00e9nan<\/em><\/li>\n<\/ul>\n<h4><strong>Actualit\u00e9s du patrimoine<\/strong><\/h4>\n<ul>\n<li><a href=\"https:\/\/wp.unil.ch\/monumentsvaudois\/2019\/11\/derguti-tardin-schmutz-nicod-echallens-15\/\"><strong>Besjane D\u00ebrguti, Lucie Tardin, Catherine Schmutz Nicod<\/strong><\/a> : <em>L\u2019immeuble d\u2019habitation avenue d\u2019\u00c9challens 15 \u00e0 Lausanne construit en 1901 par l\u2019entrepreneur Charles Pache<\/em><\/li>\n<\/ul>\n<p>et d&rsquo;autres contributions de <strong>Dave L\u00fcthi <\/strong>et du <strong>comit\u00e9 de r\u00e9daction.<br \/>\n<\/strong><\/p>\n<p><a href=\"https:\/\/wp.unil.ch\/monumentsvaudois\/commander\/\">Commander la revue<\/a><\/p>\n<div class=\"page\" title=\"Page 1\">\n<div class=\"layoutArea\">\n<div class=\"column\"><\/div>\n<\/div>\n<\/div>\n","protected":false},"excerpt":{"rendered":"<p>Num\u00e9ro 9 Parution 26 novembre 2019 Orbe et autour Yves Dubois &amp; Laurent Auberson : De l\u2019aquarelle \u00e0 la pierre. L\u2019H\u00f4tel de Ville d\u2019Orbe dans tous ses \u00e9tats Luigi Napi : Montchoisi pr\u00e8s d\u2019Orbe. Un avatar du ch\u00e2teau imp\u00e9rial de<\/p>\n","protected":false},"author":1002009,"featured_media":2410,"parent":0,"menu_order":0,"comment_status":"closed","ping_status":"closed","template":"","meta":{"_seopress_robots_primary_cat":"","_seopress_titles_title":"","_seopress_titles_desc":"","_seopress_robots_index":"","footnotes":"","_links_to":"","_links_to_target":""},"class_list":["post-2409","page","type-page","status-publish","has-post-thumbnail"],"_links":{"self":[{"href":"https:\/\/wp.unil.ch\/monumentsvaudois\/wp-json\/wp\/v2\/pages\/2409","targetHints":{"allow":["GET"]}}],"collection":[{"href":"https:\/\/wp.unil.ch\/monumentsvaudois\/wp-json\/wp\/v2\/pages"}],"about":[{"href":"https:\/\/wp.unil.ch\/monumentsvaudois\/wp-json\/wp\/v2\/types\/page"}],"author":[{"embeddable":true,"href":"https:\/\/wp.unil.ch\/monumentsvaudois\/wp-json\/wp\/v2\/users\/1002009"}],"replies":[{"embeddable":true,"href":"https:\/\/wp.unil.ch\/monumentsvaudois\/wp-json\/wp\/v2\/comments?post=2409"}],"version-history":[{"count":1,"href":"https:\/\/wp.unil.ch\/monumentsvaudois\/wp-json\/wp\/v2\/pages\/2409\/revisions"}],"predecessor-version":[{"id":3033,"href":"https:\/\/wp.unil.ch\/monumentsvaudois\/wp-json\/wp\/v2\/pages\/2409\/revisions\/3033"}],"wp:featuredmedia":[{"embeddable":true,"href":"https:\/\/wp.unil.ch\/monumentsvaudois\/wp-json\/wp\/v2\/media\/2410"}],"wp:attachment":[{"href":"https:\/\/wp.unil.ch\/monumentsvaudois\/wp-json\/wp\/v2\/media?parent=2409"}],"curies":[{"name":"wp","href":"https:\/\/api.w.org\/{rel}","templated":true}]}}