{"id":2166,"date":"2017-09-22T13:11:21","date_gmt":"2017-09-22T11:11:21","guid":{"rendered":"http:\/\/wp.unil.ch\/monumentsvaudois\/?page_id=2166"},"modified":"2021-08-26T16:39:16","modified_gmt":"2021-08-26T14:39:16","slug":"mvd-7-2017-table-des-matieres","status":"publish","type":"page","link":"https:\/\/wp.unil.ch\/monumentsvaudois\/mvd-7-2017-table-des-matieres\/","title":{"rendered":"MVD 7-2017 (table des mati\u00e8res)"},"content":{"rendered":"<h5>Num\u00e9ro 7<br \/>\nParution fin octobre 2017<\/h5>\n<p><img alt=\"\" loading=\"lazy\" decoding=\"async\" class=\"alignnone size-medium wp-image-2155\" src=\"https:\/\/wp.unil.ch\/monumentsvaudois\/files\/2010\/03\/MVD7b-214x300.jpg\" alt=\"\" width=\"214\" height=\"300\" srcset=\"https:\/\/wp.unil.ch\/monumentsvaudois\/files\/2010\/03\/MVD7b-214x300.jpg 214w, https:\/\/wp.unil.ch\/monumentsvaudois\/files\/2010\/03\/MVD7b-768x1075.jpg 768w, https:\/\/wp.unil.ch\/monumentsvaudois\/files\/2010\/03\/MVD7b-731x1024.jpg 731w, https:\/\/wp.unil.ch\/monumentsvaudois\/files\/2010\/03\/MVD7b.jpg 857w\" sizes=\"auto, (max-width: 214px) 100vw, 214px\" \/><\/p>\n<p><strong>Histoires de restaurations<\/strong><\/p>\n<ul>\n<li><a href=\"https:\/\/wp.unil.ch\/monumentsvaudois\/2017\/09\/dave-luthi-pourquoi-etudier-les-restaurations-pour-une-histoire-de-la-pratique-de-la-conservation-du-patrimoine-dans-le-canton-de-vaud\/\"><strong>Dave L\u00fcthi<\/strong><\/a>: <em>Pourquoi \u00e9tudier les restaurations? Pour une histoire de la pratique de la conservation du patrimoine dans le canton de Vaud<\/em><\/li>\n<li><a href=\"https:\/\/wp.unil.ch\/monumentsvaudois\/2017\/09\/gilles-brodard-la-restauration-de-leglise-de-treytorrens-par-albert-naef-1898-1907\/\"><strong>Gilles Brodard<\/strong><\/a>: <em>La restauration de l&rsquo;\u00e9glise de Treytorrens par Albert Naef (1898-1907)<\/em><\/li>\n<li><a href=\"https:\/\/wp.unil.ch\/monumentsvaudois\/2017\/09\/guillaume-curchod-larchitecte-frederic-gilliard-et-le-temple-de-biere-enjeux-dune-restauration-des-annees-1940\/\"><strong>Guillaume Curchod<\/strong><\/a>: <em>L&rsquo;architecte Fr\u00e9d\u00e9ric Gilliard et le temple de Bi\u00e8re. Enjeux d&rsquo;une restauration des ann\u00e9es 1940<\/em><\/li>\n<li><a href=\"https:\/\/wp.unil.ch\/monumentsvaudois\/2017\/09\/anne-gaelle-neipp-claude-jaccottet-et-la-restauration-de-la-maison-de-lelysee-a-lausanne-1974-1980\/\"><strong>Anne-Ga\u00eblle Neipp<\/strong><\/a>: <em>Claude Jaccottet et la restauration de la maison de l&rsquo;\u00c9lys\u00e9e \u00e0 Lausanne (1974-1980)<\/em><\/li>\n<li><a href=\"https:\/\/wp.unil.ch\/monumentsvaudois\/2017\/09\/bernard-zumthor-de-minimis-curat-conservator-etiam-au-sujet-de-la-restauration-du-temple-de-crans-pres-celigny\/\"><strong>Bernard Zumthor<\/strong><\/a>: \u00ab\u00a0De minimis curat conservator etiam\u00a0\u00bb. <em>Au sujet de la restauration du temple de Crans-pr\u00e8s-C\u00e9ligny<\/em><\/li>\n<\/ul>\n<p><strong>Articles libres<\/strong><\/p>\n<ul>\n<li><a href=\"https:\/\/wp.unil.ch\/monumentsvaudois\/2017\/09\/camille-noverraz-marcel-poncet-1894-1953-et-le-vitrail-religieux-moderne\/\"><strong>Camille Noverraz<\/strong><\/a>: <em>Marcel Poncet (1894-1953) et le vitrail religieux moderne<\/em><\/li>\n<li><a href=\"https:\/\/wp.unil.ch\/monumentsvaudois\/2017\/09\/bruno-corthesy-bruno-santos-le-corbusier-a-lausanne-larchitecte-jacques-dumas-le-cas-dun-emule-corbuseen-le-centre-universitaire-catholique-la-chapelle-du-servan-et-lecole-du-riolet\/\"><strong>Bruno Corth\u00e9sy &amp; Bruno Santos<\/strong><\/a>: <em>Le Corbusier \u00e0 Lausanne. L&rsquo;architecte Jacques Dumas, le cas d&rsquo;un \u00e9mule corbus\u00e9en. Le Centre universitaire catholique, la chapelle du Servan et l&rsquo;\u00e9cole du Riolet \u00e0 Lausanne<br \/>\n<\/em><\/li>\n<\/ul>\n<p><strong>Ouverture<\/strong><\/p>\n<ul>\n<li><a href=\"https:\/\/wp.unil.ch\/monumentsvaudois\/2017\/09\/claire-piguet-charles-henri-matthey-1880-1956-un-nom-qui-restera-attache-a-la-restauration-de-nos-principaux-monuments-historiques\/\"><strong>Claire Piguet<\/strong><\/a>: <em>Charles-Henri Matthey (1880-1956). Un nom \u00ab\u00a0qui restera attach\u00e9 \u00e0 la restauration de nos principaux monuments historiques\u00a0\u00bb<\/em><\/li>\n<\/ul>\n<p><strong>Actualit\u00e9s du patrimoine<\/strong><\/p>\n<ul>\n<li><a href=\"https:\/\/wp.unil.ch\/monumentsvaudois\/2017\/09\/nicole-meystre-schaeren-carole-schaub-la-redecouverte-des-decors-en-faience-de-lancienne-boulangerie-kauert-au-white-horse-pub-de-montreux\/\"><strong>Nicole Meystre-Schaeren &amp; Carole Schaub<\/strong><\/a>: <em>La red\u00e9couverte des d\u00e9cors en fa\u00efence de l&rsquo;ancienne boulangerie Kauert au White Horse pub de Montreux<\/em><\/li>\n<li><a href=\"https:\/\/wp.unil.ch\/monumentsvaudois\/2017\/09\/martine-jaquet-quelques-jalons-a-propos-de-la-plateforme-de-sevelin\/\"><strong>Martine Jaquet<\/strong><\/a>: <em>Quelques jalons \u00e0 propos de la plateforme de S\u00e9velin<br \/>\n<\/em><\/li>\n<li>et d&rsquo;autres contributions de <strong>Paul Bissegger<\/strong>, de <strong>Dave L\u00fcthi (Enseignement Architecture &amp; Patrimoine)<\/strong> et du <strong>comit\u00e9 de l&rsquo;ARHAM<\/strong>.<\/li>\n<\/ul>\n<p><a href=\"https:\/\/wp.unil.ch\/monumentsvaudois\/commander\/\">Commander la revue<\/a><\/p>\n<p>&nbsp;<\/p>\n<p>&nbsp;<\/p>\n<p>&nbsp;<\/p>\n","protected":false},"excerpt":{"rendered":"<p>Num\u00e9ro 7 Parution fin octobre 2017 Histoires de restaurations Dave L\u00fcthi: Pourquoi \u00e9tudier les restaurations? Pour une histoire de la pratique de la conservation du patrimoine dans le canton de Vaud Gilles Brodard: La restauration de l&rsquo;\u00e9glise de Treytorrens par<\/p>\n","protected":false},"author":228,"featured_media":2155,"parent":0,"menu_order":0,"comment_status":"closed","ping_status":"closed","template":"","meta":{"_seopress_robots_primary_cat":"","_seopress_titles_title":"","_seopress_titles_desc":"","_seopress_robots_index":"","footnotes":"","_links_to":"","_links_to_target":""},"class_list":["post-2166","page","type-page","status-publish","has-post-thumbnail"],"_links":{"self":[{"href":"https:\/\/wp.unil.ch\/monumentsvaudois\/wp-json\/wp\/v2\/pages\/2166","targetHints":{"allow":["GET"]}}],"collection":[{"href":"https:\/\/wp.unil.ch\/monumentsvaudois\/wp-json\/wp\/v2\/pages"}],"about":[{"href":"https:\/\/wp.unil.ch\/monumentsvaudois\/wp-json\/wp\/v2\/types\/page"}],"author":[{"embeddable":true,"href":"https:\/\/wp.unil.ch\/monumentsvaudois\/wp-json\/wp\/v2\/users\/228"}],"replies":[{"embeddable":true,"href":"https:\/\/wp.unil.ch\/monumentsvaudois\/wp-json\/wp\/v2\/comments?post=2166"}],"version-history":[{"count":0,"href":"https:\/\/wp.unil.ch\/monumentsvaudois\/wp-json\/wp\/v2\/pages\/2166\/revisions"}],"wp:featuredmedia":[{"embeddable":true,"href":"https:\/\/wp.unil.ch\/monumentsvaudois\/wp-json\/wp\/v2\/media\/2155"}],"wp:attachment":[{"href":"https:\/\/wp.unil.ch\/monumentsvaudois\/wp-json\/wp\/v2\/media?parent=2166"}],"curies":[{"name":"wp","href":"https:\/\/api.w.org\/{rel}","templated":true}]}}

MVD 7-2017 (table des matières)

<h5>Numéro 7<br />
Parution fin octobre 2017</h5>
<p><img alt="" loading="lazy" decoding="async" class="alignnone size-medium wp-image-2155" src="https://wp.unil.ch/monumentsvaudois/files/2010/03/MVD7b-214x300.jpg" alt="" width="214" height="300" srcset="https://wp.unil.ch/monumentsvaudois/files/2010/03/MVD7b-214x300.jpg 214w, https://wp.unil.ch/monumentsvaudois/files/2010/03/MVD7b-768x1075.jpg 768w, https://wp.unil.ch/monumentsvaudois/files/2010/03/MVD7b-731x1024.jpg 731w, https://wp.unil.ch/monumentsvaudois/files/2010/03/MVD7b.jpg 857w" sizes="auto, (max-width: 214px) 100vw, 214px" /></p>
<p><strong>Histoires de restaurations</strong></p>
<ul>
<li><a href="https://wp.unil.ch/monumentsvaudois/2017/09/dave-luthi-pourquoi-etudier-les-restaurations-pour-une-histoire-de-la-pratique-de-la-conservation-du-patrimoine-dans-le-canton-de-vaud/"><strong>Dave Lüthi</strong></a>: <em>Pourquoi étudier les restaurations? Pour une histoire de la pratique de la conservation du patrimoine dans le canton de Vaud</em></li>
<li><a href="https://wp.unil.ch/monumentsvaudois/2017/09/gilles-brodard-la-restauration-de-leglise-de-treytorrens-par-albert-naef-1898-1907/"><strong>Gilles Brodard</strong></a>: <em>La restauration de l&rsquo;église de Treytorrens par Albert Naef (1898-1907)</em></li>
<li><a href="https://wp.unil.ch/monumentsvaudois/2017/09/guillaume-curchod-larchitecte-frederic-gilliard-et-le-temple-de-biere-enjeux-dune-restauration-des-annees-1940/"><strong>Guillaume Curchod</strong></a>: <em>L&rsquo;architecte Frédéric Gilliard et le temple de Bière. Enjeux d&rsquo;une restauration des années 1940</em></li>
<li><a href="https://wp.unil.ch/monumentsvaudois/2017/09/anne-gaelle-neipp-claude-jaccottet-et-la-restauration-de-la-maison-de-lelysee-a-lausanne-1974-1980/"><strong>Anne-Gaëlle Neipp</strong></a>: <em>Claude Jaccottet et la restauration de la maison de l&rsquo;Élysée à Lausanne (1974-1980)</em></li>
<li><a href="https://wp.unil.ch/monumentsvaudois/2017/09/bernard-zumthor-de-minimis-curat-conservator-etiam-au-sujet-de-la-restauration-du-temple-de-crans-pres-celigny/"><strong>Bernard Zumthor</strong></a>: « De minimis curat conservator etiam ». <em>Au sujet de la restauration du temple de Crans-près-Céligny</em></li>
</ul>
<p><strong>Articles libres</strong></p>
<ul>
<li><a href="https://wp.unil.ch/monumentsvaudois/2017/09/camille-noverraz-marcel-poncet-1894-1953-et-le-vitrail-religieux-moderne/"><strong>Camille Noverraz</strong></a>: <em>Marcel Poncet (1894-1953) et le vitrail religieux moderne</em></li>
<li><a href="https://wp.unil.ch/monumentsvaudois/2017/09/bruno-corthesy-bruno-santos-le-corbusier-a-lausanne-larchitecte-jacques-dumas-le-cas-dun-emule-corbuseen-le-centre-universitaire-catholique-la-chapelle-du-servan-et-lecole-du-riolet/"><strong>Bruno Corthésy &amp; Bruno Santos</strong></a>: <em>Le Corbusier à Lausanne. L&rsquo;architecte Jacques Dumas, le cas d&rsquo;un émule corbuséen. Le Centre universitaire catholique, la chapelle du Servan et l&rsquo;école du Riolet à Lausanne<br />
</em></li>
</ul>
<p><strong>Ouverture</strong></p>
<ul>
<li><a href="https://wp.unil.ch/monumentsvaudois/2017/09/claire-piguet-charles-henri-matthey-1880-1956-un-nom-qui-restera-attache-a-la-restauration-de-nos-principaux-monuments-historiques/"><strong>Claire Piguet</strong></a>: <em>Charles-Henri Matthey (1880-1956). Un nom « qui restera attaché à la restauration de nos principaux monuments historiques »</em></li>
</ul>
<p><strong>Actualités du patrimoine</strong></p>
<ul>
<li><a href="https://wp.unil.ch/monumentsvaudois/2017/09/nicole-meystre-schaeren-carole-schaub-la-redecouverte-des-decors-en-faience-de-lancienne-boulangerie-kauert-au-white-horse-pub-de-montreux/"><strong>Nicole Meystre-Schaeren &amp; Carole Schaub</strong></a>: <em>La redécouverte des décors en faïence de l&rsquo;ancienne boulangerie Kauert au White Horse pub de Montreux</em></li>
<li><a href="https://wp.unil.ch/monumentsvaudois/2017/09/martine-jaquet-quelques-jalons-a-propos-de-la-plateforme-de-sevelin/"><strong>Martine Jaquet</strong></a>: <em>Quelques jalons à propos de la plateforme de Sévelin<br />
</em></li>
<li>et d&rsquo;autres contributions de <strong>Paul Bissegger</strong>, de <strong>Dave Lüthi (Enseignement Architecture &amp; Patrimoine)</strong> et du <strong>comité de l&rsquo;ARHAM</strong>.</li>
</ul>
<p><a href="https://wp.unil.ch/monumentsvaudois/commander/">Commander la revue</a></p>
<p>&nbsp;</p>
<p>&nbsp;</p>
<p>&nbsp;</p>

<p>Numéro 7 Parution fin octobre 2017 Histoires de restaurations Dave Lüthi: Pourquoi étudier les restaurations? Pour une histoire de la pratique de la conservation du patrimoine dans le canton de Vaud Gilles Brodard: La restauration de l&rsquo;église de Treytorrens par</p>
