{"id":2073,"date":"2015-11-12T09:43:13","date_gmt":"2015-11-12T08:43:13","guid":{"rendered":"http:\/\/wp.unil.ch\/monumentsvaudois\/?page_id=2073"},"modified":"2021-08-26T16:38:44","modified_gmt":"2021-08-26T14:38:44","slug":"table-des-matieres-6-2015","status":"publish","type":"page","link":"https:\/\/wp.unil.ch\/monumentsvaudois\/table-des-matieres-6-2015\/","title":{"rendered":"MVD 6-2015 (table des mati\u00e8res)"},"content":{"rendered":"<h5>Num\u00e9ro 6<br \/>\nParution le 15 d\u00e9cembre 2015<\/h5>\n<p><a href=\"https:\/\/wp.unil.ch\/monumentsvaudois\/files\/2015\/11\/MVD6.jpg\"><img loading=\"lazy\" decoding=\"async\" class=\"size-medium wp-image-2123 alignnone\" src=\"https:\/\/wp.unil.ch\/monumentsvaudois\/files\/2015\/11\/MVD6-213x300.jpg\" alt=\"MVD6\" width=\"213\" height=\"300\" srcset=\"https:\/\/wp.unil.ch\/monumentsvaudois\/files\/2015\/11\/MVD6-213x300.jpg 213w, https:\/\/wp.unil.ch\/monumentsvaudois\/files\/2015\/11\/MVD6.jpg 568w\" sizes=\"auto, (max-width: 213px) 100vw, 213px\" \/><\/a><\/p>\n<p><strong>Vevey: charit\u00e9 et noblesse civique<\/strong><\/p>\n<ul>\n<li><strong><a href=\"https:\/\/wp.unil.ch\/monumentsvaudois\/2015\/11\/paul-bissegger-vevey-boucherie-hopital-tour-saint-jean-et-hotel-de-ville-ladministration-communale-dans-tous-ses-etats\/\">Paul Bissegger<\/a><\/strong>: <em>Vevey: boucherie, h\u00f4pital, tour Saint-Jean et h\u00f4tel de Ville. L&rsquo;administration communale dans tous ses \u00e9tats<br \/>\n<\/em><\/li>\n<\/ul>\n<p><strong>Articles libres<\/strong><\/p>\n<ul>\n<li><strong><a href=\"https:\/\/wp.unil.ch\/monumentsvaudois\/2015\/11\/eloi-contesse-detruire-un-temple-le-cas-de-peney-commune-de-vuiteboeuf-vd\/\">Eloi Contesse<\/a><\/strong>: <em>D\u00e9truire un temple. Le cas de Peney (commune de Vuiteboeuf, VD)<\/em><\/li>\n<li><strong><a href=\"https:\/\/wp.unil.ch\/monumentsvaudois\/2015\/11\/laura-bottiglieri-quand-la-forme-est-au-service-de-la-fonction-lecole-superieure-de-commerce-de-lausanne-1913-1915\/\">Laura Bottiglieri<\/a><\/strong>: <em>Quand la forme est au service de la fonction. L&rsquo;Ecole sup\u00e9rieure de commerce de Lausanne (1913-1915)<\/em><\/li>\n<li><a href=\"https:\/\/wp.unil.ch\/monumentsvaudois\/2015\/11\/nathalie-blancardi-avec-margot-daeppen-archives-de-verre-la-premiere-phototheque-dart-et-darcheologie-de-la-faculte-des-lettres-de-luniversite-de-lausanne-1900-1950\/\"><strong>Nathalie Blancardi<\/strong>, avec Margot Daeppen<\/a>: <em>Archives de verre. La premi\u00e8re phototh\u00e8que d&rsquo;art et d&rsquo;arch\u00e9ologie de la Facult\u00e9 des Lettres de l&rsquo;Universit\u00e9 de Lausanne (1900-1950)<\/em><\/li>\n<\/ul>\n<p><strong>Ouverture<\/strong><\/p>\n<ul>\n<li><strong><a href=\"https:\/\/wp.unil.ch\/monumentsvaudois\/2015\/11\/anne-gaelle-neipp-la-circulation-des-motifs-dans-loeuvre-de-gustave-de-beaumont-entre-modeles-medievaux-restaurations-et-creations\/\">Anne-Ga\u00eblle Neipp<\/a><\/strong>: <em>La circulation des motifs dans l&rsquo;oeuvre de Gustave de Beaumont. Entre mod\u00e8les m\u00e9di\u00e9vaux, restaurations et cr\u00e9ations<\/em><\/li>\n<\/ul>\n<p><strong>Actualit\u00e9s du patrimoine<\/strong><\/p>\n<ul>\n<li><a href=\"https:\/\/wp.unil.ch\/monumentsvaudois\/2015\/11\/recherches-recentes-sur-la-peinture-et-la-sculpture-medievales-en-pays-de-vaud\/\"><strong>Mona Bechaalany, Vanessa Diener, Lorena Ehrbar, Azul Joliat, Manon Samuel<\/strong>, sous la direction de <strong>Brigitte Pradervand<\/strong><\/a>: <em>Recherches r\u00e9centes sur la peinture et la sculpture m\u00e9di\u00e9vales en Pays de Vaud<\/em><\/li>\n<li><strong><a href=\"https:\/\/wp.unil.ch\/monumentsvaudois\/2015\/11\/paul-bissegger-wikipedia-une-vitrine-sous-utilisee-par-les-historiens-des-monuments\/\">Paul Bissegger<\/a><\/strong>: <em>Wikip\u00e9dia: une vitrine sous-utilis\u00e9e par les historiens des monuments!<\/em><\/li>\n<li><strong>Dave L\u00fcthi<\/strong>: <em>Chronique: Enseignement Architecture &amp; Patrimoine<\/em><\/li>\n<\/ul>\n<p><a href=\"https:\/\/wp.unil.ch\/monumentsvaudois\/?p=520\">Commander la revue<\/a><\/p>\n","protected":false},"excerpt":{"rendered":"<p>Num\u00e9ro 6 Parution le 15 d\u00e9cembre 2015 Vevey: charit\u00e9 et noblesse civique Paul Bissegger: Vevey: boucherie, h\u00f4pital, tour Saint-Jean et h\u00f4tel de Ville. L&rsquo;administration communale dans tous ses \u00e9tats Articles libres Eloi Contesse: D\u00e9truire un temple. Le cas de Peney<\/p>\n","protected":false},"author":228,"featured_media":0,"parent":0,"menu_order":0,"comment_status":"closed","ping_status":"closed","template":"","meta":{"_seopress_robots_primary_cat":"","_seopress_titles_title":"","_seopress_titles_desc":"","_seopress_robots_index":"","footnotes":"","_links_to":"","_links_to_target":""},"class_list":["post-2073","page","type-page","status-publish"],"_links":{"self":[{"href":"https:\/\/wp.unil.ch\/monumentsvaudois\/wp-json\/wp\/v2\/pages\/2073","targetHints":{"allow":["GET"]}}],"collection":[{"href":"https:\/\/wp.unil.ch\/monumentsvaudois\/wp-json\/wp\/v2\/pages"}],"about":[{"href":"https:\/\/wp.unil.ch\/monumentsvaudois\/wp-json\/wp\/v2\/types\/page"}],"author":[{"embeddable":true,"href":"https:\/\/wp.unil.ch\/monumentsvaudois\/wp-json\/wp\/v2\/users\/228"}],"replies":[{"embeddable":true,"href":"https:\/\/wp.unil.ch\/monumentsvaudois\/wp-json\/wp\/v2\/comments?post=2073"}],"version-history":[{"count":0,"href":"https:\/\/wp.unil.ch\/monumentsvaudois\/wp-json\/wp\/v2\/pages\/2073\/revisions"}],"wp:attachment":[{"href":"https:\/\/wp.unil.ch\/monumentsvaudois\/wp-json\/wp\/v2\/media?parent=2073"}],"curies":[{"name":"wp","href":"https:\/\/api.w.org\/{rel}","templated":true}]}}