{"id":1956,"date":"2014-09-14T10:32:30","date_gmt":"2014-09-14T08:32:30","guid":{"rendered":"http:\/\/wp.unil.ch\/monumentsvaudois\/?page_id=1956"},"modified":"2021-08-26T16:37:50","modified_gmt":"2021-08-26T14:37:50","slug":"mvd-5-2014-table-des-matieres","status":"publish","type":"page","link":"https:\/\/wp.unil.ch\/monumentsvaudois\/mvd-5-2014-table-des-matieres\/","title":{"rendered":"MVD 5-2014 (table des mati\u00e8res)"},"content":{"rendered":"<h5>Num\u00e9ro 5<br \/>\nParution le 15 novembre 2014<\/h5>\n<p><a href=\"https:\/\/wp.unil.ch\/monumentsvaudois\/files\/2014\/09\/cover5.jpg\"><img loading=\"lazy\" decoding=\"async\" class=\"size-medium wp-image-1965 alignnone\" src=\"https:\/\/wp.unil.ch\/monumentsvaudois\/files\/2014\/09\/cover5-212x300.jpg\" alt=\"cover5\" width=\"212\" height=\"300\" srcset=\"https:\/\/wp.unil.ch\/monumentsvaudois\/files\/2014\/09\/cover5-212x300.jpg 212w, https:\/\/wp.unil.ch\/monumentsvaudois\/files\/2014\/09\/cover5.jpg 457w\" sizes=\"auto, (max-width: 212px) 100vw, 212px\" \/><\/a><\/p>\n<p><strong>Dossier: La belle \u00e9poque de l&rsquo;architecture<\/strong><\/p>\n<ul>\n<li><a href=\"https:\/\/wp.unil.ch\/monumentsvaudois\/?p=1998\"><strong>Carole Schaub<\/strong><\/a>: <em>L&rsquo;architecture h\u00f4teli\u00e8re comme m\u00e9dia promotionnel: Montreux \u00e0 la Belle Epoque.<\/em><\/li>\n<li><a href=\"https:\/\/wp.unil.ch\/monumentsvaudois\/?p=1996\"><strong>Cl\u00e9ment Grandjean<\/strong><\/a>: <em>R\u00e9seaux sociaux et m\u00e9tier d&rsquo;architecte. Louis Villard (1856-1937), b\u00e2tisseur de l&rsquo;avenue des Alpes \u00e0 Montreux.<br \/>\n<\/em><\/li>\n<li><a href=\"https:\/\/wp.unil.ch\/monumentsvaudois\/?p=1994\"><strong>Bruno Corth\u00e9sy &amp; Mathias Glaus<\/strong><\/a>: <em>L&rsquo;illusion de la coh\u00e9rence urbaine. L&rsquo;ensemble Terreaux-Mauborget \u00e0 Lausanne.<br \/>\n<\/em><\/li>\n<\/ul>\n<p><strong>Articles libres<\/strong><\/p>\n<ul>\n<li><a href=\"https:\/\/wp.unil.ch\/monumentsvaudois\/?p=1992\"><strong>Aline Jeandrevin<\/strong><\/a>: <em>Au ch\u00e2teau de La Sarraz: d\u00e9tour par l&rsquo;argenterie des XVIIIe et XIXe si\u00e8cles.<\/em><\/li>\n<li><a href=\"https:\/\/wp.unil.ch\/monumentsvaudois\/?p=1990\"><strong>H\u00e9l\u00e8ne Rappaz<\/strong><\/a>:<em> <em>Un acteur m\u00e9connu du paysage lausannois. Andr\u00e9-F. Desarzens (1914-1996).<\/em><\/em><\/li>\n<li><a href=\"https:\/\/wp.unil.ch\/monumentsvaudois\/?p=1988\"><strong>Alessandra Panigada<\/strong><\/a>:<em> <em>Du bl\u00e9 au vin. Br\u00e8ve histoire du site des Moulins de Rivaz \u00e0 Lausanne.<\/em><\/em><\/li>\n<\/ul>\n<p><strong>Ouverture<\/strong><\/p>\n<ul>\n<li><a href=\"https:\/\/wp.unil.ch\/monumentsvaudois\/?p=1986\"><strong>Denis Decrausaz<\/strong><\/a>: <em><em><em><em>Kuder &amp; M\u00fcller, architecte \u00e0 Strasbourg et Zurich au tournant du XXe si\u00e8cle<\/em><\/em><br \/>\n<\/em><\/em><\/li>\n<\/ul>\n<p><strong>Actualit\u00e9s du patrimoine<\/strong><\/p>\n<ul>\n<li><strong>Martine Jaquet<\/strong>: <em>Edicules sous les projecteurs.<\/em><\/li>\n<li><strong>Carl Magnusson<\/strong>:<em> Le mobilier: d\u00e9finition, classification, histoire.<\/em><\/li>\n<li><strong>Dave L\u00fcthi<\/strong>: <em>Enseignement Architecture &amp; Patrimoine.<\/em><\/li>\n<\/ul>\n<p><a href=\"https:\/\/wp.unil.ch\/monumentsvaudois\/commander\/\">Commander la revue<\/a><\/p>\n","protected":false},"excerpt":{"rendered":"<p>Num\u00e9ro 5 Parution le 15 novembre 2014 Dossier: La belle \u00e9poque de l&rsquo;architecture Carole Schaub: L&rsquo;architecture h\u00f4teli\u00e8re comme m\u00e9dia promotionnel: Montreux \u00e0 la Belle Epoque. Cl\u00e9ment Grandjean: R\u00e9seaux sociaux et m\u00e9tier d&rsquo;architecte. Louis Villard (1856-1937), b\u00e2tisseur de l&rsquo;avenue des Alpes<\/p>\n","protected":false},"author":228,"featured_media":0,"parent":0,"menu_order":0,"comment_status":"closed","ping_status":"closed","template":"","meta":{"_seopress_robots_primary_cat":"","_seopress_titles_title":"","_seopress_titles_desc":"","_seopress_robots_index":"","footnotes":"","_links_to":"","_links_to_target":""},"class_list":["post-1956","page","type-page","status-publish"],"_links":{"self":[{"href":"https:\/\/wp.unil.ch\/monumentsvaudois\/wp-json\/wp\/v2\/pages\/1956","targetHints":{"allow":["GET"]}}],"collection":[{"href":"https:\/\/wp.unil.ch\/monumentsvaudois\/wp-json\/wp\/v2\/pages"}],"about":[{"href":"https:\/\/wp.unil.ch\/monumentsvaudois\/wp-json\/wp\/v2\/types\/page"}],"author":[{"embeddable":true,"href":"https:\/\/wp.unil.ch\/monumentsvaudois\/wp-json\/wp\/v2\/users\/228"}],"replies":[{"embeddable":true,"href":"https:\/\/wp.unil.ch\/monumentsvaudois\/wp-json\/wp\/v2\/comments?post=1956"}],"version-history":[{"count":0,"href":"https:\/\/wp.unil.ch\/monumentsvaudois\/wp-json\/wp\/v2\/pages\/1956\/revisions"}],"wp:attachment":[{"href":"https:\/\/wp.unil.ch\/monumentsvaudois\/wp-json\/wp\/v2\/media?parent=1956"}],"curies":[{"name":"wp","href":"https:\/\/api.w.org\/{rel}","templated":true}]}}