{"id":1932,"date":"2013-09-28T15:21:21","date_gmt":"2013-09-28T13:21:21","guid":{"rendered":"http:\/\/wp.unil.ch\/monumentsvaudois\/?page_id=1932"},"modified":"2021-08-26T16:37:21","modified_gmt":"2021-08-26T14:37:21","slug":"mvd-4-2013-table-des-matieres","status":"publish","type":"page","link":"https:\/\/wp.unil.ch\/monumentsvaudois\/mvd-4-2013-table-des-matieres\/","title":{"rendered":"MVD 4-2013 (table des mati\u00e8res)"},"content":{"rendered":"<h5>Num\u00e9ro 4<br \/>\nParution le 15 novembre 2013<em><br \/>\n<\/em><\/h5>\n<p><img loading=\"lazy\" decoding=\"async\" class=\"alignnone\" src=\"https:\/\/wp.unil.ch\/monumentsvaudois\/files\/2013\/09\/MVD-couv-210x300.jpg\" alt=\"MVD-couv\" width=\"210\" height=\"300\"><\/p>\n<p><strong>Dossier: Portraits de famille<\/strong><\/p>\n<ul>\n<li><a href=\"https:\/\/wp.unil.ch\/monumentsvaudois\/2013\/09\/beatrice-lovis-eric-j-favre-bulle-les-boiseries-peintes-du-chateau-de-mezery-le-recit-image-dune-vie-de-seigneur-dans-le-pays-de-vaud-vers-1760\/\"><strong>B\u00e9atrice Lovis <\/strong>(avec une contribution d&rsquo;<strong>Eric J. Favre-Bulle<\/strong>)<\/a>: <em>Les boiseries peintes du ch\u00e2teau de M\u00e9zery. Le r\u00e9cit imag\u00e9 d&rsquo;une vie de seigneur dans le Pays de Vaud vers 1760.<\/em><\/li>\n<li><a href=\"https:\/\/wp.unil.ch\/monumentsvaudois\/2013\/09\/claire-huguenin-portraits-en-facade-la-reconstruction-du-portail-montfalcon-a-la-cathedrale-de-lausanne-1892-1900\/\"><strong>Claire Huguenin<\/strong><\/a>: <em>Portraits en fa\u00e7ade. La reconstruction du portail Montfalcon \u00e0 la cath\u00e9drale de Lausanne (1892-1900).<\/em><\/li>\n<li><a href=\"https:\/\/wp.unil.ch\/monumentsvaudois\/2013\/09\/paul-bissegger-en-marge-des-portraits-de-gabriel-delagrange-1715-1794-et-de-son-epouse-oeuvres-du-peintre-genevois-jean-francois-guillibaud-une-famille-de-refugies-huguenots\/\"><strong>Paul Bissegger<\/strong><\/a>: <em>En marge des portraits de Gabriel Delagrange (1715-1794) et de son \u00e9pouse, oeuvres du peintre genevois Jean-Fran\u00e7ois Guillibaud: une famille de r\u00e9fugi\u00e9s huguenots.<\/em><\/li>\n<li><a href=\"https:\/\/wp.unil.ch\/monumentsvaudois\/2013\/09\/denis-decrausaz-les-portraits-des-gingins-par-pierre-guillibaud-ou-les-desirs-de-paraitre-dune-famille-patricienne\/\"><strong>Denis Decrausaz<\/strong><\/a>: <em>Les portraits des Gingins par Pierre Guillibaud, ou Les d\u00e9sirs de para\u00eetre d&rsquo;une famille patricienne.<\/em><\/li>\n<\/ul>\n<p><strong>Articles libres:<\/strong><\/p>\n<ul>\n<li><a href=\"https:\/\/wp.unil.ch\/monumentsvaudois\/?p=1878\"><strong>Laurent Chenu<\/strong><\/a>: <em>Rupture et permanence. La transformation du temple de Saint-Luc \u00e0 Lausanne.<\/em><\/li>\n<li><a href=\"https:\/\/wp.unil.ch\/monumentsvaudois\/2013\/09\/gaetan-cassina-le-blason-inedit-dantoine-cosson-vers-1454-coup-de-projecteur-sur-la-chapelle-saint-sebastien-de-leglise-dagiez\/\"><strong>Ga\u00ebtan Cassina<\/strong><\/a>:<em> Le blason in\u00e9dit d&rsquo;Antoine Cosson (vers 1454). Coup de projecteur sur la chapelle Saint-S\u00e9bastien de l&rsquo;\u00e9glise d&rsquo;Agiez.<\/em><\/li>\n<li><a href=\"https:\/\/wp.unil.ch\/monumentsvaudois\/2013\/09\/dave-luthi-lecole-usine-lecole-des-metiers-de-lausanne-chronique-dune-tres-lente-gestation\/\"><strong>Dave L\u00fcthi<\/strong><\/a>: <em>L&rsquo;\u00e9cole-usine. L&rsquo;\u00e9cole des m\u00e9tiers de Lausanne: chronique d&rsquo;une (tr\u00e8s) lente gestation.<\/em><\/li>\n<\/ul>\n<p><strong>Ouverture:<\/strong><\/p>\n<ul>\n<li><a href=\"https:\/\/wp.unil.ch\/monumentsvaudois\/2013\/09\/laura-bottiglieri-la-maison-de-kalbermatten-dite-la-prefecture-a-sion\/\"><strong>Laura Bottiglieri<\/strong><\/a>: <em>La maison de Kalbermatten, dite \u00ab\u00a0la Pr\u00e9fecture\u00a0\u00bb \u00e0 Sion.<\/em><\/li>\n<\/ul>\n<p><strong>Actualit\u00e9s du patrimoine:<\/strong><\/p>\n<ul>\n<li><a href=\"https:\/\/wp.unil.ch\/monumentsvaudois\/2013\/09\/martine-jaquet-en-haut-ou-en-bas-stades-lausannois-et-ambitions-olympiques\/\"><strong>Martine Jaquet<\/strong><\/a>: <em>En haut ou en bas. Stades lausannois et ambitions olympiques.<\/em><\/li>\n<li><a href=\"https:\/\/wp.unil.ch\/monumentsvaudois\/2013\/09\/monique-fontannaz-anna-pedrucci-chateau-de-coppet-histoire-et-archeologie-un-etat-des-connaissances\/\"><strong>Monique Fontannaz &amp; Anna Pedrucci<\/strong><\/a>: <em>Ch\u00e2teau de Coppet. Histoire et arch\u00e9ologie. Etat des connaissances.<\/em><\/li>\n<li><strong>Dave L\u00fcthi:<\/strong> <em>Enseignement Architecture &amp; Patrimoine: projets en cours et \u00e0 venir.<\/em><\/li>\n<\/ul>\n<p><a href=\"https:\/\/wp.unil.ch\/monumentsvaudois\/commander\/\">Commander la revue <\/a><\/p>\n<p><em>&nbsp;<\/em><\/p>\n","protected":false},"excerpt":{"rendered":"<p>Num\u00e9ro 4 Parution le 15 novembre 2013 Dossier: Portraits de famille B\u00e9atrice Lovis (avec une contribution d&rsquo;Eric J. Favre-Bulle): Les boiseries peintes du ch\u00e2teau de M\u00e9zery. Le r\u00e9cit imag\u00e9 d&rsquo;une vie de seigneur dans le Pays de Vaud vers 1760.<\/p>\n","protected":false},"author":228,"featured_media":0,"parent":0,"menu_order":0,"comment_status":"closed","ping_status":"closed","template":"","meta":{"_seopress_robots_primary_cat":"","_seopress_titles_title":"","_seopress_titles_desc":"","_seopress_robots_index":"","footnotes":"","_links_to":"","_links_to_target":""},"class_list":["post-1932","page","type-page","status-publish"],"_links":{"self":[{"href":"https:\/\/wp.unil.ch\/monumentsvaudois\/wp-json\/wp\/v2\/pages\/1932","targetHints":{"allow":["GET"]}}],"collection":[{"href":"https:\/\/wp.unil.ch\/monumentsvaudois\/wp-json\/wp\/v2\/pages"}],"about":[{"href":"https:\/\/wp.unil.ch\/monumentsvaudois\/wp-json\/wp\/v2\/types\/page"}],"author":[{"embeddable":true,"href":"https:\/\/wp.unil.ch\/monumentsvaudois\/wp-json\/wp\/v2\/users\/228"}],"replies":[{"embeddable":true,"href":"https:\/\/wp.unil.ch\/monumentsvaudois\/wp-json\/wp\/v2\/comments?post=1932"}],"version-history":[{"count":0,"href":"https:\/\/wp.unil.ch\/monumentsvaudois\/wp-json\/wp\/v2\/pages\/1932\/revisions"}],"wp:attachment":[{"href":"https:\/\/wp.unil.ch\/monumentsvaudois\/wp-json\/wp\/v2\/media?parent=1932"}],"curies":[{"name":"wp","href":"https:\/\/api.w.org\/{rel}","templated":true}]}}

MVD 4-2013 (table des matières)

<h5>Numéro 4<br />
Parution le 15 novembre 2013<em><br />
</em></h5>
<p><img loading="lazy" decoding="async" class="alignnone" src="https://wp.unil.ch/monumentsvaudois/files/2013/09/MVD-couv-210x300.jpg" alt="MVD-couv" width="210" height="300"></p>
<p><strong>Dossier: Portraits de famille</strong></p>
<ul>
<li><a href="https://wp.unil.ch/monumentsvaudois/2013/09/beatrice-lovis-eric-j-favre-bulle-les-boiseries-peintes-du-chateau-de-mezery-le-recit-image-dune-vie-de-seigneur-dans-le-pays-de-vaud-vers-1760/"><strong>Béatrice Lovis </strong>(avec une contribution d&rsquo;<strong>Eric J. Favre-Bulle</strong>)</a>: <em>Les boiseries peintes du château de Mézery. Le récit imagé d&rsquo;une vie de seigneur dans le Pays de Vaud vers 1760.</em></li>
<li><a href="https://wp.unil.ch/monumentsvaudois/2013/09/claire-huguenin-portraits-en-facade-la-reconstruction-du-portail-montfalcon-a-la-cathedrale-de-lausanne-1892-1900/"><strong>Claire Huguenin</strong></a>: <em>Portraits en façade. La reconstruction du portail Montfalcon à la cathédrale de Lausanne (1892-1900).</em></li>
<li><a href="https://wp.unil.ch/monumentsvaudois/2013/09/paul-bissegger-en-marge-des-portraits-de-gabriel-delagrange-1715-1794-et-de-son-epouse-oeuvres-du-peintre-genevois-jean-francois-guillibaud-une-famille-de-refugies-huguenots/"><strong>Paul Bissegger</strong></a>: <em>En marge des portraits de Gabriel Delagrange (1715-1794) et de son épouse, oeuvres du peintre genevois Jean-François Guillibaud: une famille de réfugiés huguenots.</em></li>
<li><a href="https://wp.unil.ch/monumentsvaudois/2013/09/denis-decrausaz-les-portraits-des-gingins-par-pierre-guillibaud-ou-les-desirs-de-paraitre-dune-famille-patricienne/"><strong>Denis Decrausaz</strong></a>: <em>Les portraits des Gingins par Pierre Guillibaud, ou Les désirs de paraître d&rsquo;une famille patricienne.</em></li>
</ul>
<p><strong>Articles libres:</strong></p>
<ul>
<li><a href="https://wp.unil.ch/monumentsvaudois/?p=1878"><strong>Laurent Chenu</strong></a>: <em>Rupture et permanence. La transformation du temple de Saint-Luc à Lausanne.</em></li>
<li><a href="https://wp.unil.ch/monumentsvaudois/2013/09/gaetan-cassina-le-blason-inedit-dantoine-cosson-vers-1454-coup-de-projecteur-sur-la-chapelle-saint-sebastien-de-leglise-dagiez/"><strong>Gaëtan Cassina</strong></a>:<em> Le blason inédit d&rsquo;Antoine Cosson (vers 1454). Coup de projecteur sur la chapelle Saint-Sébastien de l&rsquo;église d&rsquo;Agiez.</em></li>
<li><a href="https://wp.unil.ch/monumentsvaudois/2013/09/dave-luthi-lecole-usine-lecole-des-metiers-de-lausanne-chronique-dune-tres-lente-gestation/"><strong>Dave Lüthi</strong></a>: <em>L&rsquo;école-usine. L&rsquo;école des métiers de Lausanne: chronique d&rsquo;une (très) lente gestation.</em></li>
</ul>
<p><strong>Ouverture:</strong></p>
<ul>
<li><a href="https://wp.unil.ch/monumentsvaudois/2013/09/laura-bottiglieri-la-maison-de-kalbermatten-dite-la-prefecture-a-sion/"><strong>Laura Bottiglieri</strong></a>: <em>La maison de Kalbermatten, dite « la Préfecture » à Sion.</em></li>
</ul>
<p><strong>Actualités du patrimoine:</strong></p>
<ul>
<li><a href="https://wp.unil.ch/monumentsvaudois/2013/09/martine-jaquet-en-haut-ou-en-bas-stades-lausannois-et-ambitions-olympiques/"><strong>Martine Jaquet</strong></a>: <em>En haut ou en bas. Stades lausannois et ambitions olympiques.</em></li>
<li><a href="https://wp.unil.ch/monumentsvaudois/2013/09/monique-fontannaz-anna-pedrucci-chateau-de-coppet-histoire-et-archeologie-un-etat-des-connaissances/"><strong>Monique Fontannaz &amp; Anna Pedrucci</strong></a>: <em>Château de Coppet. Histoire et archéologie. Etat des connaissances.</em></li>
<li><strong>Dave Lüthi:</strong> <em>Enseignement Architecture &amp; Patrimoine: projets en cours et à venir.</em></li>
</ul>
<p><a href="https://wp.unil.ch/monumentsvaudois/commander/">Commander la revue </a></p>
<p><em>&nbsp;</em></p>

<p>Numéro 4 Parution le 15 novembre 2013 Dossier: Portraits de famille Béatrice Lovis (avec une contribution d&rsquo;Eric J. Favre-Bulle): Les boiseries peintes du château de Mézery. Le récit imagé d&rsquo;une vie de seigneur dans le Pays de Vaud vers 1760.</p>
