{"id":334,"date":"2017-08-09T12:26:39","date_gmt":"2017-08-09T10:26:39","guid":{"rendered":"http:\/\/wp.unil.ch\/mitrilab\/?page_id=334"},"modified":"2025-12-09T09:12:05","modified_gmt":"2025-12-09T08:12:05","slug":"group-members","status":"publish","type":"page","link":"https:\/\/wp.unil.ch\/mitrilab\/group-members\/","title":{"rendered":"Group members"},"content":{"rendered":"<div class=\"wp-block-image is-resized\">\n<figure class=\"aligncenter size-large\"><a href=\"https:\/\/wp.unil.ch\/mitrilab\/files\/2025\/12\/sara-mitri.jpg\"><img loading=\"lazy\" decoding=\"async\" width=\"1200\" height=\"1200\" src=\"https:\/\/wp.unil.ch\/mitrilab\/files\/2025\/12\/sara-mitri.jpg\" alt=\"Sara\" class=\"wp-image-756\" style=\"width:156px;height:auto\" \/><\/a><figcaption class=\"wp-element-caption\">Sara Mitri (Principal investigator) <\/figcaption><\/figure>\n<\/div>\n\n<div class=\"wp-block-image is-resized\">\n<figure class=\"aligncenter\"><a href=\"https:\/\/wp.unil.ch\/mitrilab\/files\/2019\/06\/IMG_20190510_191553-e1710953372600.jpg\"><img alt=\"\" loading=\"lazy\" decoding=\"async\" width=\"300\" height=\"300\" src=\"https:\/\/wp.unil.ch\/mitrilab\/files\/2019\/06\/IMG_20190510_191553-300x300.jpg\" alt=\"\" class=\"wp-image-436\" style=\"width:158px;height:auto\" \/><\/a><figcaption class=\"wp-element-caption\">Samuele Testa (staff scientist)<\/figcaption><\/figure>\n<\/div>\n\n<div class=\"wp-block-image is-resized\">\n<figure class=\"aligncenter size-medium\"><img alt=\"\" loading=\"lazy\" decoding=\"async\" width=\"300\" height=\"300\" src=\"https:\/\/wp.unil.ch\/mitrilab\/files\/2021\/10\/eric_ulrich_picture-e1634025189882-300x300.jpg\" alt=\"\" class=\"wp-image-511\" style=\"width:174px;height:auto\" srcset=\"https:\/\/wp.unil.ch\/mitrilab\/files\/2021\/10\/eric_ulrich_picture-e1634025189882-300x300.jpg 300w, https:\/\/wp.unil.ch\/mitrilab\/files\/2021\/10\/eric_ulrich_picture-e1634025189882-150x150.jpg 150w, https:\/\/wp.unil.ch\/mitrilab\/files\/2021\/10\/eric_ulrich_picture-e1634025189882-768x768.jpg 768w, https:\/\/wp.unil.ch\/mitrilab\/files\/2021\/10\/eric_ulrich_picture-e1634025189882-230x230.jpg 230w, https:\/\/wp.unil.ch\/mitrilab\/files\/2021\/10\/eric_ulrich_picture-e1634025189882-365x365.jpg 365w, https:\/\/wp.unil.ch\/mitrilab\/files\/2021\/10\/eric_ulrich_picture-e1634025189882.jpg 801w\" sizes=\"auto, (max-width: 300px) 100vw, 300px\" \/><figcaption class=\"wp-element-caption\">Eric Ulrich (PhD student)<\/figcaption><\/figure>\n<\/div>\n\n<div class=\"wp-block-image is-resized\">\n<figure class=\"aligncenter size-medium\"><a href=\"https:\/\/wp.unil.ch\/mitrilab\/files\/2021\/11\/Afra_Lab.001.jpeg\"><img alt=\"\" loading=\"lazy\" decoding=\"async\" width=\"300\" height=\"300\" src=\"https:\/\/wp.unil.ch\/mitrilab\/files\/2021\/11\/Afra_Lab.001-300x300.jpeg\" alt=\"\" class=\"wp-image-528\" style=\"width:180px;height:auto\" srcset=\"https:\/\/wp.unil.ch\/mitrilab\/files\/2021\/11\/Afra_Lab.001-300x300.jpeg 300w, https:\/\/wp.unil.ch\/mitrilab\/files\/2021\/11\/Afra_Lab.001-1024x1024.jpeg 1024w, https:\/\/wp.unil.ch\/mitrilab\/files\/2021\/11\/Afra_Lab.001-150x150.jpeg 150w, https:\/\/wp.unil.ch\/mitrilab\/files\/2021\/11\/Afra_Lab.001-768x768.jpeg 768w, https:\/\/wp.unil.ch\/mitrilab\/files\/2021\/11\/Afra_Lab.001-230x230.jpeg 230w, https:\/\/wp.unil.ch\/mitrilab\/files\/2021\/11\/Afra_Lab.001-365x365.jpeg 365w, https:\/\/wp.unil.ch\/mitrilab\/files\/2021\/11\/Afra_Lab.001.jpeg 1200w\" sizes=\"auto, (max-width: 300px) 100vw, 300px\" \/><\/a><figcaption class=\"wp-element-caption\">Afra Salazar (PhD student)<\/figcaption><\/figure>\n<\/div>\n\n<div class=\"wp-block-image is-resized\">\n<figure class=\"aligncenter size-medium\"><a href=\"https:\/\/wp.unil.ch\/mitrilab\/files\/2022\/09\/clement-e1662622540982.jpg\"><img alt=\"\" loading=\"lazy\" decoding=\"async\" width=\"300\" height=\"300\" src=\"https:\/\/wp.unil.ch\/mitrilab\/files\/2022\/09\/clement-e1662622540982-300x300.jpg\" alt=\"\" class=\"wp-image-555\" style=\"width:206px;height:auto\" srcset=\"https:\/\/wp.unil.ch\/mitrilab\/files\/2022\/09\/clement-e1662622540982-300x300.jpg 300w, https:\/\/wp.unil.ch\/mitrilab\/files\/2022\/09\/clement-e1662622540982-150x150.jpg 150w, https:\/\/wp.unil.ch\/mitrilab\/files\/2022\/09\/clement-e1662622540982-768x768.jpg 768w, https:\/\/wp.unil.ch\/mitrilab\/files\/2022\/09\/clement-e1662622540982-230x230.jpg 230w, https:\/\/wp.unil.ch\/mitrilab\/files\/2022\/09\/clement-e1662622540982-365x365.jpg 365w, https:\/\/wp.unil.ch\/mitrilab\/files\/2022\/09\/clement-e1662622540982.jpg 849w\" sizes=\"auto, (max-width: 300px) 100vw, 300px\" \/><\/a><figcaption class=\"wp-element-caption\">Cl\u00e9ment Vulin (staff scientist)<\/figcaption><\/figure>\n<\/div>\n\n<div class=\"wp-block-image is-resized\">\n<figure class=\"aligncenter size-full\"><a href=\"https:\/\/wp.unil.ch\/mitrilab\/files\/2022\/12\/Massimo_amicone_2021.jpeg\"><img alt=\"\" decoding=\"async\" src=\"https:\/\/wp.unil.ch\/mitrilab\/files\/2022\/12\/Massimo_amicone_2021-edited.jpeg\" alt=\"\" class=\"wp-image-574\" style=\"width:203px;height:auto\" \/><\/a><figcaption class=\"wp-element-caption\">Massimo Amicone (postdoc)<\/figcaption><\/figure>\n<\/div>\n\n<div class=\"wp-block-image is-resized\">\n<figure class=\"aligncenter size-large\"><a href=\"https:\/\/wp.unil.ch\/mitrilab\/files\/2023\/01\/snorre_sulheim.jpg\"><img alt=\"\" decoding=\"async\" src=\"https:\/\/wp.unil.ch\/mitrilab\/files\/2023\/01\/snorre_sulheim-edited.jpg\" alt=\"\" class=\"wp-image-584\" style=\"width:212px;height:auto\" \/><\/a><figcaption class=\"wp-element-caption\">Snorre Sulheim (postdoc)<\/figcaption><\/figure>\n<\/div>\n\n<div class=\"wp-block-image is-resized\">\n<figure class=\"aligncenter size-large\"><a href=\"https:\/\/wp.unil.ch\/mitrilab\/files\/2023\/01\/maggie_vogel.jpg\"><img alt=\"\" loading=\"lazy\" decoding=\"async\" width=\"751\" height=\"751\" src=\"https:\/\/wp.unil.ch\/mitrilab\/files\/2023\/01\/maggie_vogel-edited.jpg\" alt=\"\" class=\"wp-image-587\" style=\"width:221px;height:auto\" srcset=\"https:\/\/wp.unil.ch\/mitrilab\/files\/2023\/01\/maggie_vogel-edited.jpg 751w, https:\/\/wp.unil.ch\/mitrilab\/files\/2023\/01\/maggie_vogel-edited-300x300.jpg 300w, https:\/\/wp.unil.ch\/mitrilab\/files\/2023\/01\/maggie_vogel-edited-150x150.jpg 150w, https:\/\/wp.unil.ch\/mitrilab\/files\/2023\/01\/maggie_vogel-edited-230x230.jpg 230w, https:\/\/wp.unil.ch\/mitrilab\/files\/2023\/01\/maggie_vogel-edited-365x365.jpg 365w\" sizes=\"auto, (max-width: 751px) 100vw, 751px\" \/><\/a><figcaption class=\"wp-element-caption\">Margaret Vogel (postdoc)<\/figcaption><\/figure>\n<\/div>\n\n<div class=\"wp-block-image is-resized\">\n<figure class=\"aligncenter size-medium\"><a href=\"https:\/\/wp.unil.ch\/mitrilab\/files\/2023\/01\/Alessia.jpg\"><img alt=\"\" loading=\"lazy\" decoding=\"async\" width=\"289\" height=\"300\" src=\"https:\/\/wp.unil.ch\/mitrilab\/files\/2023\/01\/Alessia-289x300.jpg\" alt=\"\" class=\"wp-image-592\" style=\"width:223px;height:auto\" srcset=\"https:\/\/wp.unil.ch\/mitrilab\/files\/2023\/01\/Alessia-289x300.jpg 289w, https:\/\/wp.unil.ch\/mitrilab\/files\/2023\/01\/Alessia-987x1024.jpg 987w, https:\/\/wp.unil.ch\/mitrilab\/files\/2023\/01\/Alessia-768x797.jpg 768w, https:\/\/wp.unil.ch\/mitrilab\/files\/2023\/01\/Alessia.jpg 1006w\" sizes=\"auto, (max-width: 289px) 100vw, 289px\" \/><\/a><figcaption class=\"wp-element-caption\">Alessia Del Panta (PhD student, also in <a href=\"https:\/\/vanvlietlab.ch\/\">Simon van Vliet&#8217;s lab<\/a>)<\/figcaption><\/figure>\n<\/div>\n\n<div class=\"wp-block-image is-resized\">\n<figure class=\"aligncenter size-full\"><a href=\"https:\/\/wp.unil.ch\/mitrilab\/files\/2023\/05\/20230519_181457.jpg\"><img alt=\"\" decoding=\"async\" src=\"https:\/\/wp.unil.ch\/mitrilab\/files\/2023\/05\/20230519_181457.jpg\" alt=\"\" class=\"wp-image-599\" style=\"width:222px;height:auto\" \/><\/a><figcaption class=\"wp-element-caption\">Prajwal Padmanabha (postdoc)<\/figcaption><\/figure>\n<\/div>\n\n<div class=\"wp-block-image is-resized\">\n<figure class=\"aligncenter size-full\"><a href=\"https:\/\/wp.unil.ch\/mitrilab\/files\/2025\/06\/ishita_gupta-e1750231050189.jpg\"><img alt=\"\" loading=\"lazy\" decoding=\"async\" width=\"811\" height=\"812\" src=\"https:\/\/wp.unil.ch\/mitrilab\/files\/2025\/06\/ishita_gupta-e1750231050189.jpg\" alt=\"\" class=\"wp-image-742\" style=\"width:225px;height:auto\" srcset=\"https:\/\/wp.unil.ch\/mitrilab\/files\/2025\/06\/ishita_gupta-e1750231050189.jpg 811w, https:\/\/wp.unil.ch\/mitrilab\/files\/2025\/06\/ishita_gupta-e1750231050189-300x300.jpg 300w, https:\/\/wp.unil.ch\/mitrilab\/files\/2025\/06\/ishita_gupta-e1750231050189-150x150.jpg 150w, https:\/\/wp.unil.ch\/mitrilab\/files\/2025\/06\/ishita_gupta-e1750231050189-768x769.jpg 768w, https:\/\/wp.unil.ch\/mitrilab\/files\/2025\/06\/ishita_gupta-e1750231050189-230x230.jpg 230w, https:\/\/wp.unil.ch\/mitrilab\/files\/2025\/06\/ishita_gupta-e1750231050189-365x365.jpg 365w\" sizes=\"auto, (max-width: 811px) 100vw, 811px\" \/><\/a><figcaption class=\"wp-element-caption\">Ishita Gupta (PhD student)<\/figcaption><\/figure>\n<\/div>\n\n<div class=\"wp-block-image is-resized\">\n<figure class=\"aligncenter size-full\"><a href=\"https:\/\/wp.unil.ch\/mitrilab\/files\/2025\/09\/astrid_dhenain-e1758091921733.png\"><img loading=\"lazy\" decoding=\"async\" width=\"352\" height=\"352\" src=\"https:\/\/wp.unil.ch\/mitrilab\/files\/2025\/09\/astrid_dhenain-e1758091921733.png\" alt=\"Astrid Dhe\u0301nain\" class=\"wp-image-751\" style=\"width:224px;height:auto\" srcset=\"https:\/\/wp.unil.ch\/mitrilab\/files\/2025\/09\/astrid_dhenain-e1758091921733.png 352w, https:\/\/wp.unil.ch\/mitrilab\/files\/2025\/09\/astrid_dhenain-e1758091921733-300x300.png 300w, https:\/\/wp.unil.ch\/mitrilab\/files\/2025\/09\/astrid_dhenain-e1758091921733-150x150.png 150w, https:\/\/wp.unil.ch\/mitrilab\/files\/2025\/09\/astrid_dhenain-e1758091921733-230x230.png 230w\" sizes=\"auto, (max-width: 352px) 100vw, 352px\" \/><\/a><figcaption class=\"wp-element-caption\">Astrid Dhe\u0301nain (MSc student)<\/figcaption><\/figure>\n<\/div>\n\n\n<h4 class=\"wp-block-heading\">Former group members<\/h4>\n\n\n\n<figure class=\"wp-block-table\"><table><tbody><tr><td>Julien Luneau<br>Aitana Corfas<br>Th\u00e9odora Steiner<br>Fran Gilis<br>Chiara Vischioni<br>Miguel Teixeira<br>Andrea Dos Santos<br>Alisson Gillon<br>Federica Sibilla<br>Oliver Meacock<br>Ashikin Abdul Hamid<br>Nadine Harmsen<br>Bj\u00f6rn Vessman<br>Rita Di Martino<br>Shota Shibasaki<br>Philippe Piccardi<br>Margaux Cre\u0301ze\u0301<br>Marina Sud\u00e1rio<br>Aurore Picot<br>Pablo Guridi<br>Simon Mar\u00e9chal <br>G\u00e9raldine Alberti <br>Alice Wallef<br>Flora Arias S\u00e1nchez<br>Marc Garcia-Garcer\u00e0<br>Sarah Berger<br>Avery Becker<br>Maria Chadiarakou<br>Semhar Gebrehiwet Tekle <br>Simone Moro<br>Guillermo Garc\u00eda Osuna<\/td><\/tr><\/tbody><\/table><\/figure>\n\n\n\n\n\n<p><\/p>\n","protected":false},"excerpt":{"rendered":"<p>Former group members Julien LuneauAitana CorfasTh\u00e9odora SteinerFran GilisChiara VischioniMiguel TeixeiraAndrea Dos SantosAlisson GillonFederica SibillaOliver MeacockAshikin Abdul HamidNadine HarmsenBj\u00f6rn VessmanRita Di MartinoShota ShibasakiPhilippe PiccardiMargaux Cre\u0301ze\u0301Marina Sud\u00e1rioAurore PicotPablo GuridiSimon Mar\u00e9chal G\u00e9raldine Alberti Alice WallefFlora Arias S\u00e1nchezMarc Garcia-Garcer\u00e0Sarah BergerAvery BeckerMaria ChadiarakouSemhar Gebrehiwet Tekle<\/p>\n","protected":false},"author":1001124,"featured_media":0,"parent":0,"menu_order":0,"comment_status":"closed","ping_status":"closed","template":"","meta":{"_seopress_robots_primary_cat":"","_seopress_titles_title":"","_seopress_titles_desc":"","_seopress_robots_index":"","footnotes":""},"class_list":["post-334","page","type-page","status-publish"],"_links":{"self":[{"href":"https:\/\/wp.unil.ch\/mitrilab\/wp-json\/wp\/v2\/pages\/334","targetHints":{"allow":["GET"]}}],"collection":[{"href":"https:\/\/wp.unil.ch\/mitrilab\/wp-json\/wp\/v2\/pages"}],"about":[{"href":"https:\/\/wp.unil.ch\/mitrilab\/wp-json\/wp\/v2\/types\/page"}],"author":[{"embeddable":true,"href":"https:\/\/wp.unil.ch\/mitrilab\/wp-json\/wp\/v2\/users\/1001124"}],"replies":[{"embeddable":true,"href":"https:\/\/wp.unil.ch\/mitrilab\/wp-json\/wp\/v2\/comments?post=334"}],"version-history":[{"count":4,"href":"https:\/\/wp.unil.ch\/mitrilab\/wp-json\/wp\/v2\/pages\/334\/revisions"}],"predecessor-version":[{"id":757,"href":"https:\/\/wp.unil.ch\/mitrilab\/wp-json\/wp\/v2\/pages\/334\/revisions\/757"}],"wp:attachment":[{"href":"https:\/\/wp.unil.ch\/mitrilab\/wp-json\/wp\/v2\/media?parent=334"}],"curies":[{"name":"wp","href":"https:\/\/api.w.org\/{rel}","templated":true}]}}