{"id":6,"date":"2019-11-28T16:00:19","date_gmt":"2019-11-28T15:00:19","guid":{"rendered":"http:\/\/wp.unil.ch\/modele\/?page_id=6"},"modified":"2024-06-27T11:12:47","modified_gmt":"2024-06-27T09:12:47","slug":"accueil","status":"publish","type":"page","link":"https:\/\/wp.unil.ch\/mission-sante-societe\/","title":{"rendered":"Accueil"},"content":{"rendered":"\n<p>Bienvenue sur le site de la Mission Sant\u00e9 et Soci\u00e9t\u00e9<\/p>\n\n\n\n\n\n<p><\/p>\n\n\n\n<p>La Mission Sant\u00e9 et Soci\u00e9t\u00e9 (MSS) rassemble en une plateforme collaborative<strong> <\/strong>des membres repr\u00e9sentants d\u2019institutions et collectifs qui s\u2019engagent pour la co-production des syst\u00e8mes de sant\u00e9 \u00e0 l\u2019\u00e9chelle du Canton de Vaud. <\/p>\n\n\n\n<p>Les membres de la MSS \u0153uvrent collectivement au d\u00e9veloppement, \u00e0 la mobilisation et \u00e0 l\u2019int\u00e9gration des ressources des professionnelles et professionnels de sant\u00e9, patientes et patients, proches aidants et autres membres de communaut\u00e9s pour l&rsquo;am\u00e9lioration des syst\u00e8mes de sant\u00e9 \u00e0 l\u2019\u00e9chelle du Canton de Vaud.<\/p>\n\n\n\n<p>La coordination de la MSS est confi\u00e9e par l\u2019<a rel=\"noreferrer noopener\" href=\"https:\/\/www.vd.ch\/toutes-les-autorites\/departements\/departement-de-la-sante-et-de-laction-sociale-dsas\/direction-generale-de-la-sante-dgs\/office-du-medecin-cantonal\/\" target=\"_blank\">Office du M\u00e9decin Cantonal<\/a> de la <a rel=\"noreferrer noopener\" href=\"https:\/\/www.vd.ch\/toutes-les-autorites\/departements\/departement-de-la-sante-et-de-laction-sociale-dsas\/direction-generale-de-la-sante-dgs\/\" target=\"_blank\">Direction G\u00e9n\u00e9rale de la Sant\u00e9<\/a> au <a rel=\"noreferrer noopener\" href=\"https:\/\/www.unil.ch\/collaboratoire\/fr\/home.html\" target=\"_blank\">ColLaboratoire<\/a>, l\u2019unit\u00e9 de recherche-action, participative et collaborative de l\u2019Universit\u00e9 de Lausanne.<\/p>\n\n\n\n<div style=\"height:82px\" aria-hidden=\"true\" class=\"wp-block-spacer\"><\/div>\n\n\n<div id=\"ect-no-events\"><p>There are no upcoming events at this time<\/p><\/div>\n\n\n<p class=\"has-text-align-left\"> <a href=\"https:\/\/wp.unil.ch\/mission-sante-societe\/events\/liste\/?eventDisplay=past\" data-type=\"link\" data-id=\"https:\/\/wp.unil.ch\/mission-sante-societe\/events\/liste\/?eventDisplay=past\" target=\"_blank\" rel=\"noreferrer noopener\">\u2190 V<\/a><a href=\"https:\/\/wp.unil.ch\/mission-sante-societe\/events\/liste\/?eventDisplay=past\" data-type=\"link\" data-id=\"https:\/\/wp.unil.ch\/mission-sante-societe\/events\/liste\/?eventDisplay=past\" target=\"_blank\" rel=\"noreferrer noopener\">ers \u00e9v\u00e9nements archiv\u00e9s<\/a><\/p>\n\n\n\n<div style=\"height:100px\" aria-hidden=\"true\" class=\"wp-block-spacer\"><\/div>\n\n\n\n<p class=\"has-large-font-size\"><strong>Qui sommes-nous ?<\/strong><\/p>\n\n\n\n<p>Notre r\u00e9seau rassemble une multitude de membres, tous dot\u00e9s de profils et d&rsquo;expertises vari\u00e9es, ce qui constitue une v\u00e9ritable richesse pour la promotion du partenariat en sant\u00e9 \u00e0 l&rsquo;\u00e9chelle du Canton de Vaud. Trois types d&rsquo;acteurs forment le r\u00e9seau :<\/p>\n\n\n\n<div class=\"wp-block-columns alignwide is-layout-flex wp-container-core-columns-is-layout-9d6595d7 wp-block-columns-is-layout-flex\">\n<div class=\"wp-block-column has-buttons-text-color has-accent-background-color has-text-color has-background has-link-color wp-elements-86b14a6d006d742c47bbd3652497cdc2 is-layout-flow wp-block-column-is-layout-flow\" style=\"padding-top:2em;padding-right:2em;padding-bottom:2em;padding-left:2em\">\n<p class=\"has-buttons-text-color has-text-color has-larger-font-size\"><strong>Des collectifs et associations<\/strong><\/p>\n\n\n\n<p class=\"has-buttons-text-color has-accent-background-color has-text-color has-background has-normal-font-size\"><strong>Pour que les patientes et patients, citoyennes et citoyens<\/strong> puissent prendre part aux d\u00e9cisions les concernant et que leurs voix soient entendues et prises en compte.<\/p>\n<\/div>\n\n\n\n<div class=\"wp-block-column has-buttons-text-color has-primary-background-color has-text-color has-background has-link-color wp-elements-6934981db64b949a36bb2cd7c09bbb89 is-layout-flow wp-block-column-is-layout-flow\" style=\"padding-top:2em;padding-right:2em;padding-bottom:2em;padding-left:2em\">\n<p class=\"has-background-color has-text-color has-larger-font-size\" style=\"line-height:1.5\"><strong>Des institutions<\/strong><\/p>\n\n\n\n<p class=\"has-background-color has-primary-background-color has-text-color has-background has-normal-font-size\" style=\"line-height:1.5\"><strong>Pour offrir des soins de qualit\u00e9, <\/strong>mener des <strong>recherches<\/strong> pertinentes et <strong>former<\/strong> les professionnelles et professionnels de sant\u00e9, en collaboration \u00e9troite avec les diff\u00e9rents acteurs du syst\u00e8me de sant\u00e9.<\/p>\n<\/div>\n\n\n\n<div class=\"wp-block-column has-buttons-text-color has-text-color has-background has-link-color wp-elements-ca7d20d63c4c926187c128a599f86c3d is-layout-flow wp-block-column-is-layout-flow\" style=\"background-color:#020d3d;padding-top:2em;padding-right:2em;padding-bottom:2em;padding-left:2em\">\n<p class=\"has-buttons-text-color has-text-color has-larger-font-size\"><strong>L&rsquo;administration publique<\/strong><\/p>\n\n\n\n<p class=\"has-buttons-text-color has-text-color has-background has-normal-font-size\" style=\"background-color:#020d3d\"><strong>Pour que les politiques de sant\u00e9 publique<\/strong> refl\u00e8tent les pr\u00e9occupations des professionnelles et professionnels de sant\u00e9, des citoyennes et citoyens et de leurs proches.<\/p>\n<\/div>\n<\/div>\n\n\n\n<p>D\u00e9couvrez la liste actualis\u00e9e des membres du r\u00e9seau en cliquant sur le bouton suivant: <\/p>\n\n\n\n<div class=\"wp-block-columns is-layout-flex wp-container-core-columns-is-layout-9d6595d7 wp-block-columns-is-layout-flex\">\n<div class=\"wp-block-column is-layout-flow wp-block-column-is-layout-flow\" style=\"flex-basis:100%\">\n<div class=\"wp-block-buttons is-layout-flex wp-block-buttons-is-layout-flex\">\n<div class=\"wp-block-button has-custom-font-size aligncenter is-style-fill has-normal-font-size\"><a class=\"wp-block-button__link has-primary-background-color has-background wp-element-button\" href=\"https:\/\/wp.unil.ch\/mission-sante-societe\/partenaires\/\">Les membres de la Mission Sant\u00e9 et Soci\u00e9t\u00e9<\/a><\/div>\n<\/div>\n<\/div>\n<\/div>\n\n\n\n<div style=\"height:100px\" aria-hidden=\"true\" class=\"wp-block-spacer\"><\/div>\n\n\n\n<p>Vous souhaitez nous rejoindre? Compl\u00e9tez le formulaire de contact en cliquant sur le bouton suivant:<\/p>\n\n\n\n<div class=\"wp-block-buttons is-layout-flex wp-block-buttons-is-layout-flex\">\n<div class=\"wp-block-button\"><a class=\"wp-block-button__link wp-element-button\" href=\"https:\/\/wp.unil.ch\/mission-sante-societe\/contact\/\">Cliquez ici !<\/a><\/div>\n<\/div>\n\n\n\n<hr class=\"wp-block-separator has-alpha-channel-opacity\" \/>\n\n\n<h1 style=\"font-style:normal;font-weight:700;\" class=\"has-text-align-center wp-block-site-title has-medium-font-size\"><a href=\"https:\/\/wp.unil.ch\/mission-sante-societe\" target=\"_self\" rel=\"home\">Mission Sant\u00e9 et Soci\u00e9t\u00e9<\/a><\/h1>\n\n\n<div class=\"wp-block-buttons is-content-justification-center is-layout-flex wp-container-core-buttons-is-layout-16018d1d wp-block-buttons-is-layout-flex\">\n<div class=\"wp-block-button has-custom-width wp-block-button__width-100\"><a class=\"wp-block-button__link wp-element-button\" href=\"https:\/\/wp.unil.ch\/mission-sante-societe\/a-propos\/\">A propos<\/a><\/div>\n\n\n\n<div class=\"wp-block-button has-custom-width wp-block-button__width-100\"><a class=\"wp-block-button__link wp-element-button\" href=\"https:\/\/wp.unil.ch\/mission-sante-societe\/charte\/\">La charte<\/a><\/div>\n\n\n\n<div class=\"wp-block-button has-custom-width wp-block-button__width-100\"><a class=\"wp-block-button__link wp-element-button\" href=\"https:\/\/wp.unil.ch\/mission-sante-societe\/projets\/\">Nos projets<\/a><\/div>\n<\/div>\n\n\n\n<hr class=\"wp-block-separator has-alpha-channel-opacity\" \/>\n\n\n\n<p class=\"has-text-align-right has-small-font-size\">Image d\u2019en-t\u00eate : Forum 2021 par L\u00e9onie Chinet (diab\u00e8tevaud)<\/p>\n\n\n\n<figure class=\"wp-block-image size-full is-resized\"><img alt=\"\" loading=\"lazy\" decoding=\"async\" width=\"334\" height=\"1087\" src=\"https:\/\/wp.unil.ch\/mission-sante-societe\/files\/2025\/06\/vd_logo_vertrvb.png\" alt=\"\" class=\"wp-image-1574\" style=\"width:36px;height:auto\" srcset=\"https:\/\/wp.unil.ch\/mission-sante-societe\/files\/2025\/06\/vd_logo_vertrvb.png 334w, https:\/\/wp.unil.ch\/mission-sante-societe\/files\/2025\/06\/vd_logo_vertrvb-92x300.png 92w, https:\/\/wp.unil.ch\/mission-sante-societe\/files\/2025\/06\/vd_logo_vertrvb-315x1024.png 315w\" sizes=\"auto, (max-width: 334px) 100vw, 334px\" \/><\/figure>\n\n\n<div class=\"wp-block-image\">\n<figure class=\"alignleft size-large is-resized\"><img alt=\"\" loading=\"lazy\" decoding=\"async\" width=\"1024\" height=\"620\" src=\"https:\/\/wp.unil.ch\/mission-sante-societe\/files\/2022\/12\/LeColLaboratoire-1024x620.jpg\" alt=\"\" class=\"wp-image-717\" style=\"width:201px;height:121px\" srcset=\"https:\/\/wp.unil.ch\/mission-sante-societe\/files\/2022\/12\/LeColLaboratoire-1024x620.jpg 1024w, https:\/\/wp.unil.ch\/mission-sante-societe\/files\/2022\/12\/LeColLaboratoire-300x182.jpg 300w, https:\/\/wp.unil.ch\/mission-sante-societe\/files\/2022\/12\/LeColLaboratoire-768x465.jpg 768w, https:\/\/wp.unil.ch\/mission-sante-societe\/files\/2022\/12\/LeColLaboratoire-1536x930.jpg 1536w, https:\/\/wp.unil.ch\/mission-sante-societe\/files\/2022\/12\/LeColLaboratoire-540x327.jpg 540w, https:\/\/wp.unil.ch\/mission-sante-societe\/files\/2022\/12\/LeColLaboratoire-1080x654.jpg 1080w, https:\/\/wp.unil.ch\/mission-sante-societe\/files\/2022\/12\/LeColLaboratoire.jpg 1910w\" sizes=\"auto, (max-width: 1024px) 100vw, 1024px\" \/><\/figure>\n<\/div>","protected":false},"excerpt":{"rendered":"<p>Bienvenue sur le site de la Mission Sant\u00e9 et Soci\u00e9t\u00e9 La Mission Sant\u00e9 et Soci\u00e9t\u00e9 (MSS) rassemble en une plateforme collaborative des membres repr\u00e9sentants d\u2019institutions et collectifs qui&hellip;<\/p>\n","protected":false},"author":1002237,"featured_media":793,"parent":0,"menu_order":0,"comment_status":"closed","ping_status":"closed","template":"template-full-width-cover.php","meta":{"_seopress_robots_primary_cat":"","_seopress_titles_title":"","_seopress_titles_desc":"","_seopress_robots_index":"","_EventAllDay":false,"_EventTimezone":"","_EventStartDate":"","_EventEndDate":"","_EventStartDateUTC":"","_EventEndDateUTC":"","_EventShowMap":false,"_EventShowMapLink":false,"_EventURL":"","_EventCost":"","_EventCostDescription":"","_EventCurrencySymbol":"","_EventCurrencyCode":"","_EventCurrencyPosition":"","_EventDateTimeSeparator":"","_EventTimeRangeSeparator":"","_EventOrganizerID":[],"_EventVenueID":[],"_OrganizerEmail":"","_OrganizerPhone":"","_OrganizerWebsite":"","_VenueAddress":"","_VenueCity":"","_VenueCountry":"","_VenueProvince":"","_VenueState":"","_VenueZip":"","_VenuePhone":"","_VenueURL":"","_VenueStateProvince":"","_VenueLat":"","_VenueLng":"","_VenueShowMap":false,"_VenueShowMapLink":false,"footnotes":""},"class_list":["post-6","page","type-page","status-publish","has-post-thumbnail"],"_links":{"self":[{"href":"https:\/\/wp.unil.ch\/mission-sante-societe\/wp-json\/wp\/v2\/pages\/6","targetHints":{"allow":["GET"]}}],"collection":[{"href":"https:\/\/wp.unil.ch\/mission-sante-societe\/wp-json\/wp\/v2\/pages"}],"about":[{"href":"https:\/\/wp.unil.ch\/mission-sante-societe\/wp-json\/wp\/v2\/types\/page"}],"author":[{"embeddable":true,"href":"https:\/\/wp.unil.ch\/mission-sante-societe\/wp-json\/wp\/v2\/users\/1002237"}],"replies":[{"embeddable":true,"href":"https:\/\/wp.unil.ch\/mission-sante-societe\/wp-json\/wp\/v2\/comments?post=6"}],"version-history":[{"count":5,"href":"https:\/\/wp.unil.ch\/mission-sante-societe\/wp-json\/wp\/v2\/pages\/6\/revisions"}],"predecessor-version":[{"id":1535,"href":"https:\/\/wp.unil.ch\/mission-sante-societe\/wp-json\/wp\/v2\/pages\/6\/revisions\/1535"}],"wp:featuredmedia":[{"embeddable":true,"href":"https:\/\/wp.unil.ch\/mission-sante-societe\/wp-json\/wp\/v2\/media\/793"}],"wp:attachment":[{"href":"https:\/\/wp.unil.ch\/mission-sante-societe\/wp-json\/wp\/v2\/media?parent=6"}],"curies":[{"name":"wp","href":"https:\/\/api.w.org\/{rel}","templated":true}]}}