{"id":169,"date":"2021-11-23T13:18:02","date_gmt":"2021-11-23T12:18:02","guid":{"rendered":"https:\/\/wp.unil.ch\/mic-map\/?page_id=169"},"modified":"2026-03-12T22:02:04","modified_gmt":"2026-03-12T21:02:04","slug":"team","status":"publish","type":"page","link":"https:\/\/wp.unil.ch\/mic-map\/team\/","title":{"rendered":"Team"},"content":{"rendered":"\n<h1 class=\"wp-block-heading\" id=\"team\" style=\"font-size:48px\"><strong>Team<\/strong><\/h1>\n\n\n\n<div class=\"wp-block-columns is-layout-flex wp-container-core-columns-is-layout-9d6595d7 wp-block-columns-is-layout-flex\">\n<div class=\"wp-block-column is-layout-flow wp-block-column-is-layout-flow\"><div class=\"wp-block-image is-style-rounded\">\n<figure class=\"alignleft size-thumbnail is-resized\"><a href=\"https:\/\/wp.unil.ch\/mic-map\/ileana-jelescu\/\"><img alt=\"\" loading=\"lazy\" decoding=\"async\" width=\"150\" height=\"150\" src=\"https:\/\/wp.unil.ch\/mic-map\/files\/2022\/09\/ileana_jelescu-5260_square-150x150.jpg\" alt=\"\" class=\"wp-image-651\" style=\"object-fit:cover;width:113px;height:113px\" \/><\/a><figcaption class=\"wp-element-caption\"><strong>Ileana Jelescu<\/strong><br>PI<\/figcaption><\/figure>\n<\/div><\/div>\n\n\n\n<div class=\"wp-block-column is-layout-flow wp-block-column-is-layout-flow\">\n<figure class=\"wp-block-image size-thumbnail is-resized is-style-rounded\"><a href=\"https:\/\/wp.unil.ch\/mic-map\/arthur-spencer\/\"><img alt=\"\" loading=\"lazy\" decoding=\"async\" width=\"150\" height=\"150\" src=\"https:\/\/wp.unil.ch\/mic-map\/files\/2023\/08\/1-edited-150x150.jpg\" alt=\"\" class=\"wp-image-832\" style=\"width:113px;height:113px\" \/><\/a><figcaption class=\"wp-element-caption\"><strong>Arthur Spencer<\/strong> <br>Postdoc<\/figcaption><\/figure>\n<\/div>\n\n\n\n<div class=\"wp-block-column is-layout-flow wp-block-column-is-layout-flow\">\n<figure class=\"wp-block-image size-thumbnail is-resized is-style-rounded\"><img alt=\"\" loading=\"lazy\" decoding=\"async\" width=\"923\" height=\"923\" src=\"https:\/\/wp.unil.ch\/mic-map\/files\/2024\/08\/PXL_20240319_081929840.MP_-1-edited.jpg\" alt=\"\" class=\"wp-image-956\" style=\"width:113px;height:113px\" srcset=\"https:\/\/wp.unil.ch\/mic-map\/files\/2024\/08\/PXL_20240319_081929840.MP_-1-edited.jpg 923w, https:\/\/wp.unil.ch\/mic-map\/files\/2024\/08\/PXL_20240319_081929840.MP_-1-edited-300x300.jpg 300w, https:\/\/wp.unil.ch\/mic-map\/files\/2024\/08\/PXL_20240319_081929840.MP_-1-edited-150x150.jpg 150w, https:\/\/wp.unil.ch\/mic-map\/files\/2024\/08\/PXL_20240319_081929840.MP_-1-edited-768x768.jpg 768w, https:\/\/wp.unil.ch\/mic-map\/files\/2024\/08\/PXL_20240319_081929840.MP_-1-edited-540x540.jpg 540w\" sizes=\"auto, (max-width: 923px) 100vw, 923px\" \/><figcaption class=\"wp-element-caption\"><strong>Jean-Baptiste Perot<\/strong> <br>Postdoc<\/figcaption><\/figure>\n<\/div>\n\n\n\n<div class=\"wp-block-column is-layout-flow wp-block-column-is-layout-flow\">\n<figure class=\"wp-block-image size-thumbnail is-resized is-style-rounded\"><a href=\"https:\/\/wp.unil.ch\/mic-map\/rita-oliveira\/\"><img alt=\"\" loading=\"lazy\" decoding=\"async\" width=\"150\" height=\"150\" src=\"https:\/\/wp.unil.ch\/mic-map\/files\/2024\/12\/ProfilePicture1-edited-1-150x150.jpg\" alt=\"\" class=\"wp-image-979\" style=\"width:113px;height:113px\" \/><\/a><figcaption class=\"wp-element-caption\">Rita Oliveira <br>Postdoc<\/figcaption><\/figure>\n<\/div>\n<\/div>\n\n\n\n<div class=\"wp-block-columns is-layout-flex wp-container-core-columns-is-layout-9d6595d7 wp-block-columns-is-layout-flex\">\n<div class=\"wp-block-column is-layout-flow wp-block-column-is-layout-flow\">\n<figure class=\"wp-block-image size-thumbnail is-resized is-style-rounded\"><a href=\"https:\/\/wp.unil.ch\/mic-map\/malte-brammerloh\/\"><img alt=\"\" loading=\"lazy\" decoding=\"async\" width=\"150\" height=\"150\" src=\"https:\/\/wp.unil.ch\/mic-map\/files\/2025\/02\/Malte-1-150x150.jpg\" alt=\"\" class=\"wp-image-996\" style=\"width:113px;height:113px\" srcset=\"https:\/\/wp.unil.ch\/mic-map\/files\/2025\/02\/Malte-1-150x150.jpg 150w, https:\/\/wp.unil.ch\/mic-map\/files\/2025\/02\/Malte-1.jpg 225w\" sizes=\"auto, (max-width: 150px) 100vw, 150px\" \/><\/a><figcaption class=\"wp-element-caption\">Malte Brammerloh <br>Postdoc<\/figcaption><\/figure>\n<\/div>\n\n\n\n<div class=\"wp-block-column is-layout-flow wp-block-column-is-layout-flow\"><div class=\"wp-block-image is-style-rounded\">\n<figure class=\"alignleft size-thumbnail is-resized\"><a href=\"https:\/\/wp.unil.ch\/mic-map\/victoria-joppin\/\"><img loading=\"lazy\" decoding=\"async\" width=\"150\" height=\"150\" src=\"https:\/\/wp.unil.ch\/mic-map\/files\/2024\/12\/photo_victoria-150x150.jpeg\" alt=\"photo victoria\" class=\"wp-image-1028\" style=\"width:113px;height:113px\" \/><\/a><figcaption class=\"wp-element-caption\">Victoria Joppin<br>Postdoc<\/figcaption><\/figure>\n<\/div><\/div>\n\n\n\n<div class=\"wp-block-column is-layout-flow wp-block-column-is-layout-flow\">\n<figure class=\"wp-block-image size-thumbnail is-resized is-style-rounded\"><a href=\"https:\/\/wp.unil.ch\/mic-map\/tommaso-pavan\/\"><img alt=\"\" loading=\"lazy\" decoding=\"async\" width=\"150\" height=\"150\" src=\"https:\/\/wp.unil.ch\/mic-map\/files\/2022\/02\/Tommaso-e1643965001672-150x150.png\" alt=\"\" class=\"wp-image-522\" style=\"width:113px;height:113px\" \/><\/a><figcaption class=\"wp-element-caption\"><strong>Tommaso Pavan<\/strong><br>Postdoc<\/figcaption><\/figure>\n<\/div>\n\n\n\n<div class=\"wp-block-column is-layout-flow wp-block-column-is-layout-flow\"><\/div>\n<\/div>\n\n\n\n<div class=\"wp-block-columns is-layout-flex wp-container-core-columns-is-layout-9d6595d7 wp-block-columns-is-layout-flex\">\n<div class=\"wp-block-column is-layout-flow wp-block-column-is-layout-flow\">\n<figure class=\"wp-block-image size-medium is-resized is-style-rounded\"><a href=\"https:\/\/wp.unil.ch\/mic-map\/jasmine-nguyen-duc\/\"><img alt=\"\" loading=\"lazy\" decoding=\"async\" width=\"397\" height=\"397\" src=\"https:\/\/wp.unil.ch\/mic-map\/files\/2024\/01\/1601712226373-edited.jpeg\" alt=\"\" class=\"wp-image-883\" style=\"width:113px;height:113px\" srcset=\"https:\/\/wp.unil.ch\/mic-map\/files\/2024\/01\/1601712226373-edited.jpeg 397w, https:\/\/wp.unil.ch\/mic-map\/files\/2024\/01\/1601712226373-edited-300x300.jpeg 300w, https:\/\/wp.unil.ch\/mic-map\/files\/2024\/01\/1601712226373-edited-150x150.jpeg 150w\" sizes=\"auto, (max-width: 397px) 100vw, 397px\" \/><\/a><figcaption class=\"wp-element-caption\"><strong>Jasmine Nguyen-Duc<\/strong><br>PhD Student<\/figcaption><\/figure>\n<\/div>\n\n\n\n<div class=\"wp-block-column is-layout-flow wp-block-column-is-layout-flow\">\n<figure class=\"wp-block-image size-medium is-resized is-style-rounded\"><a href=\"https:\/\/wp.unil.ch\/mic-map\/ines-de-riedmatten\/\"><img alt=\"\" loading=\"lazy\" decoding=\"async\" width=\"300\" height=\"283\" src=\"https:\/\/wp.unil.ch\/mic-map\/files\/2022\/11\/Ines4-300x283.jpg\" alt=\"\" class=\"wp-image-697\" style=\"width:113px;height:113px\" srcset=\"https:\/\/wp.unil.ch\/mic-map\/files\/2022\/11\/Ines4-300x283.jpg 300w, https:\/\/wp.unil.ch\/mic-map\/files\/2022\/11\/Ines4-1024x967.jpg 1024w, https:\/\/wp.unil.ch\/mic-map\/files\/2022\/11\/Ines4-768x725.jpg 768w, https:\/\/wp.unil.ch\/mic-map\/files\/2022\/11\/Ines4-1120x1057.jpg 1120w, https:\/\/wp.unil.ch\/mic-map\/files\/2022\/11\/Ines4-540x510.jpg 540w, https:\/\/wp.unil.ch\/mic-map\/files\/2022\/11\/Ines4-1080x1020.jpg 1080w, https:\/\/wp.unil.ch\/mic-map\/files\/2022\/11\/Ines4.jpg 1271w\" sizes=\"auto, (max-width: 300px) 100vw, 300px\" \/><\/a><figcaption class=\"wp-element-caption\"><strong>In\u00e8s de Riedmatten<\/strong><br>PhD Student<\/figcaption><\/figure>\n<\/div>\n\n\n\n<div class=\"wp-block-column is-layout-flow wp-block-column-is-layout-flow\">\n<figure class=\"wp-block-image size-thumbnail is-resized is-style-rounded\"><img alt=\"\" loading=\"lazy\" decoding=\"async\" width=\"150\" height=\"150\" src=\"https:\/\/wp.unil.ch\/mic-map\/files\/2023\/05\/SA-150x150.jpg\" alt=\"\" class=\"wp-image-797\" style=\"width:113px;height:113px\" srcset=\"https:\/\/wp.unil.ch\/mic-map\/files\/2023\/05\/SA-150x150.jpg 150w, https:\/\/wp.unil.ch\/mic-map\/files\/2023\/05\/SA-300x297.jpg 300w, https:\/\/wp.unil.ch\/mic-map\/files\/2023\/05\/SA-1024x1015.jpg 1024w, https:\/\/wp.unil.ch\/mic-map\/files\/2023\/05\/SA-768x761.jpg 768w, https:\/\/wp.unil.ch\/mic-map\/files\/2023\/05\/SA-1120x1110.jpg 1120w, https:\/\/wp.unil.ch\/mic-map\/files\/2023\/05\/SA-540x535.jpg 540w, https:\/\/wp.unil.ch\/mic-map\/files\/2023\/05\/SA-1080x1070.jpg 1080w, https:\/\/wp.unil.ch\/mic-map\/files\/2023\/05\/SA.jpg 1211w\" sizes=\"auto, (max-width: 150px) 100vw, 150px\" \/><figcaption class=\"wp-element-caption\"><strong>Saina Asadi<\/strong><br>PhD Student <br>(co-supervised)<\/figcaption><\/figure>\n<\/div>\n\n\n\n<div class=\"wp-block-column is-layout-flow wp-block-column-is-layout-flow\"><\/div>\n<\/div>\n\n\n\n<h2 class=\"wp-block-heading\">Students \/ Interns<\/h2>\n\n\n\n<p class=\"has-small-font-size\">Florian Fromer, medical student (UNIL, Fall 2025 &#8211; )<br>Louis Cuendet, master student (EFPL, Spring 2026)<br>Valentine Picht, master student (EPFL, Spring 2026)<\/p>\n\n\n\n<h2 class=\"wp-block-heading\">Alumni<\/h2>\n\n\n\n<p class=\"has-small-font-size\"><strong>Postdocs<\/strong>:<br>Ibtisam Aslam (2024-2025)<br>Andreea Hertanu (2022-2025)<br>Wiktor Olszowy (EPFL, 2020-2021)<br><br><strong>PhD students<\/strong>:<br>Quentin Uhl (2021-2025)<br>Tommaso Pavan (2021-2025)<br>Adriana Ferreiro, visiting PhD student (Universidad Autonoma Madrid, Fall 2025)<br>Oliver Bruton, visiting PhD student (Oldenburg University, Fall 2024)<br>Yujian Diao (EPFL, 2018-2022)<\/p>\n\n\n\n<p class=\"has-small-font-size\"><strong>Interns<\/strong>:<br>Juliette Beaubis (EPFL, Fall 2025)<br>Santiago Mezzano (King&#8217;s College London, Summer &amp; Fall 2024)<\/p>\n\n\n\n<p class=\"has-small-font-size\"><strong>Master students<\/strong>:<br>Qiaochu Wang (EPFL, Fall &amp; Spring 2024-2025)<br>John Signer (UNIL, Fall 2024)<br>Ludwig Tiston (EPFL, 2024)<br>Nicolas Albert (EPFL, 2022)<br>Lara Quattrocchi (UniGE, 2022)<br>Max Bourgeat (ENSTA Bretagne, 2021)<br>Alexandre Tkatch (EPFL, 2021)<br>Alexandre de Skowronski (EPFL, 2020)<br>Simon Lopez (ENSEEIHT Toulouse, 2020)<br>L\u00e9a Haefflinger (Phelma Grenoble, 2020)<br>Catarina Trist\u00e3o Pereira (University of Lisbon, 2018 &#8211; 2019)<br>Punitkumar Makani (University of T\u00fcbingen, 2017 &#8211; 2018)<\/p>\n\n\n\n<p class=\"has-small-font-size\"><strong>Bachelor students<\/strong>:<br>Madjda In\u00e8s Daoud (EFPL, Summer 2025)<br>Dana Almbark Ortiz (Bahcesehir University, 2023)<br>Melina Cherchali (EPFL, 2023)<br>Aleix Salvador Pomarol (Universitat Autonoma de Barcelona, 2022)<br>Amadeu Carceller Pardina (Universitat Autonoma de Barcelona, 2022)<\/p>\n","protected":false},"excerpt":{"rendered":"<p>Team Students \/ Interns Florian Fromer, medical student (UNIL, Fall 2025 &#8211; )Louis Cuendet, master student (EFPL, Spring 2026)Valentine Picht, master student (EPFL, Spring 2026) Alumni Postdocs:Ibtisam Aslam&hellip;<\/p>\n","protected":false},"author":1002357,"featured_media":0,"parent":0,"menu_order":0,"comment_status":"closed","ping_status":"closed","template":"template-full-width.php","meta":{"_seopress_robots_primary_cat":"","_seopress_titles_title":"","_seopress_titles_desc":"","_seopress_robots_index":"","footnotes":""},"class_list":["post-169","page","type-page","status-publish","has-post-thumbnail"],"_links":{"self":[{"href":"https:\/\/wp.unil.ch\/mic-map\/wp-json\/wp\/v2\/pages\/169","targetHints":{"allow":["GET"]}}],"collection":[{"href":"https:\/\/wp.unil.ch\/mic-map\/wp-json\/wp\/v2\/pages"}],"about":[{"href":"https:\/\/wp.unil.ch\/mic-map\/wp-json\/wp\/v2\/types\/page"}],"author":[{"embeddable":true,"href":"https:\/\/wp.unil.ch\/mic-map\/wp-json\/wp\/v2\/users\/1002357"}],"replies":[{"embeddable":true,"href":"https:\/\/wp.unil.ch\/mic-map\/wp-json\/wp\/v2\/comments?post=169"}],"version-history":[{"count":5,"href":"https:\/\/wp.unil.ch\/mic-map\/wp-json\/wp\/v2\/pages\/169\/revisions"}],"predecessor-version":[{"id":1093,"href":"https:\/\/wp.unil.ch\/mic-map\/wp-json\/wp\/v2\/pages\/169\/revisions\/1093"}],"wp:attachment":[{"href":"https:\/\/wp.unil.ch\/mic-map\/wp-json\/wp\/v2\/media?parent=169"}],"curies":[{"name":"wp","href":"https:\/\/api.w.org\/{rel}","templated":true}]}}