{"id":4477,"date":"2022-01-17T00:25:35","date_gmt":"2022-01-16T23:25:35","guid":{"rendered":"https:\/\/wp.unil.ch\/metis\/?post_type=tribe_events&#038;p=4477"},"modified":"2022-01-17T00:25:35","modified_gmt":"2022-01-16T23:25:35","slug":"vernissage-photographie-et-horlogerie","status":"publish","type":"tribe_events","link":"https:\/\/wp.unil.ch\/metis\/event\/vernissage-photographie-et-horlogerie\/","title":{"rendered":"Vernissage | Photographie et horlogerie"},"content":{"rendered":"<p><strong><a href=\"https:\/\/wp.unil.ch\/metis\/files\/2022\/01\/Capture-de\u0301cran-2022-01-17-a\u0300-00.21.50.png\"><img alt=\"\" loading=\"lazy\" decoding=\"async\" class=\"alignleft  wp-image-4478\" src=\"https:\/\/wp.unil.ch\/metis\/files\/2022\/01\/Capture-de\u0301cran-2022-01-17-a\u0300-00.21.50.png\" alt=\"\" width=\"191\" height=\"265\" \/><\/a>Vernissage de l\u2019exposition \u00ab Photographie et horlogerie \u00bb,<b class=\"\"> le jeudi 20 janvier \u00e0 18h00 au Mus\u00e9e suisse de l\u2019appareil photographique \u00e0 Vevey<\/b><\/strong><\/p>\n<p>L\u2019exposition et la publication qui l\u2019accompagne sont le produit de recherches men\u00e9es lors d&#8217;un s\u00e9minaire de master offert dans le cadre du programme de sp\u00e9cialisation SHC au printemps 2020.<\/p>\n<p><strong>Exposition ouverte du 20 janvier au 21 ao\u00fbt 2022. Un certificat Covid 2G et un masque sont n\u00e9cessaires pour acc\u00e9der au mus\u00e9e.<\/strong><\/p>\n<p><strong><a href=\"https:\/\/wp.unil.ch\/metis\/files\/2022\/01\/PhotoHorlogerie_Invitation_Web.pdf\" target=\"_blank\" rel=\"noopener\">Invitation et informations<\/a><\/strong><\/p>\n<div class=\"\"><\/div>\n","protected":false},"excerpt":{"rendered":"<p>Vernissage de l\u2019exposition \u00ab Photographie et horlogerie \u00bb, le jeudi 20 janvier \u00e0 18h00 au Mus\u00e9e suisse de l\u2019appareil photographique \u00e0 Vevey L\u2019exposition et la publication qui l\u2019accompagne sont le &hellip; <\/p>\n","protected":false},"author":1001537,"featured_media":0,"template":"","meta":{"_seopress_robots_primary_cat":"","_seopress_titles_title":"","_seopress_titles_desc":"","_seopress_robots_index":"","_tribe_events_status":"","_tribe_events_status_reason":"","footnotes":""},"tags":[],"tribe_events_cat":[],"class_list":["post-4477","tribe_events","type-tribe_events","status-publish"],"_links":{"self":[{"href":"https:\/\/wp.unil.ch\/metis\/wp-json\/wp\/v2\/tribe_events\/4477","targetHints":{"allow":["GET"]}}],"collection":[{"href":"https:\/\/wp.unil.ch\/metis\/wp-json\/wp\/v2\/tribe_events"}],"about":[{"href":"https:\/\/wp.unil.ch\/metis\/wp-json\/wp\/v2\/types\/tribe_events"}],"author":[{"embeddable":true,"href":"https:\/\/wp.unil.ch\/metis\/wp-json\/wp\/v2\/users\/1001537"}],"version-history":[{"count":1,"href":"https:\/\/wp.unil.ch\/metis\/wp-json\/wp\/v2\/tribe_events\/4477\/revisions"}],"predecessor-version":[{"id":4480,"href":"https:\/\/wp.unil.ch\/metis\/wp-json\/wp\/v2\/tribe_events\/4477\/revisions\/4480"}],"wp:attachment":[{"href":"https:\/\/wp.unil.ch\/metis\/wp-json\/wp\/v2\/media?parent=4477"}],"wp:term":[{"taxonomy":"post_tag","embeddable":true,"href":"https:\/\/wp.unil.ch\/metis\/wp-json\/wp\/v2\/tags?post=4477"},{"taxonomy":"tribe_events_cat","embeddable":true,"href":"https:\/\/wp.unil.ch\/metis\/wp-json\/wp\/v2\/tribe_events_cat?post=4477"}],"curies":[{"name":"wp","href":"https:\/\/api.w.org\/{rel}","templated":true}]}}

<p><strong><a href="https://wp.unil.ch/metis/files/2022/01/Capture-décran-2022-01-17-à-00.21.50.png"><img alt="" loading="lazy" decoding="async" class="alignleft  wp-image-4478" src="https://wp.unil.ch/metis/files/2022/01/Capture-décran-2022-01-17-à-00.21.50.png" alt="" width="191" height="265" /></a>Vernissage de l’exposition « Photographie et horlogerie »,<b class=""> le jeudi 20 janvier à 18h00 au Musée suisse de l’appareil photographique à Vevey</b></strong></p>
<p>L’exposition et la publication qui l’accompagne sont le produit de recherches menées lors d&#8217;un séminaire de master offert dans le cadre du programme de spécialisation SHC au printemps 2020.</p>
<p><strong>Exposition ouverte du 20 janvier au 21 août 2022. Un certificat Covid 2G et un masque sont nécessaires pour accéder au musée.</strong></p>
<p><strong><a href="https://wp.unil.ch/metis/files/2022/01/PhotoHorlogerie_Invitation_Web.pdf" target="_blank" rel="noopener">Invitation et informations</a></strong></p>
<div class=""></div>

<p>Vernissage de l’exposition « Photographie et horlogerie », le jeudi 20 janvier à 18h00 au Musée suisse de l’appareil photographique à Vevey L’exposition et la publication qui l’accompagne sont le &hellip; </p>
