{"id":53,"date":"2017-05-12T10:06:44","date_gmt":"2017-05-12T08:06:44","guid":{"rendered":"http:\/\/wp.unil.ch\/metis\/?page_id=53"},"modified":"2021-02-25T22:49:36","modified_gmt":"2021-02-25T21:49:36","slug":"presentations-des-centres","status":"publish","type":"page","link":"https:\/\/wp.unil.ch\/metis\/presentations-des-centres\/","title":{"rendered":"Who we are"},"content":{"rendered":"<p><code><\/code><\/p>\n<p style=\"text-align: left\"><a class=\"logo\" href=\"https:\/\/www.chcsc.uvsq.fr\/\" target=\"_blank\" rel=\"noopener noreferrer\"><img loading=\"lazy\" decoding=\"async\" class=\"\" src=\"https:\/\/wp.unil.ch\/metis\/files\/2017\/08\/logo-sq-1.jpg\" alt=\"Centre d'Histoire culturelle des soci\u00e9t\u00e9s contemporaines\" width=\"197\" height=\"88\" \/><\/a><a class=\"logo\" href=\"https:\/\/centrostoriaculturale.org\/\" target=\"_blank\" rel=\"noopener noreferrer\"><img loading=\"lazy\" decoding=\"async\" class=\"\" src=\"https:\/\/wp.unil.ch\/metis\/files\/2017\/08\/logo-ita-1.jpg\" alt=\"Centro interuniversitario di storia culturale\" width=\"203\" height=\"91\" \/><\/a> <a class=\"logo\" href=\"https:\/\/unil.ch\/shc\/home.html\" target=\"_blank\" rel=\"noopener noreferrer\"><img loading=\"lazy\" decoding=\"async\" class=\"\" src=\"https:\/\/wp.unil.ch\/metis\/files\/2019\/12\/unilogo_bleu_72dpi.png\" alt=\"Centro interuniversitario di storia culturale\" width=\"187\" height=\"88\" \/><\/a><\/p>\n<p><em>[French and Italian texts below]<\/em><\/p>\n<p>The Metis cultural history network aims to highlight the collaboration between three European cultural history centres based respectively in France, Italy and Switzerland. These three institutional partners are the <a style=\"font-style: inherit;font-weight: inherit\" href=\"https:\/\/www.chcsc.uvsq.fr\/\">Centre d\u2019histoire culturelle des soci\u00e9t\u00e9s contemporaines (Laboratoire de l\u2019Universit\u00e9 de Versailles Saint-Quentin-en-Yvelines)<\/a>, the\u00a0<a style=\"font-style: inherit;font-weight: inherit\" href=\"https:\/\/centrostoriaculturale.org\/\">Centro Interuniversitario di Storia Culturale de l\u2019Universit\u00e9 de Padoue<\/a> and the\u00a0<a style=\"font-style: inherit;font-weight: inherit\" href=\"https:\/\/www.unil.ch\/shc\/fr\/home.html\">Centre des sciences historiques de la culture (SHC) de l\u2019Universit\u00e9 de Lausanne<\/a>. These interdisciplinary centres of competence offer teaching and research projects that are part of cultural history. While each centre has its own perspectives, three axes link the activities and research fields of the metis network.<\/p>\n<p>Thus the network aims to promote reflection on the circulation of knowledge, cultural transfers, exchanges and networks in a transnational perspective &#8211; on the European space on the one hand; on the Atlantic space (Europe-Americas) on the other hand. It also gives priority to the study and analysis of spectacular devices from an intermediary perspective, whether it is to favour certain objects such as exhibitions or a field such as audiovisual techniques; one of the common axes of the network is also to be found in the history of the theatre in its textual, scenic and media dimensions. Finally, a widely shared interest is constituted by a set of research activities on the exchanges and interrelationships between the language and visual arts: illustrated publishing, landscape theory and history, and comics.<\/p>\n<p>Through the selection of activities, publications and projects carried out by the network, metis&#8217; long-term ambition is to be a showcase for research in cultural history in Europe.<\/p>\n<p><img alt=\"\" loading=\"lazy\" decoding=\"async\" class=\"aligncenter wp-image-1544\" src=\"https:\/\/wp.unil.ch\/metis\/files\/2018\/10\/Capture-d\u2019e\u0301cran-2018-10-03-a\u0300-15.31.27.png\" alt=\"\" width=\"61\" height=\"79\" \/><\/p>\n<p>Le r\u00e9seau d\u2019histoire culturelle metis a la vocation de mettre en relief la collaboration entre trois centres d\u2019histoire culturelle europ\u00e9ens bas\u00e9s respectivement en France, en Italie et en Suisse. Ces trois partenaires institutionnels sont le\u00a0<a style=\"font-style: inherit;font-weight: inherit\" href=\"https:\/\/www.chcsc.uvsq.fr\/\">Centre d\u2019histoire culturelle des soci\u00e9t\u00e9s contemporaines (Laboratoire de l\u2019Universit\u00e9 de Versailles Saint-Quentin-en-Yvelines)<\/a>, le\u00a0<a style=\"font-style: inherit;font-weight: inherit\" href=\"https:\/\/centrostoriaculturale.org\/\">Centro Interuniversitario di Storia Culturale de l\u2019Universit\u00e9 de Padoue<\/a>\u00a0et le\u00a0<a style=\"font-style: inherit;font-weight: inherit\" href=\"https:\/\/www.unil.ch\/shc\/fr\/home.html\">Centre des sciences historiques de la culture (SHC) de l\u2019Universit\u00e9 de Lausanne<\/a>.\u00a0Ces p\u00f4les de comp\u00e9tences interdisciplinaires proposent des enseignements et des projets de recherches qui rel\u00e8vent de l\u2019histoire culturelle. Si chaque centre d\u00e9ploie ses propres perspectives, trois axes lient les activit\u00e9s et les champs de recherche du r\u00e9seau metis.<\/p>\n<p>Ainsi le r\u00e9seau entend promouvoir la r\u00e9flexion sur la circulation des savoirs, les transferts culturels, les \u00e9changes et les r\u00e9seaux dans une perspective transnationale \u2013 sur l\u2019espace europ\u00e9en d\u2019une part\u00a0; sur l\u2019espace atlantique (Europe-Am\u00e9riques) d\u2019autre part. Il privil\u00e9gie par ailleurs l\u2019\u00e9tude et l\u2019analyse des dispositifs spectaculaires dans une perspective interm\u00e9diale, qu\u2019il s\u2019agisse de privil\u00e9gier certains objets comme les expositions ou un domaine comme celui des techniques audiovisuelles\u00a0; l\u2019un des axes communs du r\u00e9seau est \u00e9galement \u00e0 trouver dans l\u2019histoire du th\u00e9\u00e2tre dans ses dimensions textuelles, sc\u00e9niques comme m\u00e9diatiques. Enfin, un int\u00e9r\u00eat largement partag\u00e9 est constitu\u00e9 par un ensemble d&#8217;activit\u00e9s de recherche portant sur les \u00e9changes et les interrelations entre les arts langagiers et visuels\u00a0: \u00e9dition illustr\u00e9e, th\u00e9orie et histoire du paysage ainsi que bande dessin\u00e9e.<\/p>\n<p>A travers la s\u00e9lection des activit\u00e9s, des publications et des projets men\u00e9s par le r\u00e9seau, l\u2019ambition \u00e0 long terme de metis est d\u2019\u00eatre une vitrine pour la recherche en histoire culturelle en Europe.<\/p>\n<p><img alt=\"\" loading=\"lazy\" decoding=\"async\" class=\"aligncenter wp-image-1544\" src=\"https:\/\/wp.unil.ch\/metis\/files\/2018\/10\/Capture-d\u2019e\u0301cran-2018-10-03-a\u0300-15.31.27.png\" alt=\"\" width=\"61\" height=\"79\" \/><\/p>\n<p>La rete di storia culturale di Metis mira a mettere in evidenza la collaborazione tra tre centri europei di storia culturale con sede rispettivamente in Francia, Italia e Svizzera. Questi tre partner istituzionali sono il <a href=\"https:\/\/www.chcsc.uvsq.fr\/\">Centre d\u2019histoire culturelle des soci\u00e9t\u00e9s contemporaines (Laboratoire de l\u2019Universit\u00e9 de Versailles Saint-Quentin-en-Yvelines<\/a>, il <a href=\"https:\/\/centrostoriaculturale.org\/\">Centro Interuniversitario di Storia Culturale <\/a>(Universit\u00e0 di Bologna, Padova, Pisa, Venezia, Verona, Salerno) e il <a href=\"https:\/\/www.unil.ch\/shc\/fr\/home.html\">Centre des sciences historiques de la culture (SHC) de l\u2019Universit\u00e9 de Lausanne<\/a>. Questi centri di competenza interdisciplinari offrono progetti di insegnamento e di ricerca che fanno parte della storia della cultura. Mentre ogni centro ha le proprie prospettive, tre assi collegano le attivit\u00e0 e i campi di ricerca della rete metis.<\/p>\n<p>La rete mira quindi a promuovere la riflessione sulla circolazione della conoscenza, i trasferimenti culturali, gli scambi e le reti in una prospettiva transnazionale: da un lato, lo spazio europeo, dall\u2019altro lo spazio atlantico (Europa-America). D\u00e0 inoltre priorit\u00e0 allo studio e all\u2019analisi di dispositivi spettacolari da una prospettiva intermedia, che si tratti di privilegiare alcuni oggetti come le mostre o un settore come le tecniche audiovisive; uno degli assi comuni della rete si ritrova anche nella storia del teatro nelle sue dimensioni testuale, scenica e mediatica. Infine, un interesse ampiamente condiviso \u00e8 costituito da un insieme di attivit\u00e0 di ricerca sugli scambi e le interrelazioni tra il linguaggio e le arti visive: editoria illustrata, teoria e storia del paesaggio e fumetto.<\/p>\n<p>Attraverso la selezione di attivit\u00e0, pubblicazioni e progetti realizzati dalla rete, l\u2019ambizione a lungo termine di metis \u00e8 di essere una vetrina per la ricerca sulla storia della cultura in Europa.<\/p>\n","protected":false},"excerpt":{"rendered":"<p>[French and Italian texts below] The Metis cultural history network aims to highlight the collaboration between three European cultural history centres based respectively in France, Italy and Switzerland. These three &hellip; <\/p>\n","protected":false},"author":1001537,"featured_media":0,"parent":0,"menu_order":0,"comment_status":"closed","ping_status":"closed","template":"","meta":{"_seopress_robots_primary_cat":"","_seopress_titles_title":"","_seopress_titles_desc":"","_seopress_robots_index":"","footnotes":""},"class_list":["post-53","page","type-page","status-publish"],"_links":{"self":[{"href":"https:\/\/wp.unil.ch\/metis\/wp-json\/wp\/v2\/pages\/53","targetHints":{"allow":["GET"]}}],"collection":[{"href":"https:\/\/wp.unil.ch\/metis\/wp-json\/wp\/v2\/pages"}],"about":[{"href":"https:\/\/wp.unil.ch\/metis\/wp-json\/wp\/v2\/types\/page"}],"author":[{"embeddable":true,"href":"https:\/\/wp.unil.ch\/metis\/wp-json\/wp\/v2\/users\/1001537"}],"replies":[{"embeddable":true,"href":"https:\/\/wp.unil.ch\/metis\/wp-json\/wp\/v2\/comments?post=53"}],"version-history":[{"count":0,"href":"https:\/\/wp.unil.ch\/metis\/wp-json\/wp\/v2\/pages\/53\/revisions"}],"wp:attachment":[{"href":"https:\/\/wp.unil.ch\/metis\/wp-json\/wp\/v2\/media?parent=53"}],"curies":[{"name":"wp","href":"https:\/\/api.w.org\/{rel}","templated":true}]}}