{"id":205,"date":"2025-05-22T09:53:36","date_gmt":"2025-05-22T07:53:36","guid":{"rendered":"https:\/\/wp.unil.ch\/lsdroit\/?page_id=205"},"modified":"2025-09-16T10:29:28","modified_gmt":"2025-09-16T08:29:28","slug":"enseignement","status":"publish","type":"page","link":"https:\/\/wp.unil.ch\/lsdroit\/enseignement\/","title":{"rendered":"Enseignement"},"content":{"rendered":"\n<p>Les membres du Lab&rsquo; Sant\u00e9 et Droit d\u00e9ploient une activit\u00e9 soutenue d\u2019<strong>enseignement du droit de la sant\u00e9<\/strong>, dispens\u00e9e dans plusieurs institutions acad\u00e9miques, en particulier l\u2019Universit\u00e9 de Lausanne (UNIL) et l\u2019\u00c9cole polytechnique f\u00e9d\u00e9rale de Lausanne (EPFL). Ils interviennent au sein de diff\u00e9rentes facult\u00e9s \u2013 notamment de droit ainsi que de biologie et m\u00e9decine \u2013 favorisant une approche interdisciplinaire.<\/p>\n\n\n\n<p>Parall\u00e8lement, le Lab&rsquo; Sant\u00e9 et Droit intervient r\u00e9guli\u00e8rement dans des <strong>programmes de formation continue<\/strong>, en particulier \u00e0 l\u2019intention des professionnel\u00b7le\u00b7s de la sant\u00e9, dans le but de renforcer leurs comp\u00e9tences juridiques face aux enjeux contemporains du syst\u00e8me de sant\u00e9 et de soins.<\/p>\n\n\n\n<p>Notre <strong>approche p\u00e9dagogique<\/strong> repose sur une philosophie explicite : favoriser le dialogue entre disciplines et nourrir l\u2019esprit critique \u00e0 l\u2019\u00e9gard de la place et des fonctions du droit dans le champ de la sant\u00e9. Chaque enseignement se veut ainsi un espace de r\u00e9flexion rigoureuse et de confrontation des savoirs, propice \u00e0 la construction d\u2019une expertise \u00e9clair\u00e9e et responsable.<\/p>\n\n\n\n<p>Exemples d&rsquo;enseignements assum\u00e9s par les membres du Lab&rsquo; Sant\u00e9 et Droit:<\/p>\n\n\n\n<ul class=\"wp-block-list\">\n<li><strong>Droit m\u00e9dical<\/strong> : \u00e9tude des principes et normes qui r\u00e9gissent l&rsquo;activit\u00e9 des professionnel.le.s de la sant\u00e9 la relation entre patient.e.s et professionnel.le.s de la sant\u00e9 (FDCA et FBM)<\/li>\n\n\n\n<li><strong>Biodroit<\/strong> : composante du droit de la sant\u00e9 qui s\u2019int\u00e9resse \u00e0 l\u2019ensemble des normes juridiques qui traduisent les choix soci\u00e9taux en mati\u00e8re de bio\u00e9thique et d\u2019encadrement des pratiques biom\u00e9dicales (FDCA)<\/li>\n\n\n\n<li><strong>Digital Health &amp; International Human Rights Law<\/strong> (EPFL et FDCA): \u00e9tude des interactions entre droits fondamentaux et utilisation de solutions num\u00e9riques et l\u2019intelligence artificielle dans le domaine de la sant\u00e9.<\/li>\n\n\n\n<li><strong>Droit du vivant et enjeux juridiques des biosciences<\/strong> : \u00e9tude des normes juridiques de protection de la personne humaine, des animaux et de la biodiversit\u00e9 ainsi que les normes relatives \u00e0 la brevetabilit\u00e9 du vivant.<\/li>\n<\/ul>\n\n\n\n<p><\/p>\n","protected":false},"excerpt":{"rendered":"<p>Les membres du Lab&rsquo; Sant\u00e9 et Droit d\u00e9ploient une activit\u00e9 soutenue d\u2019enseignement du droit de la sant\u00e9, dispens\u00e9e dans plusieurs institutions acad\u00e9miques, en particulier l\u2019Universit\u00e9 de Lausanne (UNIL)&hellip;<\/p>\n","protected":false},"author":1002336,"featured_media":0,"parent":0,"menu_order":0,"comment_status":"closed","ping_status":"closed","template":"template-full-width.php","meta":{"_seopress_robots_primary_cat":"","_seopress_titles_title":"","_seopress_titles_desc":"","_seopress_robots_index":"","footnotes":""},"class_list":["post-205","page","type-page","status-publish","has-post-thumbnail"],"_links":{"self":[{"href":"https:\/\/wp.unil.ch\/lsdroit\/wp-json\/wp\/v2\/pages\/205","targetHints":{"allow":["GET"]}}],"collection":[{"href":"https:\/\/wp.unil.ch\/lsdroit\/wp-json\/wp\/v2\/pages"}],"about":[{"href":"https:\/\/wp.unil.ch\/lsdroit\/wp-json\/wp\/v2\/types\/page"}],"author":[{"embeddable":true,"href":"https:\/\/wp.unil.ch\/lsdroit\/wp-json\/wp\/v2\/users\/1002336"}],"replies":[{"embeddable":true,"href":"https:\/\/wp.unil.ch\/lsdroit\/wp-json\/wp\/v2\/comments?post=205"}],"version-history":[{"count":4,"href":"https:\/\/wp.unil.ch\/lsdroit\/wp-json\/wp\/v2\/pages\/205\/revisions"}],"predecessor-version":[{"id":486,"href":"https:\/\/wp.unil.ch\/lsdroit\/wp-json\/wp\/v2\/pages\/205\/revisions\/486"}],"wp:attachment":[{"href":"https:\/\/wp.unil.ch\/lsdroit\/wp-json\/wp\/v2\/media?parent=205"}],"curies":[{"name":"wp","href":"https:\/\/api.w.org\/{rel}","templated":true}]}}