{"id":10,"date":"2017-10-10T14:17:45","date_gmt":"2017-10-10T12:17:45","guid":{"rendered":"http:\/\/wp.unil.ch\/llist\/?page_id=10"},"modified":"2025-12-10T12:54:43","modified_gmt":"2025-12-10T11:54:43","slug":"membres","status":"publish","type":"page","link":"https:\/\/wp.unil.ch\/llist\/membres\/","title":{"rendered":"Membres"},"content":{"rendered":"<table style=\"width: 100%\"><colgroup> <col span=\"2\" \/> <col span=\"3\" \/> <\/colgroup>\n<tbody>\n<tr><!-- Francois -->\n<td><img loading=\"lazy\" decoding=\"async\" class=\"aligncenter\" src=\"https:\/\/wp.unil.ch\/llist\/files\/2017\/10\/map_hard_minmodc_kappa0-0_t1_r1_exmh_b950-0_a0-1-264x300.png\" alt=\"\" width=\"171\" height=\"195\" \/><\/td>\n<td><strong>Fran\u00e7ois Bavaud<\/strong> est professeur associ\u00e9 de m\u00e9thodes quantitatives \u00e0 la section des sciences du langage et de l&rsquo;information (facult\u00e9 des Lettres) et \u00e0 l&rsquo;institut de g\u00e9ographie et durabilit\u00e9 (facult\u00e9 des G\u00e9osciences et de l&rsquo;Environnement). Th\u00e8mes de recherche: partitionnement des r\u00e9seaux, autocorr\u00e9lation spatiale et textuelle, th\u00e9orie de l&rsquo;information, m\u00e9thodes factorielles, indices de diversit\u00e9 effective.<\/td>\n<\/tr>\n<tr><!-- Pascale -->\n<td><img alt=\"\" loading=\"lazy\" decoding=\"async\" class=\"alignnone size-full wp-image-755\" src=\"https:\/\/wp.unil.ch\/llist\/files\/2020\/03\/Photo_Pascale.jpg\" alt=\"\" width=\"171\" height=\"171\" srcset=\"https:\/\/wp.unil.ch\/llist\/files\/2020\/03\/Photo_Pascale.jpg 200w, https:\/\/wp.unil.ch\/llist\/files\/2020\/03\/Photo_Pascale-150x150.jpg 150w, https:\/\/wp.unil.ch\/llist\/files\/2020\/03\/Photo_Pascale-90x90.jpg 90w\" sizes=\"auto, (max-width: 171px) 100vw, 171px\" \/><\/td>\n<td><strong>Pascale Deneulin<\/strong> est professeure d&rsquo;analyse sensorielle et statistiques \u00e0 la HES de Changins et doctorante \u00e0 la section des sciences du langage et de l&rsquo;information de la Facult\u00e9 des lettres de l&rsquo;Universit\u00e9 de Lausanne. Ses recherches portent sur l&rsquo;analyse des questions ouvertes afin de mieux comprendre les concepts sensoriels et sur l&rsquo;analyse automatique des commentaires de d\u00e9gustation. Gagnante suisse de Ma th\u00e8se en 180 secondes, elle a un attrait particulier \u00e0 valoriser la science aupr\u00e8s du grand public.<\/td>\n<\/tr>\n<tr><!-- Mattia -->\n<td>\u00a0<\/td>\n<td><strong>Mattia Egloff<\/strong> est assistant dipl\u00f4m\u00e9 et doctorant de la section des sciences du langage et de l&rsquo;information. Th\u00e8mes de recherche: traitement informatique de textes litt\u00e9raires, r\u00e9seaux de personnages, caract\u00e9risation automatique de personnages, traitement du langage naturel.<\/td>\n<\/tr>\n<tr><!-- Guillaume -->\n<td><img alt=\"\" loading=\"lazy\" decoding=\"async\" class=\"alignnone size-full wp-image-765\" src=\"https:\/\/wp.unil.ch\/llist\/files\/2020\/06\/portrait_2.jpg\" alt=\"\" width=\"171\" height=\"171\" srcset=\"https:\/\/wp.unil.ch\/llist\/files\/2020\/06\/portrait_2.jpg 171w, https:\/\/wp.unil.ch\/llist\/files\/2020\/06\/portrait_2-150x150.jpg 150w, https:\/\/wp.unil.ch\/llist\/files\/2020\/06\/portrait_2-90x90.jpg 90w\" sizes=\"auto, (max-width: 171px) 100vw, 171px\" \/><\/td>\n<td><strong>Guillaume Guex<\/strong> est premier assistant de la section des sciences du langage et de l\u2019information. Math\u00e9maticien de formation, ses domaines de recherche comprennent les r\u00e9seaux spatiaux, le d\u00e9veloppement de nouvelles m\u00e9thodes statistiques et de <em>machine learning<\/em>, ainsi que l\u2019\u00e9tude des <em>words embeddings <\/em>appliqu\u00e9s \u00e0 des corpus diachroniques. Il appr\u00e9cie particuli\u00e8rement trouver des synergies entre diff\u00e9rents champs de recherche et ses contributions s\u2019\u00e9tendent \u00e0 des domaines vari\u00e9s tels que la g\u00e9ographie, la linguistique quantitative et l\u2019histoire \u00e9conomique.<\/td>\n<\/tr>\n<tr><!-- Coline -->\n<td><img alt=\"\" loading=\"lazy\" decoding=\"async\" class=\"size-full wp-image-761\" src=\"https:\/\/wp.unil.ch\/llist\/files\/2020\/06\/IMG_23513.jpg\" alt=\"\" width=\"171\" height=\"171\" srcset=\"https:\/\/wp.unil.ch\/llist\/files\/2020\/06\/IMG_23513.jpg 171w, https:\/\/wp.unil.ch\/llist\/files\/2020\/06\/IMG_23513-150x150.jpg 150w, https:\/\/wp.unil.ch\/llist\/files\/2020\/06\/IMG_23513-90x90.jpg 90w\" sizes=\"auto, (max-width: 171px) 100vw, 171px\" \/><\/td>\n<td><strong>Coline M\u00e9trailler<\/strong> est assistante dipl\u00f4m\u00e9e et doctorante de la section des sciences du langage et de l\u2019information. Th\u00e8mes de recherche: r\u00e9seaux de personnages, traitement informatique de textes litt\u00e9raires, reconnaissance automatique d&rsquo;entit\u00e9s nomm\u00e9es, automatisation de la g\u00e9n\u00e9ration de r\u00e9seaux de personnages, traitement du langage naturel, adaptation des r\u00e9seaux de personnages \u00e0 diff\u00e9rents m\u00e9dias (jeux vid\u00e9o, litt\u00e9rature, films, th\u00e9\u00e2tre, etc.).<\/td>\n<\/tr>\n<tr><!-- Isaac -->\n<td><img alt=\"\" loading=\"lazy\" decoding=\"async\" class=\"alignnone size-full wp-image-751\" src=\"https:\/\/wp.unil.ch\/llist\/files\/2019\/10\/isaac.png\" alt=\"\" width=\"171\" height=\"171\" srcset=\"https:\/\/wp.unil.ch\/llist\/files\/2019\/10\/isaac.png 150w, https:\/\/wp.unil.ch\/llist\/files\/2019\/10\/isaac-90x90.png 90w\" sizes=\"auto, (max-width: 171px) 100vw, 171px\" \/><\/td>\n<td><strong>Isaac Pante<\/strong> est maitre d&rsquo;enseignement et de recherche en culture et \u00e9dition num\u00e9rique \u00e0 la section des sciences du langage et de l&rsquo;information. Ecrivain et programmeur, il d\u00e9fend l&rsquo;hybridation disciplinaire et contribue \u00e0 l&#8217;empowerment digital des \u00e9tudiant\u00b7e\u00b7s SHS. Depuis avril 2019, il est charg\u00e9 de mission scientifique dans le cadre de la transition num\u00e9rique pour la Direction de l&rsquo;UNIL. Il est par ailleurs co-fondateur de l&rsquo;UNIL Gamelab, groupe d&rsquo;\u00e9tude d\u00e9di\u00e9 \u00e0 l&rsquo;\u00e9tude du jeu vid\u00e9o. Ses int\u00e9r\u00eats de recherche portent en particulier sur les nouvelles mani\u00e8res de lire, d&rsquo;\u00e9crire et de mettre le texte en jeu au travers de divers dispositifs de visualisation.<\/td>\n<\/tr>\n<tr><!-- Davide -->\n<td><img loading=\"lazy\" decoding=\"async\" class=\"aligncenter\" src=\"https:\/\/wp.unil.ch\/llist\/files\/2018\/03\/davide-150x150.jpg\" alt=\"\" width=\"171\" height=\"171\" \/><\/td>\n<td>Apr\u00e8s avoir fait des \u00e9tudes en Philosophie, Psychologie et Informatique, <strong>Davide Picca<\/strong> est aujourd&rsquo;hui maitre d&rsquo;enseignement et de recherche en informatique pour les sciences humaines et web s\u00e9mantique \u00e0 l&rsquo;Unil. Sa recherche porte sur le d\u00e9veloppement de m\u00e9thodes pour l&rsquo;analyse et le profilage automatique de traits psychologiques par le biais du traitement automatique du langage naturel.<\/td>\n<\/tr>\n<tr><!-- Michael -->\n<td><img loading=\"lazy\" decoding=\"async\" class=\"aligncenter\" src=\"https:\/\/wp.unil.ch\/llist\/files\/2018\/02\/mxp_talk-150x150.jpg\" alt=\"\" width=\"171\" height=\"171\" \/><\/td>\n<td><strong>Michael Piotrowski<\/strong> est professeur associ\u00e9 en humanit\u00e9s num\u00e9riques \u00e0 la section des sciences du langage et de l&rsquo;information (SLI) de la Facult\u00e9 des lettres de l&rsquo;Universit\u00e9 de Lausanne. Ses int\u00e9r\u00eats de recherche principaux portent sur la repr\u00e9sentation du savoir et la mod\u00e9lisation formelle dans le domaine des lettres et le traitement automatique des textes historiques. Il est auteur du premier manuel sur le traitement automatique des textes historiques, <a href=\"https:\/\/doi.org\/10.2200\/S00436ED1V01Y201207HLT017\">Natural Language Processing for Historical Texts<\/a> (Morgan &amp; Claypool, 2012), ainsi que copr\u00e9sident de la s\u00e9rie d&rsquo;ateliers internationaux <a href=\"https:\/\/sfcm.eu\">Systems and Frameworks for Computational Morphology<\/a>.<hr \/>\n<p><a href=\"https:\/\/www.unil.ch\/sli\/michaelpiotrowski\">Page SLI<\/a><br \/><a href=\"https:\/\/dynalabs.de\/mxp\/\">Page personnelle<\/a><\/p>\n<\/td>\n<\/tr>\n<tr><!-- Loris -->\n<td><img loading=\"lazy\" decoding=\"async\" class=\"aligncenter\" src=\"https:\/\/media.licdn.com\/dms\/image\/v2\/C4E03AQF0MU3lw_ExpQ\/profile-displayphoto-shrink_200_200\/profile-displayphoto-shrink_200_200\/0\/1661155291996?e=2147483647&amp;v=beta&amp;t=LgLHK1kp_qTuKAbaBszC1A3vv-54mG234PyfJ-h8DBo\" alt=\"\" width=\"171\" height=\"171\" \/><\/td>\n<td><strong>Loris Rimaz<\/strong> est assistant dipl\u00f4m\u00e9 et doctorant de la Section des Sciences du Langage et de l\u2019Information. Il est \u00e9galement collaborateur scientifique au GameLab de Lausanne. Ses int\u00e9r\u00eats de recherches concernent principalement les jeux vid\u00e9o, en particulier leurs aspects logiciels (analyse de code, traitement de donn\u00e9es).<hr \/>\n<p><a href=\"https:\/\/digitaldw.github.io\/Loris-Rimaz\/\">CV acad\u00e9mique<\/a>.<br \/><a href=\"https:\/\/github.com\/DigitalDW\">Github<\/a>.<\/p>\n<\/td>\n<\/tr>\n<tr><!-- Yannick -->\n<td><img loading=\"lazy\" decoding=\"async\" class=\"aligncenter\" src=\"https:\/\/wp.unil.ch\/llist\/files\/2017\/10\/IMG_20151023_215919-02-150x150.jpeg\" alt=\"\" width=\"171\" height=\"171\" \/><\/td>\n<td><strong>Yannick Rochat<\/strong> est collaborateur scientifique et charg\u00e9 de cours \u00e0 l&rsquo;EPFL, m\u00e9diateur scientifique \u00e0 l&rsquo;UNIL, et anciennement premier assistant en section des sciences du langage et de l&rsquo;information de la facult\u00e9 des lettres de l&rsquo;UNIL. Math\u00e9maticien EPFL, Dr. SSP UNIL, il est co-fondateur de l&rsquo;UNIL Gamelab, groupe d&rsquo;\u00e9tude sur le jeu vid\u00e9o de l&rsquo;UNIL.<hr \/>\n<p><a href=\"https:\/\/yro.ch\/\">Site personnel<\/a>.<br \/><a href=\"https:\/\/blogs.letemps.ch\/yannick-rochat\/\">Blog jeux vid\u00e9o<\/a>.<br \/><a href=\"https:\/\/github.com\/yrochat\">Github<\/a>.<\/p>\n<\/td>\n<\/tr>\n<tr><!-- Aris -->\n<td><img loading=\"lazy\" decoding=\"async\" class=\"aligncenter\" src=\"https:\/\/wp.unil.ch\/llist\/files\/2017\/10\/photo-150x150.jpg\" alt=\"\" width=\"171\" height=\"171\" \/><\/td>\n<td>Linguiste de formation,<strong> Aris Xanthos<\/strong> est maitre d&rsquo;enseignement et de recherche en informatique pour les sciences humaines \u00e0 la section des sciences du langage et de l&rsquo;information de l&rsquo;Unil. Sa recherche porte sur le d\u00e9veloppement de m\u00e9thodes et d&rsquo;interfaces innovantes pour l&rsquo;analyse des donn\u00e9es de SHS, en particulier leurs aspects linguistiques et textuels. Il est aussi l&rsquo;auteur de plusieurs logiciels open source, dont <a href=\"https:\/\/textable.io\" target=\"_blank\" rel=\"noopener noreferrer\">Textable<\/a>, un environnement de programmation visuelle pour l&rsquo;analyse de texte.<\/td>\n<\/tr>\n<\/tbody>\n<\/table>\n\n\n<p><\/p>\n","protected":false},"excerpt":{"rendered":"<p>Fran\u00e7ois Bavaud est professeur associ\u00e9 de m\u00e9thodes quantitatives \u00e0 la section des sciences du langage et de l&rsquo;information (facult\u00e9 des Lettres) et \u00e0 l&rsquo;institut de g\u00e9ographie et durabilit\u00e9 (facult\u00e9 des &hellip; <\/p>\n","protected":false},"author":1001641,"featured_media":0,"parent":0,"menu_order":0,"comment_status":"closed","ping_status":"closed","template":"","meta":{"_seopress_robots_primary_cat":"","_seopress_titles_title":"","_seopress_titles_desc":"","_seopress_robots_index":"","footnotes":""},"class_list":["post-10","page","type-page","status-publish"],"_links":{"self":[{"href":"https:\/\/wp.unil.ch\/llist\/wp-json\/wp\/v2\/pages\/10","targetHints":{"allow":["GET"]}}],"collection":[{"href":"https:\/\/wp.unil.ch\/llist\/wp-json\/wp\/v2\/pages"}],"about":[{"href":"https:\/\/wp.unil.ch\/llist\/wp-json\/wp\/v2\/types\/page"}],"author":[{"embeddable":true,"href":"https:\/\/wp.unil.ch\/llist\/wp-json\/wp\/v2\/users\/1001641"}],"replies":[{"embeddable":true,"href":"https:\/\/wp.unil.ch\/llist\/wp-json\/wp\/v2\/comments?post=10"}],"version-history":[{"count":3,"href":"https:\/\/wp.unil.ch\/llist\/wp-json\/wp\/v2\/pages\/10\/revisions"}],"predecessor-version":[{"id":989,"href":"https:\/\/wp.unil.ch\/llist\/wp-json\/wp\/v2\/pages\/10\/revisions\/989"}],"wp:attachment":[{"href":"https:\/\/wp.unil.ch\/llist\/wp-json\/wp\/v2\/media?parent=10"}],"curies":[{"name":"wp","href":"https:\/\/api.w.org\/{rel}","templated":true}]}}