{"id":193,"date":"2023-07-20T11:34:39","date_gmt":"2023-07-20T09:34:39","guid":{"rendered":"https:\/\/wp.unil.ch\/libellus\/?page_id=193"},"modified":"2024-02-06T09:28:08","modified_gmt":"2024-02-06T08:28:08","slug":"articles","status":"publish","type":"page","link":"https:\/\/wp.unil.ch\/libellus\/articles\/","title":{"rendered":"On en parle !"},"content":{"rendered":"\n<p>Faites-nous parvenir les recensions, articles, podcasts, sorties de livres et autres parlant de votre publication ! <a href=\"https:\/\/wp.unil.ch\/libellus\/wp-admin\/post.php?post=210&amp;action=edit\">Contactez-nous<\/a>.<\/p>\n\n\n\n<div class=\"wp-block-media-text is-stacked-on-mobile\" style=\"grid-template-columns:20% auto\"><figure class=\"wp-block-media-text__media\"><a href=\"https:\/\/wp.unil.ch\/libellus\/pas-de-langue-de-bois\/\"><img loading=\"lazy\" decoding=\"async\" width=\"523\" height=\"944\" src=\"https:\/\/wp.unil.ch\/libellus\/files\/2023\/10\/Couv-Pas-de-langue-de-bois-1re-523x99999-1.jpg\" alt=\"Pas de langue de bois !\" class=\"wp-image-890 size-full\" srcset=\"https:\/\/wp.unil.ch\/libellus\/files\/2023\/10\/Couv-Pas-de-langue-de-bois-1re-523x99999-1.jpg 523w, https:\/\/wp.unil.ch\/libellus\/files\/2023\/10\/Couv-Pas-de-langue-de-bois-1re-523x99999-1-166x300.jpg 166w\" sizes=\"auto, (max-width: 523px) 100vw, 523px\" \/><\/a><\/figure><div class=\"wp-block-media-text__content\">\n<p><a href=\"https:\/\/www.rts.ch\/audio-podcast\/2023\/audio\/les-mots-pour-se-dire-26173006.html\" target=\"_blank\" rel=\"noreferrer noopener\">Les mots pour se dire &#8211; RTS<\/a><\/p>\n<\/div><\/div>\n\n\n\n<div class=\"wp-block-media-text is-stacked-on-mobile\" style=\"grid-template-columns:20% auto\"><figure class=\"wp-block-media-text__media\"><a href=\"https:\/\/wp.unil.ch\/libellus\/inegalites-de-sante\/\"><img loading=\"lazy\" decoding=\"async\" width=\"684\" height=\"1024\" src=\"https:\/\/wp.unil.ch\/libellus\/files\/2023\/10\/9782825713167_georg_georg_inegalites_de_sante-684x1024.jpg\" alt=\"In\u00e9galit\u00e9s de sant\u00e9\" class=\"wp-image-819 size-full\" srcset=\"https:\/\/wp.unil.ch\/libellus\/files\/2023\/10\/9782825713167_georg_georg_inegalites_de_sante-684x1024.jpg 684w, https:\/\/wp.unil.ch\/libellus\/files\/2023\/10\/9782825713167_georg_georg_inegalites_de_sante-200x300.jpg 200w, https:\/\/wp.unil.ch\/libellus\/files\/2023\/10\/9782825713167_georg_georg_inegalites_de_sante-768x1151.jpg 768w, https:\/\/wp.unil.ch\/libellus\/files\/2023\/10\/9782825713167_georg_georg_inegalites_de_sante-540x809.jpg 540w, https:\/\/wp.unil.ch\/libellus\/files\/2023\/10\/9782825713167_georg_georg_inegalites_de_sante.jpg 801w\" sizes=\"auto, (max-width: 684px) 100vw, 684px\" \/><\/a><\/figure><div class=\"wp-block-media-text__content\">\n<p><a href=\"https:\/\/www.rts.ch\/audio-podcast\/2023\/audio\/inegalites-sociales-de-sante-26150320.html\">In\u00e9galit\u00e9s <\/a><a href=\"https:\/\/www.rts.ch\/audio-podcast\/2023\/audio\/inegalites-sociales-de-sante-26150320.html\" target=\"_blank\" rel=\"noreferrer noopener\">sociales <\/a><a href=\"https:\/\/www.rts.ch\/audio-podcast\/2023\/audio\/inegalites-sociales-de-sante-26150320.html\">de sant\u00e9 &#8211; RTS<\/a><\/p>\n\n\n\n<p><a href=\"https:\/\/www.reiso.org\/actualites\/fil-de-l-actu\/10895-inegalites-de-sante-a-qui-la-faute\">REISO &#8211; <\/a><a href=\"https:\/\/www.reiso.org\/actualites\/fil-de-l-actu\/10895-inegalites-de-sante-a-qui-la-faute\" target=\"_blank\" rel=\"noreferrer noopener\">In\u00e9galit\u00e9s <\/a><a href=\"https:\/\/www.reiso.org\/actualites\/fil-de-l-actu\/10895-inegalites-de-sante-a-qui-la-faute\">de sant\u00e9, \u00e0 qui la faute?<\/a><\/p>\n<\/div><\/div>\n\n\n\n<div class=\"wp-block-media-text is-stacked-on-mobile\" style=\"grid-template-columns:20% auto\"><figure class=\"wp-block-media-text__media\"><a href=\"https:\/\/wp.unil.ch\/libellus\/inhospitalites-hospitalieres\/\"><img loading=\"lazy\" decoding=\"async\" width=\"583\" height=\"825\" src=\"https:\/\/wp.unil.ch\/libellus\/files\/2023\/10\/inhospitalites1.png\" alt=\"(in)hospitalit\u00e9s hospitali\u00e8res\" class=\"wp-image-812 size-full\" srcset=\"https:\/\/wp.unil.ch\/libellus\/files\/2023\/10\/inhospitalites1.png 583w, https:\/\/wp.unil.ch\/libellus\/files\/2023\/10\/inhospitalites1-212x300.png 212w, https:\/\/wp.unil.ch\/libellus\/files\/2023\/10\/inhospitalites1-540x764.png 540w\" sizes=\"auto, (max-width: 583px) 100vw, 583px\" \/><\/a><\/figure><div class=\"wp-block-media-text__content\">\n<p><a href=\"https:\/\/www.rts.ch\/play\/tv\/la-matinale\/video\/linvitee-de-la-matinale-beatrice-schaad-professeure-a-lunil-directrice-de-la-communication-du-chuv?urn=urn:rts:video:13883168\" target=\"_blank\" rel=\"noreferrer noopener\">(in)hospitalit\u00e9s hospitali\u00e8res &#8211; RTS<\/a><\/p>\n\n\n\n<p><a href=\"https:\/\/wp.unil.ch\/libellus\/wp-admin\/post.php?post=907&amp;action=edit\" target=\"_blank\" rel=\"noreferrer noopener\">Recensions : Lib\u00e9ration et Le Matin Dimanche<\/a><\/p>\n\n\n\n<p><a href=\"https:\/\/competence.ch\/fr\/valoriser-la-discussion-entre-soignant%e2%88%99e-et-patient%e2%88%99e-est-capital\/\" target=\"_blank\" rel=\"noreferrer noopener\">Interview<\/a><\/p>\n<\/div><\/div>\n\n\n\n<div class=\"wp-block-media-text is-stacked-on-mobile\" style=\"grid-template-columns:20% auto\"><figure class=\"wp-block-media-text__media\"><a href=\"https:\/\/wp.unil.ch\/libellus\/sante-et-environnement\/\"><img loading=\"lazy\" decoding=\"async\" width=\"606\" height=\"864\" src=\"https:\/\/wp.unil.ch\/libellus\/files\/2023\/10\/couv-sante_et_environnement_1.jpg\" alt=\"Sant\u00e9 et environnement\" class=\"wp-image-805 size-full\" srcset=\"https:\/\/wp.unil.ch\/libellus\/files\/2023\/10\/couv-sante_et_environnement_1.jpg 606w, https:\/\/wp.unil.ch\/libellus\/files\/2023\/10\/couv-sante_et_environnement_1-210x300.jpg 210w, https:\/\/wp.unil.ch\/libellus\/files\/2023\/10\/couv-sante_et_environnement_1-540x770.jpg 540w\" sizes=\"auto, (max-width: 606px) 100vw, 606px\" \/><\/a><\/figure><div class=\"wp-block-media-text__content\">\n<p><a href=\"https:\/\/www.reiso.org\/actualites\/fil-de-l-actu\/actualites\/10123-sante-environnementale-publication-d-un-ouvrage-reference\">REISO &#8211; <\/a><a href=\"https:\/\/www.reiso.org\/actualites\/fil-de-l-actu\/actualites\/10123-sante-environnementale-publication-d-un-ouvrage-reference\" target=\"_blank\" rel=\"noreferrer noopener\">Sant\u00e9 <\/a><a href=\"https:\/\/www.reiso.org\/actualites\/fil-de-l-actu\/actualites\/10123-sante-environnementale-publication-d-un-ouvrage-reference\">environnementale: publication d\u2019un ouvrage r\u00e9f\u00e9rence<\/a><\/p>\n\n\n\n<p><a href=\"https:\/\/wp.unil.ch\/libellus\/wp-admin\/post.php?post=904&amp;action=edit\">Recension : Revue<\/a><a href=\"https:\/\/wp.unil.ch\/libellus\/wp-admin\/post.php?post=904&amp;action=edit\" target=\"_blank\" rel=\"noreferrer noopener\"> <\/a><a href=\"https:\/\/wp.unil.ch\/libellus\/wp-admin\/post.php?post=904&amp;action=edit\">Prescrire<\/a><\/p>\n<\/div><\/div>\n\n\n\n<div class=\"wp-block-media-text is-stacked-on-mobile\" style=\"grid-template-columns:20% auto\"><figure class=\"wp-block-media-text__media\"><a href=\"https:\/\/wp.unil.ch\/libellus\/vulnerabilites-diversites-et-equite-en-sante\/\"><img loading=\"lazy\" decoding=\"async\" width=\"320\" height=\"457\" src=\"https:\/\/wp.unil.ch\/libellus\/files\/2023\/07\/vulnerabilites-couverture-1-595x850_1_i320.png\" alt=\"Vuln\u00e9rabilit\u00e9s, diversit\u00e9s et \u00e9quit\u00e9 en sant\u00e9\" class=\"wp-image-246 size-full\" srcset=\"https:\/\/wp.unil.ch\/libellus\/files\/2023\/07\/vulnerabilites-couverture-1-595x850_1_i320.png 320w, https:\/\/wp.unil.ch\/libellus\/files\/2023\/07\/vulnerabilites-couverture-1-595x850_1_i320-210x300.png 210w\" sizes=\"auto, (max-width: 320px) 100vw, 320px\" \/><\/a><\/figure><div class=\"wp-block-media-text__content\">\n<p><a href=\"https:\/\/bullmed.ch\/article\/doi\/bms.2022.20791\">Bulletin des m\u00e9decins suisses &#8211; <\/a><a href=\"https:\/\/bullmed.ch\/article\/doi\/bms.2022.20791\" target=\"_blank\" rel=\"noreferrer noopener\">Critiques <\/a><a href=\"https:\/\/bullmed.ch\/article\/doi\/bms.2022.20791\">de livres<\/a><\/p>\n\n\n\n<p><a href=\"https:\/\/www.cairn.info\/revue-sante-publique-2022-2-page-319.htm\">Analyses de livres | <\/a><a href=\"https:\/\/www.cairn.info\/revue-sante-publique-2022-2-page-319.htm\" target=\"_blank\" rel=\"noreferrer noopener\">Cairn<\/a><a href=\"https:\/\/www.cairn.info\/revue-sante-publique-2022-2-page-319.htm\">.info<\/a><\/p>\n<\/div><\/div>\n\n\n\n<div class=\"wp-block-media-text is-stacked-on-mobile\" style=\"grid-template-columns:20% auto\"><figure class=\"wp-block-media-text__media\"><a href=\"https:\/\/wp.unil.ch\/libellus\/jai-peur-de-les-oublier\/\"><img loading=\"lazy\" decoding=\"async\" width=\"596\" height=\"896\" src=\"https:\/\/wp.unil.ch\/libellus\/files\/2023\/07\/peur-oublier.jpg\" alt=\"J'ai peur de les oublier\" class=\"wp-image-314 size-full\" srcset=\"https:\/\/wp.unil.ch\/libellus\/files\/2023\/07\/peur-oublier.jpg 596w, https:\/\/wp.unil.ch\/libellus\/files\/2023\/07\/peur-oublier-200x300.jpg 200w, https:\/\/wp.unil.ch\/libellus\/files\/2023\/07\/peur-oublier-540x812.jpg 540w\" sizes=\"auto, (max-width: 596px) 100vw, 596px\" \/><\/a><\/figure><div class=\"wp-block-media-text__content\">\n<p><a href=\"https:\/\/revuelautre.com\/lire-voir-ecouter\/livre\/jai-peur-de-les-oublier\/\">J\u2019ai <\/a><a href=\"https:\/\/revuelautre.com\/lire-voir-ecouter\/livre\/jai-peur-de-les-oublier\/\" target=\"_blank\" rel=\"noreferrer noopener\">peur <\/a><a href=\"https:\/\/revuelautre.com\/lire-voir-ecouter\/livre\/jai-peur-de-les-oublier\/\">de les oublier &#8211; Revue L&rsquo;autre <\/a><\/p>\n<\/div><\/div>\n\n\n\n<div class=\"wp-block-media-text is-stacked-on-mobile\" style=\"grid-template-columns:20% auto\"><figure class=\"wp-block-media-text__media\"><a href=\"https:\/\/wp.unil.ch\/libellus\/don-et-transplantation-dorganes-en-suisse\/\"><img loading=\"lazy\" decoding=\"async\" width=\"681\" height=\"1024\" src=\"https:\/\/wp.unil.ch\/libellus\/files\/2023\/09\/don_d_organe-681x1024.png\" alt=\"Don et transplantation d'organes en Suisse\" class=\"wp-image-797 size-full\" srcset=\"https:\/\/wp.unil.ch\/libellus\/files\/2023\/09\/don_d_organe-681x1024.png 681w, https:\/\/wp.unil.ch\/libellus\/files\/2023\/09\/don_d_organe-200x300.png 200w, https:\/\/wp.unil.ch\/libellus\/files\/2023\/09\/don_d_organe-768x1155.png 768w, https:\/\/wp.unil.ch\/libellus\/files\/2023\/09\/don_d_organe-540x812.png 540w, https:\/\/wp.unil.ch\/libellus\/files\/2023\/09\/don_d_organe.png 798w\" sizes=\"auto, (max-width: 681px) 100vw, 681px\" \/><\/a><\/figure><div class=\"wp-block-media-text__content\">\n<p><a href=\"https:\/\/www.reiso.org\/actualites\/fil-de-l-actu\/7734-don-d-organes-dompter-l-etrangete\">REISO &#8211; Actualit\u00e9s &#8211; <\/a><a href=\"https:\/\/www.reiso.org\/actualites\/fil-de-l-actu\/7734-don-d-organes-dompter-l-etrangete\" target=\"_blank\" rel=\"noreferrer noopener\">Don <\/a><a href=\"https:\/\/www.reiso.org\/actualites\/fil-de-l-actu\/7734-don-d-organes-dompter-l-etrangete\">d\u2019organes: dompter l\u2019\u00e9tranget\u00e9<\/a><\/p>\n<\/div><\/div>\n","protected":false},"excerpt":{"rendered":"<p>Faites-nous parvenir les recensions, articles, podcasts, sorties de livres et autres parlant de votre publication ! Contactez-nous. Les mots pour se dire &#8211; RTS In\u00e9galit\u00e9s sociales de sant\u00e9&hellip;<\/p>\n","protected":false},"author":1002650,"featured_media":0,"parent":0,"menu_order":0,"comment_status":"closed","ping_status":"closed","template":"template-full-width.php","meta":{"_seopress_robots_primary_cat":"","_seopress_titles_title":"","_seopress_titles_desc":"","_seopress_robots_index":"","footnotes":""},"class_list":["post-193","page","type-page","status-publish","has-post-thumbnail"],"_links":{"self":[{"href":"https:\/\/wp.unil.ch\/libellus\/wp-json\/wp\/v2\/pages\/193","targetHints":{"allow":["GET"]}}],"collection":[{"href":"https:\/\/wp.unil.ch\/libellus\/wp-json\/wp\/v2\/pages"}],"about":[{"href":"https:\/\/wp.unil.ch\/libellus\/wp-json\/wp\/v2\/types\/page"}],"author":[{"embeddable":true,"href":"https:\/\/wp.unil.ch\/libellus\/wp-json\/wp\/v2\/users\/1002650"}],"replies":[{"embeddable":true,"href":"https:\/\/wp.unil.ch\/libellus\/wp-json\/wp\/v2\/comments?post=193"}],"version-history":[{"count":2,"href":"https:\/\/wp.unil.ch\/libellus\/wp-json\/wp\/v2\/pages\/193\/revisions"}],"predecessor-version":[{"id":1302,"href":"https:\/\/wp.unil.ch\/libellus\/wp-json\/wp\/v2\/pages\/193\/revisions\/1302"}],"wp:attachment":[{"href":"https:\/\/wp.unil.ch\/libellus\/wp-json\/wp\/v2\/media?parent=193"}],"curies":[{"name":"wp","href":"https:\/\/api.w.org\/{rel}","templated":true}]}}