{"id":191,"date":"2023-07-20T11:34:17","date_gmt":"2023-07-20T09:34:17","guid":{"rendered":"https:\/\/wp.unil.ch\/libellus\/?page_id=191"},"modified":"2024-11-18T09:36:53","modified_gmt":"2024-11-18T08:36:53","slug":"evenements","status":"publish","type":"page","link":"https:\/\/wp.unil.ch\/libellus\/evenements\/","title":{"rendered":"\u00c9v\u00e8nements autour d&rsquo;un livre"},"content":{"rendered":"\n<h2 class=\"wp-block-heading\">Vernissage<\/h2>\n\n\n\n<h3 class=\"wp-block-heading\">L&rsquo;Utopie conservatrice du r\u00e9armement moral<\/h3>\n\n\n\n<p class=\"has-small-font-size\">Jeudi <strong>12 d\u00e9cembre 2024<\/strong>, 12h30-13h15 &#8211; Unidistance\/FernUni Brigue<\/p>\n\n\n\n<div class=\"wp-block-columns is-layout-flex wp-container-core-columns-is-layout-9d6595d7 wp-block-columns-is-layout-flex\">\n<div class=\"wp-block-column is-layout-flow wp-block-column-is-layout-flow\" style=\"flex-basis:33.33%\">\n<figure class=\"wp-block-image size-large\"><img alt=\"\" loading=\"lazy\" decoding=\"async\" width=\"1024\" height=\"768\" src=\"https:\/\/wp.unil.ch\/libellus\/files\/2024\/11\/Caux-1024x768.jpeg\" alt=\"\" class=\"wp-image-1452\" srcset=\"https:\/\/wp.unil.ch\/libellus\/files\/2024\/11\/Caux-1024x768.jpeg 1024w, https:\/\/wp.unil.ch\/libellus\/files\/2024\/11\/Caux-300x225.jpeg 300w, https:\/\/wp.unil.ch\/libellus\/files\/2024\/11\/Caux-768x576.jpeg 768w, https:\/\/wp.unil.ch\/libellus\/files\/2024\/11\/Caux-1536x1152.jpeg 1536w, https:\/\/wp.unil.ch\/libellus\/files\/2024\/11\/Caux-540x405.jpeg 540w, https:\/\/wp.unil.ch\/libellus\/files\/2024\/11\/Caux-1080x810.jpeg 1080w, https:\/\/wp.unil.ch\/libellus\/files\/2024\/11\/Caux.jpeg 1600w\" sizes=\"auto, (max-width: 1024px) 100vw, 1024px\" \/><\/figure>\n<\/div>\n\n\n\n<div class=\"wp-block-column is-layout-flow wp-block-column-is-layout-flow\" style=\"flex-basis:66.66%\">\n<p>Webinaire<\/p>\n\n\n\n<p>Lien fourni sur demande \u00e0 audrey.bonvin@unifr.ch<\/p>\n<\/div>\n<\/div>\n\n\n\n<p class=\"has-small-font-size\">Jeudi <strong>5 d\u00e9cembre 2024<\/strong>, 17h30-19h00 &#8211; Nouvelle Librairie L&rsquo;Art d&rsquo;Aimer<\/p>\n\n\n\n<div class=\"wp-block-columns is-layout-flex wp-container-core-columns-is-layout-9d6595d7 wp-block-columns-is-layout-flex\">\n<div class=\"wp-block-column is-layout-flow wp-block-column-is-layout-flow\" style=\"flex-basis:33.33%\">\n<figure class=\"wp-block-image size-large\"><img alt=\"\" loading=\"lazy\" decoding=\"async\" width=\"724\" height=\"1024\" src=\"https:\/\/wp.unil.ch\/libellus\/files\/2024\/11\/Vernissage-Fribourg_page-0001-724x1024.jpg\" alt=\"\" class=\"wp-image-1451\" srcset=\"https:\/\/wp.unil.ch\/libellus\/files\/2024\/11\/Vernissage-Fribourg_page-0001-724x1024.jpg 724w, https:\/\/wp.unil.ch\/libellus\/files\/2024\/11\/Vernissage-Fribourg_page-0001-212x300.jpg 212w, https:\/\/wp.unil.ch\/libellus\/files\/2024\/11\/Vernissage-Fribourg_page-0001-768x1086.jpg 768w, https:\/\/wp.unil.ch\/libellus\/files\/2024\/11\/Vernissage-Fribourg_page-0001-540x763.jpg 540w, https:\/\/wp.unil.ch\/libellus\/files\/2024\/11\/Vernissage-Fribourg_page-0001.jpg 849w\" sizes=\"auto, (max-width: 724px) 100vw, 724px\" \/><\/figure>\n<\/div>\n\n\n\n<div class=\"wp-block-column is-layout-flow wp-block-column-is-layout-flow\" style=\"flex-basis:66.66%\">\n<p>Vernissage commun<\/p>\n\n\n\n<p>Rue des Epouses 5, Fribourg<\/p>\n<\/div>\n<\/div>\n\n\n\n<p class=\"has-small-font-size\">Mercredi <strong>27 novembre 2024<\/strong>, 18h00 &#8211; Espace Dickens, Lausanne<\/p>\n\n\n\n<div class=\"wp-block-columns is-layout-flex wp-container-core-columns-is-layout-9d6595d7 wp-block-columns-is-layout-flex\">\n<div class=\"wp-block-column is-layout-flow wp-block-column-is-layout-flow\" style=\"flex-basis:33.33%\">\n<figure class=\"wp-block-image size-large\"><img alt=\"\" loading=\"lazy\" decoding=\"async\" width=\"1024\" height=\"727\" src=\"https:\/\/wp.unil.ch\/libellus\/files\/2024\/11\/Vernissage-collectif-Lausanne_page-0001-1024x727.jpg\" alt=\"\" class=\"wp-image-1450\" srcset=\"https:\/\/wp.unil.ch\/libellus\/files\/2024\/11\/Vernissage-collectif-Lausanne_page-0001-1024x727.jpg 1024w, https:\/\/wp.unil.ch\/libellus\/files\/2024\/11\/Vernissage-collectif-Lausanne_page-0001-300x213.jpg 300w, https:\/\/wp.unil.ch\/libellus\/files\/2024\/11\/Vernissage-collectif-Lausanne_page-0001-768x545.jpg 768w, https:\/\/wp.unil.ch\/libellus\/files\/2024\/11\/Vernissage-collectif-Lausanne_page-0001-1536x1090.jpg 1536w, https:\/\/wp.unil.ch\/libellus\/files\/2024\/11\/Vernissage-collectif-Lausanne_page-0001-540x383.jpg 540w, https:\/\/wp.unil.ch\/libellus\/files\/2024\/11\/Vernissage-collectif-Lausanne_page-0001-1080x766.jpg 1080w, https:\/\/wp.unil.ch\/libellus\/files\/2024\/11\/Vernissage-collectif-Lausanne_page-0001.jpg 1691w\" sizes=\"auto, (max-width: 1024px) 100vw, 1024px\" \/><\/figure>\n<\/div>\n\n\n\n<div class=\"wp-block-column is-layout-flow wp-block-column-is-layout-flow\" style=\"flex-basis:66.66%\">\n<p>Vernissage collectif de six livres, organis\u00e9 par Alphil<\/p>\n\n\n\n<p>Ap\u00e9ritif et d\u00e9dicaces<\/p>\n<\/div>\n<\/div>\n\n\n\n<h2 class=\"wp-block-heading\">Atelier<\/h2>\n\n\n\n<p class=\"has-small-font-size\">Lundi <strong>11 novembre 2024<\/strong>, 12h15-13h10<\/p>\n\n\n\n<h3 class=\"wp-block-heading\">De la th\u00e8se au livre : Strat\u00e9gies et techniques de publication <\/h3>\n\n\n\n<div class=\"wp-block-columns is-layout-flex wp-container-core-columns-is-layout-9d6595d7 wp-block-columns-is-layout-flex\">\n<div class=\"wp-block-column is-layout-flow wp-block-column-is-layout-flow\" style=\"flex-basis:33.33%\">\n<figure class=\"wp-block-image size-large\"><img alt=\"\" loading=\"lazy\" decoding=\"async\" width=\"1024\" height=\"768\" src=\"https:\/\/wp.unil.ch\/libellus\/files\/2024\/11\/1726656787362.M-1024x768.jpeg\" alt=\"\" class=\"wp-image-1444\" style=\"object-fit:cover\" srcset=\"https:\/\/wp.unil.ch\/libellus\/files\/2024\/11\/1726656787362.M-1024x768.jpeg 1024w, https:\/\/wp.unil.ch\/libellus\/files\/2024\/11\/1726656787362.M-300x225.jpeg 300w, https:\/\/wp.unil.ch\/libellus\/files\/2024\/11\/1726656787362.M-768x576.jpeg 768w, https:\/\/wp.unil.ch\/libellus\/files\/2024\/11\/1726656787362.M-1536x1152.jpeg 1536w, https:\/\/wp.unil.ch\/libellus\/files\/2024\/11\/1726656787362.M-540x405.jpeg 540w, https:\/\/wp.unil.ch\/libellus\/files\/2024\/11\/1726656787362.M-1080x810.jpeg 1080w, https:\/\/wp.unil.ch\/libellus\/files\/2024\/11\/1726656787362.M.jpeg 1576w\" sizes=\"auto, (max-width: 1024px) 100vw, 1024px\" \/><\/figure>\n<\/div>\n\n\n\n<div class=\"wp-block-column is-layout-flow wp-block-column-is-layout-flow\" style=\"flex-basis:66.66%\">\n<p><strong>Libellus <\/strong>organise le <strong>lundi 11 novembre 2024<\/strong> un atelier <strong>\u00abDe la th\u00e8se au livre: strat\u00e9gies et techniques de publication\u00bb<\/strong>, qui s\u2019adresse en particulier aux doctorant\u00b7e\u00b7s ou jeunes docteur\u00b7e\u00b7s, ou \u00e0 toute personne ayant r\u00e9dig\u00e9 un travail scientifique d&rsquo;envergure.<\/p>\n\n\n\n<p>Vous avez r\u00e9dig\u00e9 une th\u00e8se et souhaitez la faire conna\u00eetre au public? Ou vous \u00eates en train de r\u00e9diger votre th\u00e8se et r\u00e9fl\u00e9chissez \u00e0 l\u2019id\u00e9e de la faire publier? Cet atelier vous guidera tout au long du processus \u00e9ditorial. Vous y aborderez le choix de la maison d\u2019\u00e9dition, la r\u00e9flexion sur les soutiens financiers possibles, la pr\u00e9paration d\u2019un dossier de pr\u00e9sentation de projet, la question de l\u2019Open Access, ainsi que la mani\u00e8re de transformer votre th\u00e8se en livre. <strong>Libellus <\/strong>vous fournira des cl\u00e9s pour appr\u00e9hender de mani\u00e8re efficace et productive le processus de publication de votre livre. Au cours de cet atelier, vous aurez l\u2019opportunit\u00e9 de discuter avec une responsable \u00e9ditoriale de RMS \u00c9ditions chez M\u00e9decine &amp; Hygi\u00e8ne pour mieux comprendre les exigences du domaine. Vous \u00e9changerez \u00e9galement avec des chercheurs ayant publi\u00e9 leur th\u00e8se sous forme de livre, qui partageront avec vous les d\u00e9fis rencontr\u00e9s.<\/p>\n\n\n\n<p>Merci de vous inscrire d\u00e8s maintenant en envoyant un email \u00e0\u2009:&nbsp;<a href=\"mailto:livresfbm@unil.ch\" target=\"_blank\" rel=\"noreferrer noopener\">livresfbm@unil.ch<\/a><\/p>\n<\/div>\n<\/div>\n\n\n\n<h2 class=\"wp-block-heading\">Table ronde<\/h2>\n\n\n\n<p class=\"has-small-font-size\">Jeudi <strong>30 novembre 2023<\/strong>, 16h00-17h00<\/p>\n\n\n\n<h3 class=\"wp-block-heading\">(In)hospitalit\u00e9s hospitali\u00e8res : une question anecdotique ?<\/h3>\n\n\n\n<div class=\"wp-block-columns is-layout-flex wp-container-core-columns-is-layout-9d6595d7 wp-block-columns-is-layout-flex\">\n<div class=\"wp-block-column is-layout-flow wp-block-column-is-layout-flow\" style=\"flex-basis:33.33%\">\n<figure class=\"wp-block-image size-full\"><a href=\"https:\/\/wp.unil.ch\/libellus\/inhospitalites-hospitalieres\/\"><img loading=\"lazy\" decoding=\"async\" width=\"583\" height=\"825\" src=\"https:\/\/wp.unil.ch\/libellus\/files\/2023\/10\/inhospitalites1.png\" alt=\"(in)hospitalit\u00e9s hospitali\u00e8res\" class=\"wp-image-812\" srcset=\"https:\/\/wp.unil.ch\/libellus\/files\/2023\/10\/inhospitalites1.png 583w, https:\/\/wp.unil.ch\/libellus\/files\/2023\/10\/inhospitalites1-212x300.png 212w, https:\/\/wp.unil.ch\/libellus\/files\/2023\/10\/inhospitalites1-540x764.png 540w\" sizes=\"auto, (max-width: 583px) 100vw, 583px\" \/><\/a><\/figure>\n<\/div>\n\n\n\n<div class=\"wp-block-column is-layout-flow wp-block-column-is-layout-flow\" style=\"flex-basis:66.66%\">\n<p>Table ronde dans le cadre des Assises de la M\u00e9decine romande avec <strong>Rebecca Ruiz<\/strong>, conseill\u00e8re d\u2019Etat, <strong>B\u00e9atrice Schaad<\/strong>, Professeure titulaire \u00e0 l\u2019IHM, <strong>Eric Bonvin<\/strong>, directeur de l\u2019H\u00f4pital du Valais, et <strong>Teresa Gyuriga<\/strong>, Infirmi\u00e8re cantonale du canton de Vaud.<\/p>\n\n\n\n<p>Mod\u00e9ration : Bertrand Kiefer, Revue M\u00e9dicale Suisse<\/p>\n\n\n\n<p>Lieu : Centre de Congr\u00e8s Beaulieu \u00e0 Lausanne, salle Turin CD<\/p>\n\n\n\n<p><a href=\"https:\/\/www.assisesmed.ch\/assises-de-la-medecine-romande-6\/sessions\/crise-de-l-hopital-la-mediation-comme-horizon\">Crise de l&rsquo;h\u00f4pital : la m\u00e9diation comme horizon ? &#8211; Les Assises de la M\u00e9decine Romande<\/a><\/p>\n<\/div>\n<\/div>\n\n\n\n<h2 class=\"wp-block-heading\">Journ\u00e9e d&rsquo;\u00e9tudes HESAV &amp; IHM<\/h2>\n\n\n\n<p class=\"has-small-font-size\">Lundi <strong>2 octobre 2023<\/strong>, rue C\u00e9sar Roux 19, Lausanne et Amphi Wavre, HESAV, av. de Beaumont 21, Lausanne<\/p>\n\n\n\n<h3 class=\"wp-block-heading\">In\u00e9galit\u00e9s sociales de sant\u00e9. Reconnaissance et invisibilisation<\/h3>\n\n\n\n<div class=\"wp-block-columns are-vertically-aligned-top is-layout-flex wp-container-core-columns-is-layout-9d6595d7 wp-block-columns-is-layout-flex\">\n<div class=\"wp-block-column is-layout-flow wp-block-column-is-layout-flow\" style=\"flex-basis:30%\">\n<figure class=\"wp-block-image\"><a href=\"https:\/\/wp.unil.ch\/libellus\/inegalites-de-sante\/\"><img loading=\"lazy\" decoding=\"async\" width=\"684\" height=\"1024\" src=\"https:\/\/wp.unil.ch\/libellus\/files\/2023\/10\/9782825713167_georg_georg_inegalites_de_sante-684x1024.jpg\" alt=\"In\u00e9galit\u00e9s de sant\u00e9\" class=\"wp-image-819\" style=\"object-fit:cover\" srcset=\"https:\/\/wp.unil.ch\/libellus\/files\/2023\/10\/9782825713167_georg_georg_inegalites_de_sante-684x1024.jpg 684w, https:\/\/wp.unil.ch\/libellus\/files\/2023\/10\/9782825713167_georg_georg_inegalites_de_sante-200x300.jpg 200w, https:\/\/wp.unil.ch\/libellus\/files\/2023\/10\/9782825713167_georg_georg_inegalites_de_sante-768x1151.jpg 768w, https:\/\/wp.unil.ch\/libellus\/files\/2023\/10\/9782825713167_georg_georg_inegalites_de_sante-540x809.jpg 540w, https:\/\/wp.unil.ch\/libellus\/files\/2023\/10\/9782825713167_georg_georg_inegalites_de_sante.jpg 801w\" sizes=\"auto, (max-width: 684px) 100vw, 684px\" \/><\/a><\/figure>\n<\/div>\n\n\n\n<div class=\"wp-block-column is-layout-flow wp-block-column-is-layout-flow\" style=\"flex-basis:70%\">\n<p>Organis\u00e9 par&nbsp;<strong>Mathieu Arminjon<\/strong>, HESAV,&nbsp;<strong>Sandrine Maulini<\/strong>, HESAV,&nbsp;<strong>Laurence Monnais<\/strong>, IHM\/CHUV-UNIL,&nbsp;<strong>Pierre-Nicolas Oberhauser<\/strong>, HESAV<\/p>\n\n\n\n<p>9h-12h30, C\u00e9sar Roux | Journ\u00e9e avec les interventions de&nbsp;<strong>Francesca Arena<\/strong>, Universit\u00e9 de Gen\u00e8ve,&nbsp;<strong>Brenda Bogaert<\/strong>, IHM\/CHUV-UNIL,&nbsp;<strong>Nolwenn B\u00fchler<\/strong>, Unisant\u00e9,&nbsp;<strong>Cyrille Delpierre<\/strong>, CERPOP-Inserm,&nbsp;<strong>\u00c9lodie Giroux<\/strong>, Universit\u00e9 Lyon 3,&nbsp;<strong>Laurence Monnais<\/strong>, IHM\/CHUV-UNIL,&nbsp;<strong>Pierre-Nicolas Oberhauser<\/strong>, HESAV,&nbsp;<strong>Jo\u00eblle Schwarz<\/strong>, Unisant\u00e9<\/p>\n\n\n\n<p>17h-19h, Amphi Wavre, HESAV | Vernissage du livre&nbsp;<em>In\u00e9galit\u00e9s de sant\u00e9. Fondements historiques et enjeux contemporains de l&rsquo;\u00e9pid\u00e9miologie sociale<\/em>, r\u00e9cemment paru aux&nbsp;\u00e9ditions Georg&nbsp;sous la direction de&nbsp;<strong>Mathieu Arminjon<\/strong>&nbsp;et&nbsp;<strong>Sandrine Maulini<\/strong><\/p>\n\n\n\n<p><a rel=\"noreferrer noopener\" href=\"https:\/\/www.chuv.ch\/fileadmin\/sites\/ihm\/Images\/IHM_automne_2023\/Programme_journee021023_V3.pdf\" target=\"_blank\">Programme de la journ\u00e9e (PDF)<\/a><\/p>\n<\/div>\n<\/div>\n\n\n\n<h2 class=\"wp-block-heading\">Table ronde<\/h2>\n\n\n\n<p class=\"has-small-font-size\">Vendredi <strong>15 septembre 2023<\/strong>, 17h30-19h00, Visioconf\u00e9rence &#8211; en collaboration avec <em>Cairn.info<\/em><\/p>\n\n\n\n<h3 class=\"wp-block-heading\">Comment pr\u00e9server l&rsquo;hospitalit\u00e9 de l&rsquo;h\u00f4pital au c\u0153ur du syst\u00e8me de sant\u00e9 ?<\/h3>\n\n\n\n<div class=\"wp-block-columns is-layout-flex wp-container-core-columns-is-layout-9d6595d7 wp-block-columns-is-layout-flex\">\n<div class=\"wp-block-column is-layout-flow wp-block-column-is-layout-flow\" style=\"flex-basis:33.33%\">\n<figure class=\"wp-block-image size-full\"><a href=\"https:\/\/wp.unil.ch\/libellus\/inhospitalites-hospitalieres\/\"><img loading=\"lazy\" decoding=\"async\" width=\"583\" height=\"825\" src=\"https:\/\/wp.unil.ch\/libellus\/files\/2023\/10\/inhospitalites1.png\" alt=\"(in)hospitalit\u00e9s hospitali\u00e8res\" class=\"wp-image-812\" srcset=\"https:\/\/wp.unil.ch\/libellus\/files\/2023\/10\/inhospitalites1.png 583w, https:\/\/wp.unil.ch\/libellus\/files\/2023\/10\/inhospitalites1-212x300.png 212w, https:\/\/wp.unil.ch\/libellus\/files\/2023\/10\/inhospitalites1-540x764.png 540w\" sizes=\"auto, (max-width: 583px) 100vw, 583px\" \/><\/a><\/figure>\n<\/div>\n\n\n\n<div class=\"wp-block-column is-layout-flow wp-block-column-is-layout-flow\" style=\"flex-basis:66.66%\">\n<p>Conversation autour de l&rsquo;ouvrage (In)hospitalit\u00e9s hospitali\u00e8res.<\/p>\n\n\n\n<p>Les intervenants&nbsp;<strong>B\u00e9atrice Schaad&nbsp;<\/strong>(directrice de l&rsquo;ouvrage, professeure \u00e0 l&rsquo;IHM),&nbsp;<strong>Eric Favereau<\/strong> (Lib\u00e9ration),&nbsp;<strong>Luigi Flora<\/strong> (CI3P, UCA),&nbsp;<strong>David Gruson<\/strong> (Chaire Sant\u00e9 de Sciences Po Paris) et&nbsp;<strong>Richard Rechtman<\/strong>&nbsp;(EHESS) s&rsquo;interrogeront sur la mani\u00e8re de pr\u00e9server l\u2019hospitalit\u00e9&nbsp;de l\u2019h\u00f4pital. <\/p>\n\n\n\n<p>La discussion sera anim\u00e9e par&nbsp;<strong>Bertrand Kiefer<\/strong>, directeur des \u00e9ditions&nbsp;M\u00e9decine et Hygi\u00e8ne.<\/p>\n\n\n\n<p><a href=\"https:\/\/www.cairn.info\/inhospitalites-hospitalieres--9782880495336.htm?contenu=presentation\" target=\"_blank\" rel=\"noreferrer noopener\">Voir le replay<\/a><\/p>\n<\/div>\n<\/div>\n\n\n\n<h2 class=\"wp-block-heading\">Le ForHum de l\u2019IHM<\/h2>\n\n\n\n<p class=\"has-small-font-size\">Mercredi <strong>3 novembre 2021<\/strong>, 17h-19h<\/p>\n\n\n\n<h3 class=\"wp-block-heading\">Le don d\u2019organes, d&rsquo;hier \u00e0 aujourd&rsquo;hui<\/h3>\n\n\n\n<div class=\"wp-block-columns is-layout-flex wp-container-core-columns-is-layout-9d6595d7 wp-block-columns-is-layout-flex\">\n<div class=\"wp-block-column is-layout-flow wp-block-column-is-layout-flow\">\n<div class=\"wp-block-columns is-layout-flex wp-container-core-columns-is-layout-9d6595d7 wp-block-columns-is-layout-flex\">\n<div class=\"wp-block-column is-layout-flow wp-block-column-is-layout-flow\" style=\"flex-basis:33.33%\">\n<figure class=\"wp-block-image size-large\"><a href=\"https:\/\/wp.unil.ch\/libellus\/don-et-transplantation-dorganes-en-suisse\/\"><img alt=\"\" loading=\"lazy\" decoding=\"async\" width=\"724\" height=\"1024\" src=\"https:\/\/wp.unil.ch\/libellus\/files\/2023\/10\/ForHum3nov-5-724x1024.jpg\" alt=\"\" class=\"wp-image-981\" srcset=\"https:\/\/wp.unil.ch\/libellus\/files\/2023\/10\/ForHum3nov-5-724x1024.jpg 724w, https:\/\/wp.unil.ch\/libellus\/files\/2023\/10\/ForHum3nov-5-212x300.jpg 212w, https:\/\/wp.unil.ch\/libellus\/files\/2023\/10\/ForHum3nov-5-768x1087.jpg 768w, https:\/\/wp.unil.ch\/libellus\/files\/2023\/10\/ForHum3nov-5-540x764.jpg 540w, https:\/\/wp.unil.ch\/libellus\/files\/2023\/10\/ForHum3nov-5.jpg 848w\" sizes=\"auto, (max-width: 724px) 100vw, 724px\" \/><\/a><\/figure>\n<\/div>\n\n\n\n<div class=\"wp-block-column is-layout-flow wp-block-column-is-layout-flow\" style=\"flex-basis:66.66%\">\n<p>Organis\u00e9 en collaboration avec la HESAV et le Centre de<br>transplantation du CHUV<\/p>\n\n\n\n<p>Soir\u00e9e d\u00e9bat avec <strong>Alexia Cochand<\/strong>, historienne, IHM,<br><strong>Rapha\u00ebl Hammer<\/strong>, sociologue, HESAV,<strong> Manuel Pascual<\/strong>,<br>m\u00e9decin chef du CTO\/CHUV, <strong>Philippe Eckert<\/strong>, directeur<br>g\u00e9n\u00e9ral du CHUV, <strong>Ralf Jox<\/strong>, m\u00e9decin \u00e9thicien, IHM<br>Mod\u00e9ration : Francesco Panese, IHM&amp;Facult\u00e9 des SSP\/UNIL<br><br>Lieu : Auditoire C\u00e9sar Roux, CHUV<\/p>\n<\/div>\n<\/div>\n<\/div>\n<\/div>\n","protected":false},"excerpt":{"rendered":"<p>Vernissage L&rsquo;Utopie conservatrice du r\u00e9armement moral Jeudi 12 d\u00e9cembre 2024, 12h30-13h15 &#8211; Unidistance\/FernUni Brigue Webinaire Lien fourni sur demande \u00e0 audrey.bonvin@unifr.ch Jeudi 5 d\u00e9cembre 2024, 17h30-19h00 &#8211; Nouvelle&hellip;<\/p>\n","protected":false},"author":1002650,"featured_media":0,"parent":0,"menu_order":0,"comment_status":"closed","ping_status":"closed","template":"template-full-width.php","meta":{"_seopress_robots_primary_cat":"","_seopress_titles_title":"","_seopress_titles_desc":"","_seopress_robots_index":"","footnotes":""},"class_list":["post-191","page","type-page","status-publish","has-post-thumbnail"],"_links":{"self":[{"href":"https:\/\/wp.unil.ch\/libellus\/wp-json\/wp\/v2\/pages\/191","targetHints":{"allow":["GET"]}}],"collection":[{"href":"https:\/\/wp.unil.ch\/libellus\/wp-json\/wp\/v2\/pages"}],"about":[{"href":"https:\/\/wp.unil.ch\/libellus\/wp-json\/wp\/v2\/types\/page"}],"author":[{"embeddable":true,"href":"https:\/\/wp.unil.ch\/libellus\/wp-json\/wp\/v2\/users\/1002650"}],"replies":[{"embeddable":true,"href":"https:\/\/wp.unil.ch\/libellus\/wp-json\/wp\/v2\/comments?post=191"}],"version-history":[{"count":5,"href":"https:\/\/wp.unil.ch\/libellus\/wp-json\/wp\/v2\/pages\/191\/revisions"}],"predecessor-version":[{"id":1453,"href":"https:\/\/wp.unil.ch\/libellus\/wp-json\/wp\/v2\/pages\/191\/revisions\/1453"}],"wp:attachment":[{"href":"https:\/\/wp.unil.ch\/libellus\/wp-json\/wp\/v2\/media?parent=191"}],"curies":[{"name":"wp","href":"https:\/\/api.w.org\/{rel}","templated":true}]}}