{"id":70,"date":"2016-11-07T15:13:46","date_gmt":"2016-11-07T14:13:46","guid":{"rendered":"http:\/\/wp.unil.ch\/lescahiersiltp\/?page_id=70"},"modified":"2017-03-24T11:39:48","modified_gmt":"2017-03-24T10:39:48","slug":"accompagner","status":"publish","type":"page","link":"https:\/\/wp.unil.ch\/lescahiersiltp\/accompagner\/","title":{"rendered":"Accompagner"},"content":{"rendered":"<p>Par le verbe \u00ab\u00a0accompagner\u00a0\u00bb, les Cahiers de l\u2019ILTP d\u00e9signent toutes les pratiques th\u00e9ologiques concernant les relations entre deux personnes. Ce que la th\u00e9ologie pratique nomme ou a nomm\u00e9 \u00ab\u00a0cure d\u2019\u00e2me\u00a0\u00bb, \u00ab\u00a0entretien en t\u00eate-\u00e0-t\u00eate\u00a0\u00bb, \u00ab\u00a0soins spirituels\u00a0\u00bb, \u00ab\u00a0poim\u00e9nique\u00a0\u00bb, etc.<\/p>\n<p><a href=\"https:\/\/cahiersiltp@unil.ch\">Envoyez-nous vos articles dans cette rubrique !<\/a><\/p>\n","protected":false},"excerpt":{"rendered":"<p>Par le verbe \u00ab\u00a0accompagner\u00a0\u00bb, les Cahiers de l\u2019ILTP d\u00e9signent toutes les pratiques th\u00e9ologiques concernant les relations entre deux personnes. Ce que la th\u00e9ologie pratique nomme ou a nomm\u00e9 \u00ab\u00a0cure d\u2019\u00e2me\u00a0\u00bb, \u00ab\u00a0entretien en t\u00eate-\u00e0-t\u00eate\u00a0\u00bb, \u00ab\u00a0soins spirituels\u00a0\u00bb, \u00ab\u00a0poim\u00e9nique\u00a0\u00bb, etc. Envoyez-nous vos articles<\/p>\n","protected":false},"author":1001327,"featured_media":0,"parent":0,"menu_order":0,"comment_status":"closed","ping_status":"closed","template":"","meta":{"_seopress_robots_primary_cat":"","_seopress_titles_title":"","_seopress_titles_desc":"","_seopress_robots_index":"","footnotes":""},"class_list":["post-70","page","type-page","status-publish"],"_links":{"self":[{"href":"https:\/\/wp.unil.ch\/lescahiersiltp\/wp-json\/wp\/v2\/pages\/70","targetHints":{"allow":["GET"]}}],"collection":[{"href":"https:\/\/wp.unil.ch\/lescahiersiltp\/wp-json\/wp\/v2\/pages"}],"about":[{"href":"https:\/\/wp.unil.ch\/lescahiersiltp\/wp-json\/wp\/v2\/types\/page"}],"author":[{"embeddable":true,"href":"https:\/\/wp.unil.ch\/lescahiersiltp\/wp-json\/wp\/v2\/users\/1001327"}],"replies":[{"embeddable":true,"href":"https:\/\/wp.unil.ch\/lescahiersiltp\/wp-json\/wp\/v2\/comments?post=70"}],"version-history":[{"count":0,"href":"https:\/\/wp.unil.ch\/lescahiersiltp\/wp-json\/wp\/v2\/pages\/70\/revisions"}],"wp:attachment":[{"href":"https:\/\/wp.unil.ch\/lescahiersiltp\/wp-json\/wp\/v2\/media?parent=70"}],"curies":[{"name":"wp","href":"https:\/\/api.w.org\/{rel}","templated":true}]}}