{"id":11,"date":"2016-03-03T14:48:43","date_gmt":"2016-03-03T13:48:43","guid":{"rendered":"http:\/\/wp.unil.ch\/legalpro\/?page_id=11"},"modified":"2016-05-03T23:09:42","modified_gmt":"2016-05-03T21:09:42","slug":"equipe","status":"publish","type":"page","link":"https:\/\/wp.unil.ch\/legalpro\/equipe\/","title":{"rendered":"Research Team"},"content":{"rendered":"<p><a href=\"https:\/\/wp.unil.ch\/legalpro\/files\/2016\/03\/portrait-eleonore_lepinard-7041s.jpg\" rel=\"attachment wp-att-44\"><img loading=\"lazy\" decoding=\"async\" class=\"alignleft size-thumbnail wp-image-44\" src=\"https:\/\/wp.unil.ch\/legalpro\/files\/2016\/03\/portrait-eleonore_lepinard-7041s-150x150.jpg\" alt=\"El\u00e9onore Lepinard\" width=\"150\" height=\"150\" srcset=\"https:\/\/wp.unil.ch\/legalpro\/files\/2016\/03\/portrait-eleonore_lepinard-7041s-150x150.jpg 150w, https:\/\/wp.unil.ch\/legalpro\/files\/2016\/03\/portrait-eleonore_lepinard-7041s-300x300.jpg 300w, https:\/\/wp.unil.ch\/legalpro\/files\/2016\/03\/portrait-eleonore_lepinard-7041s-90x90.jpg 90w, https:\/\/wp.unil.ch\/legalpro\/files\/2016\/03\/portrait-eleonore_lepinard-7041s-221x220.jpg 221w, https:\/\/wp.unil.ch\/legalpro\/files\/2016\/03\/portrait-eleonore_lepinard-7041s.jpg 610w\" sizes=\"auto, (max-width: 150px) 100vw, 150px\" \/><\/a><strong>El\u00e9onore L\u00e9pinard<\/strong><\/p>\n<p style=\"text-align: justify\">El\u00e9onore L\u00e9pinard is associate professor and director of the Center for gender studies, Universit\u00e9 de Lausanne. She is principal investigator for the FNS funded research project \u00a0\u00ab Gendered Globalization of the Legal Profession \u00bb. El\u00e9onore\u2019s work is situated in the field of socio-legal studies, gender and politics, gender equality public policies and social movements. She participated in several large comparative research projects financed by the European Commission and has acted as an expert for the European Parliament committee on women\u2019s rights and gender equality (FEMM committee). Aside from the GGLP project she currenlty works on gender quotas in political and economic decision making in France and beyond, and on feminist movements in France and Canada.<\/p>\n<p style=\"text-align: justify\"><a href=\"https:\/\/applicationspub.unil.ch\/interpub\/noauth\/php\/Un\/UnPers.php?PerNum=1150928&amp;LanCode=37\" target=\"_blank\">personal webpage UNIL<\/a><\/p>\n<p><strong><img loading=\"lazy\" decoding=\"async\" class=\"alignleft size-thumbnail wp-image-51\" src=\"https:\/\/wp.unil.ch\/legalpro\/files\/2016\/03\/Photo-du-11.03.16-\u00e0-10.22-2-150x150.jpeg\" alt=\"Photo du 11.03.16 \u00e0 10.22 #2\" width=\"150\" height=\"150\" \/>Isabel Boni-Le Goff<\/strong><\/p>\n<p style=\"text-align: justify\">A PhD in Sociology, Isabel Boni-Le Goff is a FNS Senior Researcher at the University of Lausanne. Isabel is interested in the contemporary changes at stake in expertise, professions and higher-level occupations. She studies the interplay of different social processes, such as globalisation and feminization. Her fieldwork is both quantitative and qualitative, based on a mixed-methods approach with an interest in comparative and longitudinal studies. She monitors the surveys in Switzerland and France.<\/p>\n<p><a href=\"https:\/\/wp.unil.ch\/legalpro\/files\/2016\/03\/lefeuvre4_1024.jpeg\" rel=\"attachment wp-att-43\"><img loading=\"lazy\" decoding=\"async\" class=\"alignleft size-thumbnail wp-image-43\" src=\"https:\/\/wp.unil.ch\/legalpro\/files\/2016\/03\/lefeuvre4_1024-150x150.jpeg\" alt=\"lefeuvre4_1024\" width=\"150\" height=\"150\" srcset=\"https:\/\/wp.unil.ch\/legalpro\/files\/2016\/03\/lefeuvre4_1024-150x150.jpeg 150w, https:\/\/wp.unil.ch\/legalpro\/files\/2016\/03\/lefeuvre4_1024-90x90.jpeg 90w\" sizes=\"auto, (max-width: 150px) 100vw, 150px\" \/><\/a><strong>Nicky Le Feuvre<\/strong><\/p>\n<p style=\"text-align: justify\">A British national who has worked for many years in France, Nicky Le Feuvre is full Professor of sociology at the University of Lausanne, in Switzerland. As Vice-Dean of the Faculty of Social and Political Sciences, she is in charge of gender equality and junior academic careers. She has researched extensively on the implications of the feminisation of higher-level occupations, from a comparative and life-course perspective. Besides working on the GGLP project, she is currently director of the <em>Gender &amp; Occupations<\/em> sub-project of the LIVES National research programme (<a href=\"https:\/\/www.lives-nccr.ch\/\" target=\"_blank\">www.lives-nccr.ch\/<\/a>) and is in charge of the Swiss contribution to an FP7 European research project on gender inequalities in early academic careers (<a href=\"https:\/\/www.garciaproject.eu\">www.garciaproject.eu).<\/a><\/p>\n<p style=\"text-align: justify\"><a href=\"https:\/\/wp.unil.ch\/legalpro\/files\/2016\/03\/gregoire_mallard.jpg\" rel=\"attachment wp-att-12\"><img loading=\"lazy\" decoding=\"async\" class=\"alignleft size-full wp-image-12\" src=\"https:\/\/wp.unil.ch\/legalpro\/files\/2016\/03\/gregoire_mallard.jpg\" alt=\"gregoire_mallard\" width=\"140\" height=\"140\" srcset=\"https:\/\/wp.unil.ch\/legalpro\/files\/2016\/03\/gregoire_mallard.jpg 140w, https:\/\/wp.unil.ch\/legalpro\/files\/2016\/03\/gregoire_mallard-90x90.jpg 90w\" sizes=\"auto, (max-width: 140px) 100vw, 140px\" \/><\/a><strong>Gr\u00e9goire Mallard<\/strong><\/p>\n<p style=\"text-align: justify\">Gr\u00e9goire Mallard is Associate Professor in the Department of Anthropology and Sociology at the Graduate Institute of International and Development Studies (Geneva). He is the author of Fallout: Nuclear Diplomacy in an Age of Global Fracture (University of Chicago Press, 2014) and co-editor of Contractual Knowledge: One Hundred Years of Legal Experimentation in Global Markets (Cambridge University Press, 2016), and Global Science and National Sovereignty: Studies in Historical Sociology of Science (Routledge 2008). His recent publications focus on the globalization of the legal profession, the global governance of nuclear trade, postwar financial negotiations, and the study of harmonization as a social process. For more information, see:\u00a0<a href=\"https:\/\/www.gregoiremallard.com\" target=\"_blank\">www.gregoiremallard.com.<\/a><\/p>\n<p><a href=\"https:\/\/wp.unil.ch\/legalpro\/files\/2016\/03\/Gabriele-Plickert.jpg\" rel=\"attachment wp-att-30\"><img loading=\"lazy\" decoding=\"async\" class=\"alignleft size-thumbnail wp-image-30\" src=\"https:\/\/wp.unil.ch\/legalpro\/files\/2016\/03\/Gabriele-Plickert-150x150.jpg\" alt=\"Gabriele Plickert\" width=\"150\" height=\"150\" srcset=\"https:\/\/wp.unil.ch\/legalpro\/files\/2016\/03\/Gabriele-Plickert-150x150.jpg 150w, https:\/\/wp.unil.ch\/legalpro\/files\/2016\/03\/Gabriele-Plickert-300x300.jpg 300w, https:\/\/wp.unil.ch\/legalpro\/files\/2016\/03\/Gabriele-Plickert-768x767.jpg 768w, https:\/\/wp.unil.ch\/legalpro\/files\/2016\/03\/Gabriele-Plickert-90x90.jpg 90w, https:\/\/wp.unil.ch\/legalpro\/files\/2016\/03\/Gabriele-Plickert-220x220.jpg 220w, https:\/\/wp.unil.ch\/legalpro\/files\/2016\/03\/Gabriele-Plickert.jpg 801w\" sizes=\"auto, (max-width: 150px) 100vw, 150px\" \/><\/a><strong>Gabriele Plickert<\/strong><\/p>\n<p style=\"text-align: justify\">Gabriele Plickert is currently a postdoctoral research associate at Texas A&amp;M University collaborating with faculty in the department of sociology and the school of law. Her primary areas of research are in criminology, sociology of law, the life course, stratification and inequality (both national and international comparisons). Primarily, Gabriele is interested in transitions and trajectories of the life course located within the matrix of these subfields. Funded by the National Science Foundation, the Law School Admission Council, and the TransCoop Programme of the Alexander von Humboldt Foundation, Gabriele studied and compared as co-principal investigator professional legal careers in the United States and Germany. Currently, she participates in the \u201cGlobalization of the Legal Profession\u201d project, focusing on the intersection of organizational structures and the globalization of legal work and how these shape trajectories of professionals.<\/p>\n","protected":false},"excerpt":{"rendered":"<p>El\u00e9onore L\u00e9pinard El\u00e9onore L\u00e9pinard is associate professor and director of the Center for gender studies, Universit\u00e9 de Lausanne. She is principal investigator for the FNS funded research project \u00a0\u00ab Gendered Globalization of the Legal Profession \u00bb. El\u00e9onore\u2019s work is situated in the field of socio-legal studies, gender and politics, gender equality public policies and social &hellip; <\/p>\n<p class=\"link-more\"><a href=\"https:\/\/wp.unil.ch\/legalpro\/equipe\/\" class=\"more-link\">Continue reading<span class=\"screen-reader-text\"> &#8220;Research Team&#8221;<\/span><\/a><\/p>\n","protected":false},"author":1001284,"featured_media":0,"parent":0,"menu_order":0,"comment_status":"closed","ping_status":"closed","template":"","meta":{"_seopress_robots_primary_cat":"","_seopress_titles_title":"","_seopress_titles_desc":"","_seopress_robots_index":"","footnotes":""},"class_list":["post-11","page","type-page","status-publish"],"_links":{"self":[{"href":"https:\/\/wp.unil.ch\/legalpro\/wp-json\/wp\/v2\/pages\/11","targetHints":{"allow":["GET"]}}],"collection":[{"href":"https:\/\/wp.unil.ch\/legalpro\/wp-json\/wp\/v2\/pages"}],"about":[{"href":"https:\/\/wp.unil.ch\/legalpro\/wp-json\/wp\/v2\/types\/page"}],"author":[{"embeddable":true,"href":"https:\/\/wp.unil.ch\/legalpro\/wp-json\/wp\/v2\/users\/1001284"}],"replies":[{"embeddable":true,"href":"https:\/\/wp.unil.ch\/legalpro\/wp-json\/wp\/v2\/comments?post=11"}],"version-history":[{"count":0,"href":"https:\/\/wp.unil.ch\/legalpro\/wp-json\/wp\/v2\/pages\/11\/revisions"}],"wp:attachment":[{"href":"https:\/\/wp.unil.ch\/legalpro\/wp-json\/wp\/v2\/media?parent=11"}],"curies":[{"name":"wp","href":"https:\/\/api.w.org\/{rel}","templated":true}]}}

<p><a href="https://wp.unil.ch/legalpro/files/2016/03/portrait-eleonore_lepinard-7041s.jpg" rel="attachment wp-att-44"><img loading="lazy" decoding="async" class="alignleft size-thumbnail wp-image-44" src="https://wp.unil.ch/legalpro/files/2016/03/portrait-eleonore_lepinard-7041s-150x150.jpg" alt="Eléonore Lepinard" width="150" height="150" srcset="https://wp.unil.ch/legalpro/files/2016/03/portrait-eleonore_lepinard-7041s-150x150.jpg 150w, https://wp.unil.ch/legalpro/files/2016/03/portrait-eleonore_lepinard-7041s-300x300.jpg 300w, https://wp.unil.ch/legalpro/files/2016/03/portrait-eleonore_lepinard-7041s-90x90.jpg 90w, https://wp.unil.ch/legalpro/files/2016/03/portrait-eleonore_lepinard-7041s-221x220.jpg 221w, https://wp.unil.ch/legalpro/files/2016/03/portrait-eleonore_lepinard-7041s.jpg 610w" sizes="auto, (max-width: 150px) 100vw, 150px" /></a><strong>Eléonore Lépinard</strong></p>
<p style="text-align: justify">Eléonore Lépinard is associate professor and director of the Center for gender studies, Université de Lausanne. She is principal investigator for the FNS funded research project  « Gendered Globalization of the Legal Profession ». Eléonore’s work is situated in the field of socio-legal studies, gender and politics, gender equality public policies and social movements. She participated in several large comparative research projects financed by the European Commission and has acted as an expert for the European Parliament committee on women’s rights and gender equality (FEMM committee). Aside from the GGLP project she currenlty works on gender quotas in political and economic decision making in France and beyond, and on feminist movements in France and Canada.</p>
<p style="text-align: justify"><a href="https://applicationspub.unil.ch/interpub/noauth/php/Un/UnPers.php?PerNum=1150928&amp;LanCode=37" target="_blank">personal webpage UNIL</a></p>
<p><strong><img loading="lazy" decoding="async" class="alignleft size-thumbnail wp-image-51" src="https://wp.unil.ch/legalpro/files/2016/03/Photo-du-11.03.16-à-10.22-2-150x150.jpeg" alt="Photo du 11.03.16 à 10.22 #2" width="150" height="150" />Isabel Boni-Le Goff</strong></p>
<p style="text-align: justify">A PhD in Sociology, Isabel Boni-Le Goff is a FNS Senior Researcher at the University of Lausanne. Isabel is interested in the contemporary changes at stake in expertise, professions and higher-level occupations. She studies the interplay of different social processes, such as globalisation and feminization. Her fieldwork is both quantitative and qualitative, based on a mixed-methods approach with an interest in comparative and longitudinal studies. She monitors the surveys in Switzerland and France.</p>
<p><a href="https://wp.unil.ch/legalpro/files/2016/03/lefeuvre4_1024.jpeg" rel="attachment wp-att-43"><img loading="lazy" decoding="async" class="alignleft size-thumbnail wp-image-43" src="https://wp.unil.ch/legalpro/files/2016/03/lefeuvre4_1024-150x150.jpeg" alt="lefeuvre4_1024" width="150" height="150" srcset="https://wp.unil.ch/legalpro/files/2016/03/lefeuvre4_1024-150x150.jpeg 150w, https://wp.unil.ch/legalpro/files/2016/03/lefeuvre4_1024-90x90.jpeg 90w" sizes="auto, (max-width: 150px) 100vw, 150px" /></a><strong>Nicky Le Feuvre</strong></p>
<p style="text-align: justify">A British national who has worked for many years in France, Nicky Le Feuvre is full Professor of sociology at the University of Lausanne, in Switzerland. As Vice-Dean of the Faculty of Social and Political Sciences, she is in charge of gender equality and junior academic careers. She has researched extensively on the implications of the feminisation of higher-level occupations, from a comparative and life-course perspective. Besides working on the GGLP project, she is currently director of the <em>Gender &amp; Occupations</em> sub-project of the LIVES National research programme (<a href="https://www.lives-nccr.ch/" target="_blank">www.lives-nccr.ch/</a>) and is in charge of the Swiss contribution to an FP7 European research project on gender inequalities in early academic careers (<a href="https://www.garciaproject.eu">www.garciaproject.eu).</a></p>
<p style="text-align: justify"><a href="https://wp.unil.ch/legalpro/files/2016/03/gregoire_mallard.jpg" rel="attachment wp-att-12"><img loading="lazy" decoding="async" class="alignleft size-full wp-image-12" src="https://wp.unil.ch/legalpro/files/2016/03/gregoire_mallard.jpg" alt="gregoire_mallard" width="140" height="140" srcset="https://wp.unil.ch/legalpro/files/2016/03/gregoire_mallard.jpg 140w, https://wp.unil.ch/legalpro/files/2016/03/gregoire_mallard-90x90.jpg 90w" sizes="auto, (max-width: 140px) 100vw, 140px" /></a><strong>Grégoire Mallard</strong></p>
<p style="text-align: justify">Grégoire Mallard is Associate Professor in the Department of Anthropology and Sociology at the Graduate Institute of International and Development Studies (Geneva). He is the author of Fallout: Nuclear Diplomacy in an Age of Global Fracture (University of Chicago Press, 2014) and co-editor of Contractual Knowledge: One Hundred Years of Legal Experimentation in Global Markets (Cambridge University Press, 2016), and Global Science and National Sovereignty: Studies in Historical Sociology of Science (Routledge 2008). His recent publications focus on the globalization of the legal profession, the global governance of nuclear trade, postwar financial negotiations, and the study of harmonization as a social process. For more information, see: <a href="https://www.gregoiremallard.com" target="_blank">www.gregoiremallard.com.</a></p>
<p><a href="https://wp.unil.ch/legalpro/files/2016/03/Gabriele-Plickert.jpg" rel="attachment wp-att-30"><img loading="lazy" decoding="async" class="alignleft size-thumbnail wp-image-30" src="https://wp.unil.ch/legalpro/files/2016/03/Gabriele-Plickert-150x150.jpg" alt="Gabriele Plickert" width="150" height="150" srcset="https://wp.unil.ch/legalpro/files/2016/03/Gabriele-Plickert-150x150.jpg 150w, https://wp.unil.ch/legalpro/files/2016/03/Gabriele-Plickert-300x300.jpg 300w, https://wp.unil.ch/legalpro/files/2016/03/Gabriele-Plickert-768x767.jpg 768w, https://wp.unil.ch/legalpro/files/2016/03/Gabriele-Plickert-90x90.jpg 90w, https://wp.unil.ch/legalpro/files/2016/03/Gabriele-Plickert-220x220.jpg 220w, https://wp.unil.ch/legalpro/files/2016/03/Gabriele-Plickert.jpg 801w" sizes="auto, (max-width: 150px) 100vw, 150px" /></a><strong>Gabriele Plickert</strong></p>
<p style="text-align: justify">Gabriele Plickert is currently a postdoctoral research associate at Texas A&amp;M University collaborating with faculty in the department of sociology and the school of law. Her primary areas of research are in criminology, sociology of law, the life course, stratification and inequality (both national and international comparisons). Primarily, Gabriele is interested in transitions and trajectories of the life course located within the matrix of these subfields. Funded by the National Science Foundation, the Law School Admission Council, and the TransCoop Programme of the Alexander von Humboldt Foundation, Gabriele studied and compared as co-principal investigator professional legal careers in the United States and Germany. Currently, she participates in the “Globalization of the Legal Profession” project, focusing on the intersection of organizational structures and the globalization of legal work and how these shape trajectories of professionals.</p>

<p>Eléonore Lépinard Eléonore Lépinard is associate professor and director of the Center for gender studies, Université de Lausanne. She is principal investigator for the FNS funded research project  « Gendered Globalization of the Legal Profession ». Eléonore’s work is situated in the field of socio-legal studies, gender and politics, gender equality public policies and social &hellip; </p>
<p class="link-more"><a href="https://wp.unil.ch/legalpro/equipe/" class="more-link">Continue reading<span class="screen-reader-text"> &#8220;Research Team&#8221;</span></a></p>
