{"id":7,"date":"2017-02-06T10:25:24","date_gmt":"2017-02-06T09:25:24","guid":{"rendered":"http:\/\/wp.unil.ch\/lasemaineducerveau\/?page_id=7"},"modified":"2026-02-24T15:11:01","modified_gmt":"2026-02-24T14:11:01","slug":"accueil","status":"publish","type":"page","link":"https:\/\/wp.unil.ch\/lasemaineducerveau\/","title":{"rendered":"A propos  &#8230;"},"content":{"rendered":"\n<div class=\"wp-block-columns alignwide are-vertically-aligned-top is-layout-flex wp-container-core-columns-is-layout-9d6595d7 wp-block-columns-is-layout-flex\">\n<div class=\"wp-block-column is-layout-flow wp-block-column-is-layout-flow\" style=\"flex-basis:50%\">\n<figure class=\"wp-block-image size-full\"><a href=\"https:\/\/wp.unil.ch\/lasemaineducerveau\/le-programme-actuel\/\" target=\"_blank\" rel=\" noreferrer noopener\"><img loading=\"lazy\" decoding=\"async\" width=\"846\" height=\"1200\" src=\"https:\/\/wp.unil.ch\/lasemaineducerveau\/files\/2026\/01\/baw26_lausanne_poster.png\" alt=\"baw26 lausanne poster\" class=\"wp-image-1389\" srcset=\"https:\/\/wp.unil.ch\/lasemaineducerveau\/files\/2026\/01\/baw26_lausanne_poster.png 846w, https:\/\/wp.unil.ch\/lasemaineducerveau\/files\/2026\/01\/baw26_lausanne_poster-106x150.png 106w, https:\/\/wp.unil.ch\/lasemaineducerveau\/files\/2026\/01\/baw26_lausanne_poster-722x1024.png 722w, https:\/\/wp.unil.ch\/lasemaineducerveau\/files\/2026\/01\/baw26_lausanne_poster-768x1089.png 768w\" sizes=\"auto, (max-width: 846px) 100vw, 846px\" \/><\/a><figcaption class=\"wp-element-caption\">Cliquez sur l&rsquo;image pour le programme d\u00e9taill\u00e9. <\/figcaption><\/figure>\n\n\n\n<p class=\"has-text-align-center\"><\/p>\n\n\n\n<div class=\"wp-block-group\"><div class=\"wp-block-group__inner-container is-layout-constrained wp-block-group-is-layout-constrained\">\n<p class=\"has-text-align-center\"><strong><a href=\"https:\/\/www.facebook.com\/profile.php?id=100067804746992\" target=\"_blank\" rel=\"noreferrer noopener\">Facebook: Semaine du cerveau Lausanne<\/a><\/strong><br><a href=\"https:\/\/www.instagram.com\/semainecerveaulausanne\/\" target=\"_blank\" rel=\"noreferrer noopener\"><strong>Instagram: SemaineCerveauLausanne<\/strong><\/a><\/p>\n<\/div><\/div>\n<\/div>\n\n\n\n<div class=\"wp-block-column is-layout-flow wp-block-column-is-layout-flow\" style=\"flex-basis:50%\">\n<p class=\"has-text-align-center has-vivid-red-color has-text-color has-medium-font-size\"><strong>Semaine du Cerveau \u2013 Lausanne \u2013 9 au 13 mars 2026<\/strong><br><em>Rencontrez nos experts en petits et grands cerveaux.<\/em><\/p>\n\n\n\n<div class=\"wp-block-group\"><div class=\"wp-block-group__inner-container is-layout-constrained wp-block-group-is-layout-constrained\">\n<p style=\"font-size:16px\">La semaine du cerveau 2026 vous permettra de d\u00e9couvrir les effets des piq\u00fbres de petits insectes sur le syst\u00e8me nerveux (lundi 9), la magie du d\u00e9veloppement c\u00e9r\u00e9bral pendant l&rsquo;enfance et au-del\u00e0, (mardi 10), la coop\u00e9ration cach\u00e9e entre l&rsquo;alimentation, l&rsquo;intestin et le cerveau (mercredi 11), pourquoi la douleur peut devenir une v\u00e9ritable maladie (jeudi 12) et pourquoi le sport est bon, mais peut parfois \u00eatre nocif pour le cerveau (vendredi 13). Et parce qu&rsquo;il y a tant \u00e0 dire sur le cerveau, rejoignez-nous \u00e9galement pour une conf\u00e9rence suppl\u00e9mentaire le mercredi 18 sur la fa\u00e7on dont les \u00e9motions se gravent dans le cerveau. Au plaisir de vous accueillir au CHUV Lausanne !<\/p>\n\n\n\n<p><em>L&rsquo;entr\u00e9e aux L&rsquo;entr\u00e9e aux \u00e9v\u00e9nements organis\u00e9s en soir\u00e9e au CHUV est gratuite, aucune inscription n&rsquo;est n\u00e9cessaire. Seuls les ateliers du mercredi apr\u00e8s-midi n\u00e9cessitent une inscription. Veuillez utiliser le formulaire disponible <a href=\"https:\/\/forms.gle\/dnF6CHKBm3sxDWTKA\" target=\"_blank\" rel=\"noreferrer noopener\">ICI<\/a>.<\/em><\/p>\n<\/div><\/div>\n<\/div>\n<\/div>\n\n\n\n<div class=\"wp-block-buttons is-content-justification-center is-layout-flex wp-container-core-buttons-is-layout-16018d1d wp-block-buttons-is-layout-flex\">\n<div class=\"wp-block-button\"><a class=\"wp-block-button__link has-vivid-red-background-color has-background has-text-align-center wp-element-button\" href=\"https:\/\/forms.gle\/rSacwp19nQpZFGmbA\"><strong>Inscrivez-vous au Newsletter !<\/strong><\/a><\/div>\n<\/div>\n\n\n<p style=\"text-align: center\"><strong><em>La Semaine du cerveau (SdC) est un \u00e9v\u00e9nement pour tout public qui se d\u00e9roule chaque ann\u00e9e dans plusieurs villes de la Suisse (et partout dans le monde). A Lausanne, nous organisons pour vous des forums publics, des conf\u00e9rences publiques, des ateliers, ainsi que des portes ouvertes.<\/em><\/strong><\/p>\n\n\n<figure class=\"wp-block-gallery has-nested-images columns-default is-cropped wp-block-gallery-1 is-layout-flex wp-block-gallery-is-layout-flex\">\n<figure class=\"wp-block-image size-large\"><img alt=\"\" loading=\"lazy\" decoding=\"async\" width=\"768\" height=\"1024\" data-id=\"866\" src=\"https:\/\/wp.unil.ch\/lasemaineducerveau\/files\/2023\/07\/04ae34ae-0a2f-4157-bf1c-561f865cf89d-768x1024.jpg\" alt=\"\" class=\"wp-image-866\" srcset=\"https:\/\/wp.unil.ch\/lasemaineducerveau\/files\/2023\/07\/04ae34ae-0a2f-4157-bf1c-561f865cf89d-768x1024.jpg 768w, https:\/\/wp.unil.ch\/lasemaineducerveau\/files\/2023\/07\/04ae34ae-0a2f-4157-bf1c-561f865cf89d-113x150.jpg 113w, https:\/\/wp.unil.ch\/lasemaineducerveau\/files\/2023\/07\/04ae34ae-0a2f-4157-bf1c-561f865cf89d.jpg 900w\" sizes=\"auto, (max-width: 768px) 100vw, 768px\" \/><\/figure>\n\n\n\n<figure class=\"wp-block-image size-full\"><img alt=\"\" loading=\"lazy\" decoding=\"async\" width=\"768\" height=\"1024\" data-id=\"868\" src=\"https:\/\/wp.unil.ch\/lasemaineducerveau\/files\/2023\/07\/20ab6c5b-079e-4d5e-9793-ed94ac1e557a.jpg\" alt=\"\" class=\"wp-image-868\" srcset=\"https:\/\/wp.unil.ch\/lasemaineducerveau\/files\/2023\/07\/20ab6c5b-079e-4d5e-9793-ed94ac1e557a.jpg 768w, https:\/\/wp.unil.ch\/lasemaineducerveau\/files\/2023\/07\/20ab6c5b-079e-4d5e-9793-ed94ac1e557a-113x150.jpg 113w\" sizes=\"auto, (max-width: 768px) 100vw, 768px\" \/><\/figure>\n\n\n\n<figure class=\"wp-block-image size-large\"><img alt=\"\" loading=\"lazy\" decoding=\"async\" width=\"769\" height=\"1024\" data-id=\"869\" src=\"https:\/\/wp.unil.ch\/lasemaineducerveau\/files\/2023\/07\/dnf1-769x1024.jpg\" alt=\"\" class=\"wp-image-869\" srcset=\"https:\/\/wp.unil.ch\/lasemaineducerveau\/files\/2023\/07\/dnf1-769x1024.jpg 769w, https:\/\/wp.unil.ch\/lasemaineducerveau\/files\/2023\/07\/dnf1-113x150.jpg 113w, https:\/\/wp.unil.ch\/lasemaineducerveau\/files\/2023\/07\/dnf1-768x1023.jpg 768w, https:\/\/wp.unil.ch\/lasemaineducerveau\/files\/2023\/07\/dnf1.jpg 901w\" sizes=\"auto, (max-width: 769px) 100vw, 769px\" \/><\/figure>\n\n\n\n<figure class=\"wp-block-image size-large\"><img alt=\"\" loading=\"lazy\" decoding=\"async\" width=\"1024\" height=\"1024\" data-id=\"870\" src=\"https:\/\/wp.unil.ch\/lasemaineducerveau\/files\/2023\/07\/fens12-1024x1024.jpg\" alt=\"\" class=\"wp-image-870\" srcset=\"https:\/\/wp.unil.ch\/lasemaineducerveau\/files\/2023\/07\/fens12-1024x1024.jpg 1024w, https:\/\/wp.unil.ch\/lasemaineducerveau\/files\/2023\/07\/fens12-150x150.jpg 150w, https:\/\/wp.unil.ch\/lasemaineducerveau\/files\/2023\/07\/fens12-100x100.jpg 100w, https:\/\/wp.unil.ch\/lasemaineducerveau\/files\/2023\/07\/fens12-768x768.jpg 768w, https:\/\/wp.unil.ch\/lasemaineducerveau\/files\/2023\/07\/fens12.jpg 1200w\" sizes=\"auto, (max-width: 1024px) 100vw, 1024px\" \/><\/figure>\n\n\n\n<figure class=\"wp-block-image size-large\"><img alt=\"\" loading=\"lazy\" decoding=\"async\" width=\"1024\" height=\"768\" data-id=\"872\" src=\"https:\/\/wp.unil.ch\/lasemaineducerveau\/files\/2023\/07\/fens3-1024x768.jpg\" alt=\"\" class=\"wp-image-872\" srcset=\"https:\/\/wp.unil.ch\/lasemaineducerveau\/files\/2023\/07\/fens3-1024x768.jpg 1024w, https:\/\/wp.unil.ch\/lasemaineducerveau\/files\/2023\/07\/fens3-150x113.jpg 150w, https:\/\/wp.unil.ch\/lasemaineducerveau\/files\/2023\/07\/fens3-768x576.jpg 768w, https:\/\/wp.unil.ch\/lasemaineducerveau\/files\/2023\/07\/fens3-1536x1152.jpg 1536w, https:\/\/wp.unil.ch\/lasemaineducerveau\/files\/2023\/07\/fens3.jpg 1600w\" sizes=\"auto, (max-width: 1024px) 100vw, 1024px\" \/><\/figure>\n\n\n\n<figure class=\"wp-block-image size-full\"><img alt=\"\" loading=\"lazy\" decoding=\"async\" width=\"640\" height=\"480\" data-id=\"873\" src=\"https:\/\/wp.unil.ch\/lasemaineducerveau\/files\/2023\/07\/IMG_9204.jpg\" alt=\"\" class=\"wp-image-873\" srcset=\"https:\/\/wp.unil.ch\/lasemaineducerveau\/files\/2023\/07\/IMG_9204.jpg 640w, https:\/\/wp.unil.ch\/lasemaineducerveau\/files\/2023\/07\/IMG_9204-150x113.jpg 150w\" sizes=\"auto, (max-width: 640px) 100vw, 640px\" \/><\/figure>\n\n\n\n<figure class=\"wp-block-image size-large\"><img alt=\"\" loading=\"lazy\" decoding=\"async\" width=\"1024\" height=\"771\" data-id=\"878\" src=\"https:\/\/wp.unil.ch\/lasemaineducerveau\/files\/2023\/07\/fens1-1024x771.jpg\" alt=\"\" class=\"wp-image-878\" srcset=\"https:\/\/wp.unil.ch\/lasemaineducerveau\/files\/2023\/07\/fens1-1024x771.jpg 1024w, https:\/\/wp.unil.ch\/lasemaineducerveau\/files\/2023\/07\/fens1-150x113.jpg 150w, https:\/\/wp.unil.ch\/lasemaineducerveau\/files\/2023\/07\/fens1-768x578.jpg 768w, https:\/\/wp.unil.ch\/lasemaineducerveau\/files\/2023\/07\/fens1-1536x1157.jpg 1536w, https:\/\/wp.unil.ch\/lasemaineducerveau\/files\/2023\/07\/fens1.jpg 2040w\" sizes=\"auto, (max-width: 1024px) 100vw, 1024px\" \/><\/figure>\n\n\n\n<figure class=\"wp-block-image size-large\"><img alt=\"\" loading=\"lazy\" decoding=\"async\" width=\"1024\" height=\"768\" data-id=\"879\" src=\"https:\/\/wp.unil.ch\/lasemaineducerveau\/files\/2023\/07\/fens2-1024x768.jpg\" alt=\"\" class=\"wp-image-879\" srcset=\"https:\/\/wp.unil.ch\/lasemaineducerveau\/files\/2023\/07\/fens2-1024x768.jpg 1024w, https:\/\/wp.unil.ch\/lasemaineducerveau\/files\/2023\/07\/fens2-150x113.jpg 150w, https:\/\/wp.unil.ch\/lasemaineducerveau\/files\/2023\/07\/fens2-768x576.jpg 768w, https:\/\/wp.unil.ch\/lasemaineducerveau\/files\/2023\/07\/fens2-1536x1152.jpg 1536w, https:\/\/wp.unil.ch\/lasemaineducerveau\/files\/2023\/07\/fens2.jpg 1600w\" sizes=\"auto, (max-width: 1024px) 100vw, 1024px\" \/><\/figure>\n\n\n\n<figure class=\"wp-block-image size-large\"><img alt=\"\" loading=\"lazy\" decoding=\"async\" width=\"640\" height=\"480\" data-id=\"876\" src=\"https:\/\/wp.unil.ch\/lasemaineducerveau\/files\/2023\/07\/fens4.jpg\" alt=\"\" class=\"wp-image-876\" srcset=\"https:\/\/wp.unil.ch\/lasemaineducerveau\/files\/2023\/07\/fens4.jpg 640w, https:\/\/wp.unil.ch\/lasemaineducerveau\/files\/2023\/07\/fens4-150x113.jpg 150w\" sizes=\"auto, (max-width: 640px) 100vw, 640px\" \/><\/figure>\n\n\n\n<figure class=\"wp-block-image size-large\"><img alt=\"\" loading=\"lazy\" decoding=\"async\" width=\"640\" height=\"480\" data-id=\"875\" src=\"https:\/\/wp.unil.ch\/lasemaineducerveau\/files\/2023\/07\/fens6.jpg\" alt=\"\" class=\"wp-image-875\" srcset=\"https:\/\/wp.unil.ch\/lasemaineducerveau\/files\/2023\/07\/fens6.jpg 640w, https:\/\/wp.unil.ch\/lasemaineducerveau\/files\/2023\/07\/fens6-150x113.jpg 150w\" sizes=\"auto, (max-width: 640px) 100vw, 640px\" \/><\/figure>\n\n\n\n<figure class=\"wp-block-image size-large\"><img alt=\"\" loading=\"lazy\" decoding=\"async\" width=\"640\" height=\"480\" data-id=\"874\" src=\"https:\/\/wp.unil.ch\/lasemaineducerveau\/files\/2023\/07\/fens7.jpg\" alt=\"\" class=\"wp-image-874\" srcset=\"https:\/\/wp.unil.ch\/lasemaineducerveau\/files\/2023\/07\/fens7.jpg 640w, https:\/\/wp.unil.ch\/lasemaineducerveau\/files\/2023\/07\/fens7-150x113.jpg 150w\" sizes=\"auto, (max-width: 640px) 100vw, 640px\" \/><\/figure>\n\n\n\n<figure class=\"wp-block-image size-large\"><img alt=\"\" loading=\"lazy\" decoding=\"async\" width=\"640\" height=\"480\" data-id=\"877\" src=\"https:\/\/wp.unil.ch\/lasemaineducerveau\/files\/2023\/07\/fens8.jpg\" alt=\"\" class=\"wp-image-877\" srcset=\"https:\/\/wp.unil.ch\/lasemaineducerveau\/files\/2023\/07\/fens8.jpg 640w, https:\/\/wp.unil.ch\/lasemaineducerveau\/files\/2023\/07\/fens8-150x113.jpg 150w\" sizes=\"auto, (max-width: 640px) 100vw, 640px\" \/><\/figure>\n\n\n\n<figure class=\"wp-block-image size-large\"><img alt=\"\" loading=\"lazy\" decoding=\"async\" width=\"640\" height=\"480\" data-id=\"880\" src=\"https:\/\/wp.unil.ch\/lasemaineducerveau\/files\/2023\/07\/fens9.jpg\" alt=\"\" class=\"wp-image-880\" srcset=\"https:\/\/wp.unil.ch\/lasemaineducerveau\/files\/2023\/07\/fens9.jpg 640w, https:\/\/wp.unil.ch\/lasemaineducerveau\/files\/2023\/07\/fens9-150x113.jpg 150w\" sizes=\"auto, (max-width: 640px) 100vw, 640px\" \/><\/figure>\n\n\n\n<figure class=\"wp-block-image size-large\"><img alt=\"\" loading=\"lazy\" decoding=\"async\" width=\"640\" height=\"480\" data-id=\"881\" src=\"https:\/\/wp.unil.ch\/lasemaineducerveau\/files\/2023\/07\/fens10.jpg\" alt=\"\" class=\"wp-image-881\" srcset=\"https:\/\/wp.unil.ch\/lasemaineducerveau\/files\/2023\/07\/fens10.jpg 640w, https:\/\/wp.unil.ch\/lasemaineducerveau\/files\/2023\/07\/fens10-150x113.jpg 150w\" sizes=\"auto, (max-width: 640px) 100vw, 640px\" \/><\/figure>\n\n\n\n<figure class=\"wp-block-image size-large\"><img alt=\"\" loading=\"lazy\" decoding=\"async\" width=\"1024\" height=\"768\" data-id=\"882\" src=\"https:\/\/wp.unil.ch\/lasemaineducerveau\/files\/2023\/07\/fens11-1024x768.jpg\" alt=\"\" class=\"wp-image-882\" srcset=\"https:\/\/wp.unil.ch\/lasemaineducerveau\/files\/2023\/07\/fens11-1024x768.jpg 1024w, https:\/\/wp.unil.ch\/lasemaineducerveau\/files\/2023\/07\/fens11-150x113.jpg 150w, https:\/\/wp.unil.ch\/lasemaineducerveau\/files\/2023\/07\/fens11-768x576.jpg 768w, https:\/\/wp.unil.ch\/lasemaineducerveau\/files\/2023\/07\/fens11-1536x1153.jpg 1536w, https:\/\/wp.unil.ch\/lasemaineducerveau\/files\/2023\/07\/fens11.jpg 1599w\" sizes=\"auto, (max-width: 1024px) 100vw, 1024px\" \/><\/figure>\n<figcaption class=\"blocks-gallery-caption wp-element-caption\">Des impressions des forums publics, conf\u00e9rences et activit\u00e9s en familles en 2023 qui ont attir\u00e9s beaucoup de personnes. <br>Un grand MERCI aux chercheuses et chercheurs qui ont anim\u00e9s les diff\u00e9rentes activit\u00e9s. <\/figcaption><\/figure>\n\n\n\n<p><\/p>\n\n\n\n<p class=\"has-primary-color has-light-background-background-color has-text-color has-background\"><em>Pour toutes questions, n&rsquo;h\u00e9sitez pas \u00e0 nous contacter \u00e0 l&rsquo;adresse <a href=\"mailto:lnds@unil.ch\">lnds@unil.ch<\/a><\/em><\/p>\n","protected":false},"excerpt":{"rendered":"<p>Facebook: Semaine du cerveau LausanneInstagram: SemaineCerveauLausanne Semaine du Cerveau \u2013 Lausanne \u2013 9 au 13 mars 2026Rencontrez nos experts en petits et grands cerveaux. La semaine du cerveau 2026 vous &hellip; <\/p>\n","protected":false},"author":108,"featured_media":0,"parent":0,"menu_order":0,"comment_status":"closed","ping_status":"closed","template":"","meta":{"_seopress_robots_primary_cat":"","_seopress_titles_title":"","_seopress_titles_desc":"","_seopress_robots_index":"","footnotes":""},"class_list":["post-7","page","type-page","status-publish"],"_links":{"self":[{"href":"https:\/\/wp.unil.ch\/lasemaineducerveau\/wp-json\/wp\/v2\/pages\/7","targetHints":{"allow":["GET"]}}],"collection":[{"href":"https:\/\/wp.unil.ch\/lasemaineducerveau\/wp-json\/wp\/v2\/pages"}],"about":[{"href":"https:\/\/wp.unil.ch\/lasemaineducerveau\/wp-json\/wp\/v2\/types\/page"}],"author":[{"embeddable":true,"href":"https:\/\/wp.unil.ch\/lasemaineducerveau\/wp-json\/wp\/v2\/users\/108"}],"replies":[{"embeddable":true,"href":"https:\/\/wp.unil.ch\/lasemaineducerveau\/wp-json\/wp\/v2\/comments?post=7"}],"version-history":[{"count":5,"href":"https:\/\/wp.unil.ch\/lasemaineducerveau\/wp-json\/wp\/v2\/pages\/7\/revisions"}],"predecessor-version":[{"id":1431,"href":"https:\/\/wp.unil.ch\/lasemaineducerveau\/wp-json\/wp\/v2\/pages\/7\/revisions\/1431"}],"wp:attachment":[{"href":"https:\/\/wp.unil.ch\/lasemaineducerveau\/wp-json\/wp\/v2\/media?parent=7"}],"curies":[{"name":"wp","href":"https:\/\/api.w.org\/{rel}","templated":true}]}}