{"id":492,"date":"2019-05-17T18:10:38","date_gmt":"2019-05-17T16:10:38","guid":{"rendered":"http:\/\/wp.unil.ch\/lakes\/?page_id=492"},"modified":"2024-03-28T16:04:18","modified_gmt":"2024-03-28T15:04:18","slug":"nicolas-escoffier","status":"publish","type":"page","link":"https:\/\/wp.unil.ch\/lakes\/home\/nicolas-escoffier\/","title":{"rendered":"Dr Nicolas Escoffier"},"content":{"rendered":"<div class=\"wp-block-image\">\n<figure class=\"alignleft is-resized\"><img alt=\"\" loading=\"lazy\" decoding=\"async\" src=\"https:\/\/wp.unil.ch\/lakes\/files\/2023\/01\/IMG-20190510-edited-1.jpg\" alt=\"\" class=\"wp-image-921\" width=\"384\" height=\"384\" srcset=\"https:\/\/wp.unil.ch\/lakes\/files\/2023\/01\/IMG-20190510-edited-1.jpg 583w, https:\/\/wp.unil.ch\/lakes\/files\/2023\/01\/IMG-20190510-edited-1-300x300.jpg 300w, https:\/\/wp.unil.ch\/lakes\/files\/2023\/01\/IMG-20190510-edited-1-150x150.jpg 150w, https:\/\/wp.unil.ch\/lakes\/files\/2023\/01\/IMG-20190510-edited-1-230x230.jpg 230w, https:\/\/wp.unil.ch\/lakes\/files\/2023\/01\/IMG-20190510-edited-1-365x365.jpg 365w\" sizes=\"auto, (max-width: 384px) 100vw, 384px\" \/><\/figure>\n<\/div>\n\n\n<p>Contact: Nicolas.escoffier&lt;a&gt;unil.ch<\/p>\n\n\n\n<p><strong>Research interests<\/strong><\/p>\n\n\n\n<p>My research interests are dealing with carbon cycling in aquatic systems, focusing on the comprehension of the biogeochemical processes that constrain its spatial and temporal variability. Freshwater systems are tightly bound to their surrounding terrestrial landscapes and resolving the nature of these interactions is key to deepen knowledge on ecosystem properties and processes, and on their trajectories in the face of global change. In this context, I am particularly interested in understanding the dynamics of microbial communities in response to environmental fluctuating conditions and how it impacts ecosystem metabolic regimes and carbon fluxes at larger scale. I have been addressing these questions in lakes and streams characterized by a large gradient of human disturbances. Currently, I aim at delineating the processes acting on CO<sub>2<\/sub>at the lateral boundaries of the large Lake Geneva, with a specific attention on the interplay between inorganic carbon geochemistry and communities metabolism, and scaling their relative contributions to the whole carbon budget. To this end, I rely on a combined approach involving high frequency monitoring with environmental sensors, spatial field surveys and analytical biogeochemistry tools.<\/p>\n\n\n\n<p><strong>Biography<\/strong><\/p>\n\n\n\n<p><strong>2019 \u2013 Present: <\/strong>SNF Post-doctoral fellow in the Lakes Group of the Institute of Earth Surface Dynamics, University of Lausanne, Switzerland. <em>Carbogen project<\/em>, calcite dynamics scaling with carbon cycling in Lake Geneva.<\/p>\n\n\n\n<p><strong>2015 \u2013 2019: <\/strong>Technical Specialist at Ecole Polytechnique F\u00e9d\u00e9rale de Lausanne, Stream Biofilm and Ecosystem Research Lab, Switzerland. Lab analytical carbon biogeochemistry and sensor network management for continuous monitoring of carbon dynamics in alpine streams.<\/p>\n\n\n\n<p><strong>2010 \u2013 2014: <\/strong>PhD in Environment and Earth Sciences at Institut de Physique du Globe de Paris in collaboration with Nke Instrumentation, Hennebont, France. <em>Title<\/em>: Contribution of high-frequency biogeochemistry for the assessment of water quality and ecosystem metabolism of the Seine River.<\/p>\n\n\n\n<p><strong>2007 \u2013 2010: <\/strong>Research Engineer at INRA (UMR-CARRTEL), Institut Pasteur and Mus\u00e9um National d\u2019Histoire Naturelle&nbsp; (Cyanobacteria, Cyanotoxins and Environment Team), France. <em>Proliphyc project<\/em>: Development of an operational system for real-time monitoring of cyanobacterial blooms in lakes.<\/p>\n\n\n\n<p><strong>Publications<\/strong><\/p>\n\n\n\n<p><strong>Escoffier, N., Perolo, P., Many, G<\/strong>., Pasche, N.T., <strong>Perga, M.-E.<\/strong> (2023) Fine-scale dynamics of calcite precipitation in a large hardwater lake. Science of the Total Environment 864, 160699.<\/p>\n\n\n\n<p><strong>Many, G., Escoffier, N., Ferrari, M.,<\/strong> Jacquet, P., Odermatt, D., Mariethoz, G., <strong>Perolo, P., Perga, M.-E.<\/strong> (2022) Long-Term Spatiotemporal Variability of Whitings in Lake Geneva from Multispectral Remote Sensing and Machine Learning. Remote Sensing 14, 6175.<\/p>\n\n\n<p><strong>Escoffier, N., Perolo, P.<\/strong>, <strong>Lambert, T., R\u00fcegg, J.,<\/strong> Odermatt, D., Adatte, T., Vennemann, T., <strong>Perga, M.-E.<\/strong> (2022) Whiting Events in a Large Peri-Alpine Lake: Evidence of a Catchment-Scale Process. Journal of Geophysical Research: Biogeosciences 127, e2022JG006823.<\/p>\n<p>Lambert T, Perolo P, <strong>Escoffier N, <\/strong>Perga ME<strong>.<\/strong> Enhanced bioavailability of dissolved organic matter (DOM) in human-disturbed streams in Alpine fluvial networks. Biogeosciences. 2022;19(1):187-200.<\/p>\n<p>Perolo, P., B. Fern\u00e1ndez Castro, <strong>N. Escoffier,<\/strong> T. Lambert, D. Bouffard, and M. E. Perga<strong>. 2021<\/strong>. <a href=\"https:\/\/esd.copernicus.org\/articles\/12\/1169\/2021\/esd-12-1169-2021.html\">Accounting for surface waves improves gas flux estimation at high wind speed in a large lake<\/a>. Earth Syst. Dynam. <b>12<\/b>:1169-1189.<\/p>\n<p>Boix Canadell M., <strong>Escoffier N<\/strong>., Ulseth A. J., Lane S. N., Battin T. J. Alpine glacier shrinkage drives shift in dissolved organic carbon export from quasi-chemostasis to transport-limitation. <em>Submitted to Geophysical Research Letters<\/em>.<\/p>\n<p>Kneib M., Cauvy-Frauni\u00e9 S., <strong>Escoffier N<\/strong>., Boix Canadell M., Horgby A., Battin T. J. Glacier retreat in the Alps and tropical Andes changes diurnal variation intensity and frequency of hydrologic variables in mountain streams. <em>Submitted to Journal of Hydrology<\/em>.<\/p>\n<p><strong>Escoffier N<\/strong>., Bensoussan N., Vilmin L., Flipo N., Rocher V., David A., M\u00e9tivier F., Groleau A. 2016. Estimating ecosystem metabolism from continuous multi-sensor measurements in the Seine River. <em>Environmental Science and Pollution Research<\/em>, DOI 10.1007\/s11356-016-7096-0<em>.<\/em><\/p>\n<p>Vilmin L., Flipo N.,<strong>Escoffier N<\/strong>., Groleau A. 2016. Estimation of the water quality of a large urbanized river as defined by the European WFD: what is the optimal sampling frequency? <em>Environmental Science and Pollution Research,<\/em>DOI 10.1007\/s11356-016-7109-z.<\/p>\n<p>Vilmin L., Flipo N., <strong>Escoffier N<\/strong>., Rocher V., Groleau A. 2016. Carbon fate in a large temperate human-impacted river system: focus on benthic dynamics. <em>Global Biogeochem cycles, <\/em>DOI 10.1002\/2015GB005271.<\/p>\n<p>Laborie B., Rocher V., Vilmin L., Poulin M., Raimonet M., Benard L., Bernier J., Gu\u00e9rin S., Cussonneau A., Pouillaude J., <strong>Escoffier N<\/strong>., Groleau A., Mouchel J.M., Flipo N. 2016. Le mod\u00e8le de pr\u00e9diction de la qualit\u00e9 de la Seine, Prose&nbsp;: Am\u00e9liorations apport\u00e9es par les r\u00e9cents travaux de recherche (Piren-Phase VI). <em>Techniques Sciences et M\u00e9thodes<\/em>, 11, 43-66.<\/p>\n<p><strong>Escoffier N<\/strong>., Bernard C., Hamlaoui S., Groleau A., Catherine A. 2015. Quantifying phytoplankton communities using spectral fluorescence: the effects of species composition and physiological state. <em>Journal of Plankton Research<\/em>, 37(1): 233\u2013247.<\/p>\n<p>Catherine A., <strong>Escoffier N<\/strong>., Belhocine A., Nasri A.B., Hamlaoui S., Y\u00e9pr\u00e9mian C., Bernard C., Troussellier M. 2012. On the use of the Fluoroprobe, a phytoplankton quantification method based on fluorescence excitation spectra for large scale surveys of lakes and reservoirs. <em>Water Research<\/em>, 46, 1771-1784.<\/p>\n<p>Rocher V., Groleau A., <strong>Escoffier N<\/strong>., Garcia-Gonzalez E., Pouillaude J., Guerin S., Mailler R., Paffoni C. 2012. Suivi en continu de la qualit\u00e9 des eaux de surface&nbsp;: Premiers r\u00e9sultats du projet Carboseine. <em>Techniques Sciences et M\u00e9thodes<\/em>, 1\/2, 18-29.<\/p>\n<p>Catherine A., Mouillot D., <strong>Escoffier N<\/strong>., Bernard C., Troussellier M. 2010. Cost effective prediction of the eutrophication status of lake and reservoirs. <em>Freshwater Biology<\/em>, 55(11), 2425-2435.<\/p>\n<p>Le Vu B., Vin\u00e7on-Leite B., Lemaire B.J., Bensoussan N., Calzas M., Drezen C., Deroubaix J.F., <strong>Escoffier N<\/strong>., Degr\u00e9s Y., Freissinet C., Groleau A., Humbert J.F., Paolini G., Pr\u00e9vot F., Quiblier C., Rioust E., Tassin B. 2010. High-Frequency monitoring of phytoplankton dynamics within the European Water Framework Directive: Application to metalimnetic Cyanobacteria. <em>Biogeochemistry<\/em>106, 229-241.<\/p>\n<p>Briand E., <strong>Escoffier N<\/strong>., Straub C., Sabart M., Quiblier C., Humbert JF. 2009. Spatiotemporal changes in the genetic diversity of a bloom-forming <em>Microcystis aeruginosa<\/em>(cyanobacteria) population. <em>The ISME Journal<\/em>, 3(4), 419-29.<\/p>\n<p><strong>Escoffier N<\/strong>., Gaudin J., Mehzoud K., Huet H., Ch\u00e2teau-joubert S., Crespeau F., Turquet J., Edery M., 2007. Toxicity to Medaka fish embryo development of okadaic acid and crude extracts of <em>Prorocentrum<\/em>dinoflagellates. <em>Toxicon<\/em>, 49, 1182-1192.<\/p>\n<p><strong>&nbsp;<\/strong><\/p>","protected":false},"excerpt":{"rendered":"<p>Contact: Nicolas.escoffier&lt;a&gt;unil.ch Research interests My research interests are dealing with carbon cycling in aquatic systems, focusing on the comprehension of the biogeochemical processes that constrain its spatial and temporal variability. Freshwater systems are tightly bound to their surrounding terrestrial landscapes and resolving the nature of these interactions is key to deepen knowledge on ecosystem properties &hellip; <\/p>\n<p class=\"link-more\"><a href=\"https:\/\/wp.unil.ch\/lakes\/home\/nicolas-escoffier\/\" class=\"more-link\">Continue reading<span class=\"screen-reader-text\"> &#8220;Dr Nicolas Escoffier&#8221;<\/span><\/a><\/p>\n","protected":false},"author":1001709,"featured_media":0,"parent":6,"menu_order":0,"comment_status":"closed","ping_status":"closed","template":"","meta":{"_seopress_robots_primary_cat":"","_seopress_titles_title":"","_seopress_titles_desc":"","_seopress_robots_index":"","footnotes":""},"class_list":["post-492","page","type-page","status-publish"],"_links":{"self":[{"href":"https:\/\/wp.unil.ch\/lakes\/wp-json\/wp\/v2\/pages\/492","targetHints":{"allow":["GET"]}}],"collection":[{"href":"https:\/\/wp.unil.ch\/lakes\/wp-json\/wp\/v2\/pages"}],"about":[{"href":"https:\/\/wp.unil.ch\/lakes\/wp-json\/wp\/v2\/types\/page"}],"author":[{"embeddable":true,"href":"https:\/\/wp.unil.ch\/lakes\/wp-json\/wp\/v2\/users\/1001709"}],"replies":[{"embeddable":true,"href":"https:\/\/wp.unil.ch\/lakes\/wp-json\/wp\/v2\/comments?post=492"}],"version-history":[{"count":1,"href":"https:\/\/wp.unil.ch\/lakes\/wp-json\/wp\/v2\/pages\/492\/revisions"}],"predecessor-version":[{"id":1121,"href":"https:\/\/wp.unil.ch\/lakes\/wp-json\/wp\/v2\/pages\/492\/revisions\/1121"}],"up":[{"embeddable":true,"href":"https:\/\/wp.unil.ch\/lakes\/wp-json\/wp\/v2\/pages\/6"}],"wp:attachment":[{"href":"https:\/\/wp.unil.ch\/lakes\/wp-json\/wp\/v2\/media?parent=492"}],"curies":[{"name":"wp","href":"https:\/\/api.w.org\/{rel}","templated":true}]}}