{"id":1222,"date":"2025-05-06T10:13:14","date_gmt":"2025-05-06T08:13:14","guid":{"rendered":"https:\/\/wp.unil.ch\/lakes\/?page_id=1222"},"modified":"2025-05-18T17:55:54","modified_gmt":"2025-05-18T15:55:54","slug":"informations-sur-lexclusion-de-navigation-sur-le-leman","status":"publish","type":"page","link":"https:\/\/wp.unil.ch\/lakes\/informations-sur-lexclusion-de-navigation-sur-le-leman\/","title":{"rendered":"INFORMATIONS SUR LA ZONE DE DANGER TEMPORAIRE DE NAVIGATION"},"content":{"rendered":"\n<p>Le\u00a0<strong>19 et 20 Mai 2025<\/strong>\u00a0,\u00a0<strong>des campagnes de mesures scientifiques<\/strong>\u00a0<strong>utilisant un laser vert<\/strong>\u00a0seront r\u00e9alis\u00e9es dans la zone au large de la plateforme L\u00e9XPLORE, \u00e0 Pully.\u00a0<\/p>\n\n\n\n<p><strong><mark class=\"has-inline-color has-vivid-red-color\">L\u2019exposition directe au laser vert peut entrainer des l\u00e9sions oculaires graves et la r\u00e9flexion du laser peut \u00eatre dangereuse.&nbsp;<\/mark><\/strong> <mark class=\"has-inline-color has-vivid-red-color\"><strong>Toute navigation dans cette zone aux dates et heures de mesures devra \u00eatre \u00e9vit\u00e9e.<\/strong><\/mark><\/p>\n\n\n\n<p><strong>LOCALISATION DE LA ZONE<\/strong><\/p>\n\n\n\n<figure class=\"wp-block-image size-large\"><img decoding=\"async\" src=\"https:\/\/wp.unil.ch\/lakes\/files\/2025\/05\/capture-decran-2025-05-18-a-17.50.25-1024x482.png\" alt=\"capture d\u2019\u00e9cran 2025 05 18 \u00e0 17.50.25\" class=\"wp-image-1249\" \/><figcaption class=\"wp-element-caption\">capture d\u2019\u00e9cran 2025 05 18 \u00e0 17.50.25<\/figcaption><\/figure>\n\n\n\n<figure class=\"wp-block-table is-style-stripes\"><table class=\"has-fixed-layout\"><tbody><tr><td rowspan=\"5\"><\/td><td>Points<\/td><td>N<\/td><td>E<\/td><\/tr><tr><td>Limite NW<br>1<\/td><td>46\u00b029\u201959\u2019\u2019<\/td><td>6\u00b039\u201915\u2019\u2019<\/td><\/tr><tr><td>Limite NE<br>6<\/td><td>46\u00b029\u201959\u2019\u2019<\/td><td>6\u00b040\u20196\u2019\u2019<\/td><\/tr><tr><td>Limite SW<br>7<\/td><td>46\u00b029\u201943\u2019\u2019<\/td><td>6\u00b039\u201914\u2019\u2019<\/td><\/tr><tr><td>Limite SE<br>12<\/td><td>46\u00b029\u201943\u2019\u2019<\/td><td>6\u00b040\u20196\u2019\u2019<\/td><\/tr><\/tbody><\/table><\/figure>\n\n\n\n<p>Fichier de trac\u00e9 de la zone d&#8217;exclusion <a href=\"https:\/\/'\/Users\/mperga\/Dropbox\/Fichiers de trac\u00e9s\/Green-Z-2.gpx'\" data-type=\"link\" data-id=\"https:\/\/www.dropbox.com\/scl\/fi\/lf92lpvsa2oclj0xbv1qo\/Green-Z.gpx?rlkey=c7da511vrtkzy6bb3wwxhu03y&amp;st=r6vqk2d2&amp;dl=0\">GPX<\/a> <a href=\"https:\/\/'\/Users\/mperga\/Dropbox\/Fichiers de trac\u00e9s\/Green-Z-2.kml'\" data-type=\"link\" data-id=\"https:\/\/www.dropbox.com\/scl\/fi\/dpvv9ffoq9qrtibuo27lw\/Green-Z.kml?rlkey=wbenhdslsk10jyyce53daiclb&amp;st=cdu6qej4&amp;dl=0\">KML<\/a><\/p>\n\n\n\n<p><strong>DATE :<\/strong><\/p>\n\n\n\n<p>19 et 20 Mai 2025<\/p>\n\n\n\n<p><strong>HEURES:<\/strong><\/p>\n\n\n\n<figure class=\"wp-block-table is-style-stripes\"><table class=\"has-fixed-layout\"><tbody><tr><td>Date&nbsp;<\/td><td>d\u00e9but&nbsp;<\/td><td>fin&nbsp;<\/td><td>Date&nbsp;<\/td><td>d\u00e9but&nbsp;<\/td><td>fin&nbsp;<\/td><\/tr><tr><td>19 Mai 2025&nbsp;<\/td><td>13\u202f:00&nbsp;<\/td><td>15\u202f:30\u00a0<\/td><td>20 Mai 2025&nbsp;<\/td><td>13\u202f:00&nbsp;<\/td><td>15\u202f:30\u00a0<\/td><\/tr><tr><td>19 Mai 2025&nbsp;<\/td><td>22\u202f:00\u00a0<\/td><td>00:30\u00a0<\/td><td>20 Mai 2025&nbsp;<\/td><td>22\u202f:00\u00a0<\/td><td>00:30\u00a0<\/td><\/tr><\/tbody><\/table><\/figure>\n\n\n\n<p>TECHNOLOGIE et DANGERS:<\/p>\n\n\n\n<p>Les mesures scientifiques reposent sur l&#8217;utilisation d&#8217;un syst\u00e8me laser autoport\u00e9 ou LIDAR vert. Il s&#8217;agit d&#8217;une technologie largement utilis\u00e9e pour la <a href=\"https:\/\/www.vd.ch\/territoire-et-construction\/cadastre-et-geoinformation\/geodonnees\/altimetrie-lidar\/technologie-lidar\">g\u00e9oinformation (Altim\u00e9trie, bathym\u00e9trie) avec des applications larges pour les mensurations officielles, dangers naturels, environnement et \u00e9nergie<\/a>. <\/p>\n\n\n\n<p>Les mesures seront r\u00e9alis\u00e9es par session de 20 min \u00e0 partir d&#8217;un drone. Toute navigationdevra \u00eatre exclue (y compris celle des navires scientifiques) lors des sessions de mesures. L&#8217;exposition \u00e0 un laser vert, m\u00eame un laser de faible puissance, peut \u00eatre dangereuse pour les yeux, surtout si le faisceau est dirig\u00e9 directement vers l&#8217;\u0153il ou si le laser est r\u00e9fl\u00e9chi.&nbsp;Une exposition m\u00eame br\u00e8ve peut entra\u00eener des l\u00e9sions r\u00e9tiniennes, des d\u00e9ficiences visuelles temporaires ou permanentes, et dans les cas graves, des dommages permanents.<\/p>\n\n\n\n<p><strong>OBJECTIF DES MESURES:<\/strong><\/p>\n\n\n\n<p>Le zooplancton, ensembles de organismes animaux du plancton, est un maillon importnt de la cha\u00eene alimentaire du L\u00e9man, \u00e0 la fois premier consommateurs des algues et alimentation indispensable des poissons, \u00e0 leur stade juv\u00e9nile ou adulte. La rar\u00e9faction du zooplancton est une des causes invoqu\u00e9es \u00e0 la r\u00e9dcution des p\u00eacheries du L\u00e9man. Toutefois, la quantification du zooplankton dans les eaux lacustres ou marines est un serpent de mer. Alors que les mesures s&#8217;effectuent typiquement de jour et \u00e0 la surface, le zooplancton ne remonte \u00e0 la surface que la nuit et se d\u00e9place en banc, deux sp\u00e9cificit\u00e9s qui compromettent la pertinence des mesures classiques. Lors de ces campganes, nous allons explorer, pour une premi\u00e8re mondiale, si la t\u00e9l\u00e9m\u00e9trie laser peut cartographier l&#8217;h\u00e9t\u00e9rog\u00e9n\u00e9it\u00e9 spatiale du zooplancton sur un grand lac.<\/p>\n\n\n\n<p><a href=\"https:\/\/wp.unil.ch\/lakes\/gen_z-quantifying-the-zooplankton-link-in-lakes-lake-geneva-as-a-sandbox\/\" data-type=\"page\" data-id=\"1069\">le projet Green-Z<\/a><\/p>\n\n\n\n<p><\/p>\n","protected":false},"excerpt":{"rendered":"<p>Le\u00a019 et 20 Mai 2025\u00a0,\u00a0des campagnes de mesures scientifiques\u00a0utilisant un laser vert\u00a0seront r\u00e9alis\u00e9es dans la zone au large de la plateforme L\u00e9XPLORE, \u00e0 Pully.\u00a0 L\u2019exposition directe au laser vert peut entrainer des l\u00e9sions oculaires graves et la r\u00e9flexion du laser peut \u00eatre dangereuse.&nbsp; Toute navigation dans cette zone aux dates et heures de mesures devra &hellip; <\/p>\n<p class=\"link-more\"><a href=\"https:\/\/wp.unil.ch\/lakes\/informations-sur-lexclusion-de-navigation-sur-le-leman\/\" class=\"more-link\">Continue reading<span class=\"screen-reader-text\"> &#8220;INFORMATIONS SUR LA ZONE DE DANGER TEMPORAIRE DE NAVIGATION&#8221;<\/span><\/a><\/p>\n","protected":false},"author":1001709,"featured_media":0,"parent":0,"menu_order":0,"comment_status":"closed","ping_status":"closed","template":"","meta":{"_seopress_robots_primary_cat":"","_seopress_titles_title":"","_seopress_titles_desc":"","_seopress_robots_index":"","footnotes":""},"class_list":["post-1222","page","type-page","status-publish"],"_links":{"self":[{"href":"https:\/\/wp.unil.ch\/lakes\/wp-json\/wp\/v2\/pages\/1222","targetHints":{"allow":["GET"]}}],"collection":[{"href":"https:\/\/wp.unil.ch\/lakes\/wp-json\/wp\/v2\/pages"}],"about":[{"href":"https:\/\/wp.unil.ch\/lakes\/wp-json\/wp\/v2\/types\/page"}],"author":[{"embeddable":true,"href":"https:\/\/wp.unil.ch\/lakes\/wp-json\/wp\/v2\/users\/1001709"}],"replies":[{"embeddable":true,"href":"https:\/\/wp.unil.ch\/lakes\/wp-json\/wp\/v2\/comments?post=1222"}],"version-history":[{"count":4,"href":"https:\/\/wp.unil.ch\/lakes\/wp-json\/wp\/v2\/pages\/1222\/revisions"}],"predecessor-version":[{"id":1250,"href":"https:\/\/wp.unil.ch\/lakes\/wp-json\/wp\/v2\/pages\/1222\/revisions\/1250"}],"wp:attachment":[{"href":"https:\/\/wp.unil.ch\/lakes\/wp-json\/wp\/v2\/media?parent=1222"}],"curies":[{"name":"wp","href":"https:\/\/api.w.org\/{rel}","templated":true}]}}

<p>Le <strong>19 et 20 Mai 2025</strong> , <strong>des campagnes de mesures scientifiques</strong> <strong>utilisant un laser vert</strong> seront réalisées dans la zone au large de la plateforme LéXPLORE, à Pully. </p>



<p><strong><mark class="has-inline-color has-vivid-red-color">L’exposition directe au laser vert peut entrainer des lésions oculaires graves et la réflexion du laser peut être dangereuse.&nbsp;</mark></strong> <mark class="has-inline-color has-vivid-red-color"><strong>Toute navigation dans cette zone aux dates et heures de mesures devra être évitée.</strong></mark></p>



<p><strong>LOCALISATION DE LA ZONE</strong></p>



<figure class="wp-block-image size-large"><img decoding="async" src="https://wp.unil.ch/lakes/files/2025/05/capture-decran-2025-05-18-a-17.50.25-1024x482.png" alt="capture d’écran 2025 05 18 à 17.50.25" class="wp-image-1249" /><figcaption class="wp-element-caption">capture d’écran 2025 05 18 à 17.50.25</figcaption></figure>



<figure class="wp-block-table is-style-stripes"><table class="has-fixed-layout"><tbody><tr><td rowspan="5"></td><td>Points</td><td>N</td><td>E</td></tr><tr><td>Limite NW<br>1</td><td>46°29’59’’</td><td>6°39’15’’</td></tr><tr><td>Limite NE<br>6</td><td>46°29’59’’</td><td>6°40’6’’</td></tr><tr><td>Limite SW<br>7</td><td>46°29’43’’</td><td>6°39’14’’</td></tr><tr><td>Limite SE<br>12</td><td>46°29’43’’</td><td>6°40’6’’</td></tr></tbody></table></figure>



<p>Fichier de tracé de la zone d&#8217;exclusion <a href="https://'/Users/mperga/Dropbox/Fichiers de tracés/Green-Z-2.gpx'" data-type="link" data-id="https://www.dropbox.com/scl/fi/lf92lpvsa2oclj0xbv1qo/Green-Z.gpx?rlkey=c7da511vrtkzy6bb3wwxhu03y&amp;st=r6vqk2d2&amp;dl=0">GPX</a> <a href="https://'/Users/mperga/Dropbox/Fichiers de tracés/Green-Z-2.kml'" data-type="link" data-id="https://www.dropbox.com/scl/fi/dpvv9ffoq9qrtibuo27lw/Green-Z.kml?rlkey=wbenhdslsk10jyyce53daiclb&amp;st=cdu6qej4&amp;dl=0">KML</a></p>



<p><strong>DATE :</strong></p>



<p>19 et 20 Mai 2025</p>



<p><strong>HEURES:</strong></p>



<figure class="wp-block-table is-style-stripes"><table class="has-fixed-layout"><tbody><tr><td>Date&nbsp;</td><td>début&nbsp;</td><td>fin&nbsp;</td><td>Date&nbsp;</td><td>début&nbsp;</td><td>fin&nbsp;</td></tr><tr><td>19 Mai 2025&nbsp;</td><td>13 :00&nbsp;</td><td>15 :30 </td><td>20 Mai 2025&nbsp;</td><td>13 :00&nbsp;</td><td>15 :30 </td></tr><tr><td>19 Mai 2025&nbsp;</td><td>22 :00 </td><td>00:30 </td><td>20 Mai 2025&nbsp;</td><td>22 :00 </td><td>00:30 </td></tr></tbody></table></figure>



<p>TECHNOLOGIE et DANGERS:</p>



<p>Les mesures scientifiques reposent sur l&#8217;utilisation d&#8217;un système laser autoporté ou LIDAR vert. Il s&#8217;agit d&#8217;une technologie largement utilisée pour la <a href="https://www.vd.ch/territoire-et-construction/cadastre-et-geoinformation/geodonnees/altimetrie-lidar/technologie-lidar">géoinformation (Altimétrie, bathymétrie) avec des applications larges pour les mensurations officielles, dangers naturels, environnement et énergie</a>. </p>



<p>Les mesures seront réalisées par session de 20 min à partir d&#8217;un drone. Toute navigationdevra être exclue (y compris celle des navires scientifiques) lors des sessions de mesures. L&#8217;exposition à un laser vert, même un laser de faible puissance, peut être dangereuse pour les yeux, surtout si le faisceau est dirigé directement vers l&#8217;œil ou si le laser est réfléchi.&nbsp;Une exposition même brève peut entraîner des lésions rétiniennes, des déficiences visuelles temporaires ou permanentes, et dans les cas graves, des dommages permanents.</p>



<p><strong>OBJECTIF DES MESURES:</strong></p>



<p>Le zooplancton, ensembles de organismes animaux du plancton, est un maillon importnt de la chaîne alimentaire du Léman, à la fois premier consommateurs des algues et alimentation indispensable des poissons, à leur stade juvénile ou adulte. La raréfaction du zooplancton est une des causes invoquées à la rédcution des pêcheries du Léman. Toutefois, la quantification du zooplankton dans les eaux lacustres ou marines est un serpent de mer. Alors que les mesures s&#8217;effectuent typiquement de jour et à la surface, le zooplancton ne remonte à la surface que la nuit et se déplace en banc, deux spécificités qui compromettent la pertinence des mesures classiques. Lors de ces campganes, nous allons explorer, pour une première mondiale, si la télémétrie laser peut cartographier l&#8217;hétérogénéité spatiale du zooplancton sur un grand lac.</p>



<p><a href="https://wp.unil.ch/lakes/gen_z-quantifying-the-zooplankton-link-in-lakes-lake-geneva-as-a-sandbox/" data-type="page" data-id="1069">le projet Green-Z</a></p>



<p></p>

<p>Le 19 et 20 Mai 2025 , des campagnes de mesures scientifiques utilisant un laser vert seront réalisées dans la zone au large de la plateforme LéXPLORE, à Pully.  L’exposition directe au laser vert peut entrainer des lésions oculaires graves et la réflexion du laser peut être dangereuse.&nbsp; Toute navigation dans cette zone aux dates et heures de mesures devra &hellip; </p>
<p class="link-more"><a href="https://wp.unil.ch/lakes/informations-sur-lexclusion-de-navigation-sur-le-leman/" class="more-link">Continue reading<span class="screen-reader-text"> &#8220;INFORMATIONS SUR LA ZONE DE DANGER TEMPORAIRE DE NAVIGATION&#8221;</span></a></p>
